000
CXUS51 KCTP 010800
CF6JST
PRELIMINARY LOCAL CLIMATOLOGICAL DATA (WS FORM: F-6)
STATION: JOHNSTOWN
MONTH: JUNE
YEAR: 2021
LATITUDE: 40 18 N
LONGITUDE: 78 50 W
TEMPERATURE IN F: :PCPN: SNOW: WIND :SUNSHINE: SKY :PK WND
================================================================================
1 2 3 4 5 6A 6B 7 8 9 10 11 12 13 14 15 16 17 18
12Z AVG MX 2MIN
DY MAX MIN AVG DEP HDD CDD WTR SNW DPTH SPD SPD DIR MIN PSBL S-S WX SPD DR
================================================================================
1 70 50 60 -3 5 0 0.00 M M 3.1 10 320 M M 0 12 280
2 72 56 64 1 1 0 0.13 M M 5.6 16 260 M M 7 1 20 160
3 67 61 64 1 1 0 0.26 M M 8.0 15 190 M M 9 1 19 210
4 75 61 68 5 0 3 T M M 9.1 16 300 M M 5 1 22 250
5 81 62 72 8 0 7 0.00 M M 8.3 18 280 M M 1 26 280
6 83 64 74 10 0 9 0.00 M M 6.0 14 240 M M 2 18 240
7 82 67 75 11 0 10 0.29 M M 3.4 14 230 M M 5 138 18 220
8 81 68 75 11 0 10 0.05 M M 5.8 16 320 M M 6 13 20 310
9 77 66 72 7 0 7 0.14 M M 6.5 13 320 M M 6 138 15 320
10 77 62 70 5 0 5 0.17 M M 5.4 14 100 M M 8 12 22 100
11 66 58 62 -3 3 0 0.03 M M 6.0 12 120 M M 10 18 16 130
12 79 58 69 4 0 4 0.00 M M 4.0 14 350 M M 6 12 17 350
13 80 63 72 6 0 7 0.32 M M 5.8 15 220 M M 4 13 19 260
14 78 57 68 2 0 3 0.03 M M 7.2 18 360 M M 3 138 26 260
15 69 53 61 -5 4 0 T M M 9.4 17 270 M M 7 1 24 260
16 68 48 58 -8 7 0 0.00 M M 10.2 21 310 M M 0 26 290
17 71 44 58 -8 7 0 0.00 M M 7.8 18 320 M M 0 23 290
18 77 56 67 0 0 2 0.04 M M 10.5 20 240 M M 2 13 26 240
19 72 65 69 2 0 4 0.34 M M 10.7 24 260 M M 8 138 36 260
20 82 66 74 7 0 9 0.00 M M 8.6 16 280 M M 6 18 23 260
21 84 62 73 6 0 8 0.63 M M 11.8 37 290 M M 5 13 51 270
22 62 48 55 -13 10 0 0.20 M M 10.8 21 320 M M 7 1 28 290
23 69 45 57 -11 8 0 0.00 M M 5.7 12 300 M M 1 17 290
24 73 55 64 -4 1 0 0.00 M M 10.6 18 180 M M 0 26 150
25 76 57 67 -1 0 2 0.00 M M 10.7 18 160 M M 0 24 150
26 82 62 72 4 0 7 0.00 M M 9.6 14 190 M M 1 20 250
27 83 66 75 7 0 10 T M M 7.8 16 240 M M 2 21 220
28 87 67 77 8 0 12 0.00 M M 6.0 14 170 M M 2 18 190
29 89 70 80 11 0 15 0.00 M M 5.9 13 230 M M 2 17 250
30 87 66 77 8 0 12 0.01 M M 8.2 28 300 M M 2 34 300
================================================================================
SM 2299 1783 47 146 2.64 M 228.5 M 117
================================================================================
AV 76.6 59.4 7.6 FASTST M M 4 MAX(MPH)
MISC ----> 37 290 51 270
================================================================================
NOTES:
# LAST OF SEVERAL OCCURRENCES
COLUMN 17 PEAK WIND IN M.P.H.
PRELIMINARY LOCAL CLIMATOLOGICAL DATA (WS FORM: F-6) , PAGE 2
STATION: JOHNSTOWN
MONTH: JUNE
YEAR: 2021
LATITUDE: 40 18 N
LONGITUDE: 78 50 W
[TEMPERATURE DATA] [PRECIPITATION DATA] SYMBOLS USED IN COLUMN 16
AVERAGE MONTHLY: 68.0 TOTAL FOR MONTH: 2.64 1 = FOG OR MIST
DPTR FM NORMAL: 2.0 DPTR FM NORMAL: -1.76 2 = FOG REDUCING VISIBILITY
HIGHEST: 89 ON 29 GRTST 24HR 0.83 ON 21-22 TO 1/4 MILE OR LESS
LOWEST: 44 ON 17 3 = THUNDER
SNOW, ICE PELLETS, HAIL 4 = ICE PELLETS
TOTAL MONTH: M 5 = HAIL
GRTST 24HR M ON M 6 = FREEZING RAIN OR DRIZZLE
GRTST DEPTH: M ON M 7 = DUSTSTORM OR SANDSTORM:
VSBY 1/2 MILE OR LESS
8 = SMOKE OR HAZE
[NO. OF DAYS WITH] [WEATHER - DAYS WITH] 9 = BLOWING SNOW
X = TORNADO
MAX 32 OR BELOW: 0 0.01 INCH OR MORE: 14
MAX 90 OR ABOVE: 0 0.10 INCH OR MORE: 9
MIN 32 OR BELOW: 0 0.50 INCH OR MORE: 1
MIN 0 OR BELOW: 0 1.00 INCH OR MORE: 0
[HDD (BASE 65) ]
TOTAL THIS MO. 47 CLEAR (SCALE 0-3) 15
DPTR FM NORMAL -12 PTCLDY (SCALE 4-7) 12
TOTAL FM JUL 1 6030 CLOUDY (SCALE 8-10) 3
DPTR FM NORMAL -295
[CDD (BASE 65) ]
TOTAL THIS MO. 146
DPTR FM NORMAL 55 [PRESSURE DATA]
TOTAL FM JAN 1 187 HIGHEST SLP 30.34 ON 24
DPTR FM NORMAL 58 LOWEST SLP 29.62 ON 21
[REMARKS]
#FINAL-06-21#