000
CXUS54 KFWD 010731
CF6JWY
PRELIMINARY LOCAL CLIMATOLOGICAL DATA (WS FORM: F-6)
STATION: WAXAHACHIE
MONTH: JUNE
YEAR: 2021
LATITUDE: 32 27 N
LONGITUDE: 96 54 W
TEMPERATURE IN F: :PCPN: SNOW: WIND :SUNSHINE: SKY :PK WND
================================================================================
1 2 3 4 5 6A 6B 7 8 9 10 11 12 13 14 15 16 17 18
12Z AVG MX 2MIN
DY MAX MIN AVG DEP HDD CDD WTR SNW DPTH SPD SPD DIR MIN PSBL S-S WX SPD DR
================================================================================
1 74 62 68 -9 0 3 0.06 M M 4.8 15 330 M M 9 1 17 280
2 81 59 70 -7 0 5 0.00 M M 1.4 7 290 M M 4 18 290
3 80 63 72 -5 0 7 0.00 M M 1.0 5 160 M M 1 M M
4 82 66 74 -3 0 9 0.00 M M 1.4 6 70 M M 6 M M
5 86 68 77 -1 0 12 0.07 M M 2.7 12 190 M M 6 1 M M
6 88 68 78 0 0 13 0.00 M M 5.8 12 190 M M 5 16 190
7 82 67 75 -3 0 10 0.33 M M 3.6 12 300 M M 6 1 22 300
8 88 70 79 1 0 14 0.21 M M 6.0 13 190 M M 5 1 23 190
9 91 74 83 5 0 18 0.00 M M 8.3 14 180 M M 5 18 180
10 90 74 82 3 0 17 0.00 M M 8.0 13 170 M M 5 20 180
11 91 75 83 4 0 18 0.00 M M 10.4 17 190 M M 4 24 190
12 91 73 82 3 0 17 0.00 M M 3.8 16 190 M M 2 1 21 190
13 96 73 85 6 0 20 0.00 M M 1.2 6 180 M M 1 M M
14 94 76 85 5 0 20 0.00 M M 0.5 5 300 M M 2 M M
15 95 69 82 2 0 17 0.00 M M 1.6 7 50 M M 1 M M
16 96 68 82 2 0 17 0.00 M M 0.4 5 90 M M 0 M M
17 97 73 85 5 0 20 0.00 M M 1.0 6 150 M M 1 M M
18 93 73 83 3 0 18 0.00 M M 2.8 8 70 M M 1 M M
19 94 67 81 1 0 16 0.00 M M 3.2 8 190 M M 0 M M
20 95 73 84 3 0 19 0.00 M M 8.6 15 150 M M 1 22 180
21 94 67 81 0 0 16 0.09 M M 8.3 16 10 M M 8 8 24 10
22 85 67 76 -5 0 11 M M M 5.3 10 60 M M 7 M M
23 94 73 84 3 0 19 0.00 M M 6.5 12 170 M M 6 18 180
24 94 74 84 3 0 19 0.00 M M 10.5 15 200 M M 3 22 200
25 94 76 85 4 0 20 0.00 M M 11.5 17 180 M M 4 23 180
26 94 76 85 3 0 20 0.00 M M 11.3 17 180 M M 6 28 180
27 92 74 83 1 0 18 0.00 M M 4.7 14 160 M M 5 20 160
28 83 70 77 -5 0 12 1.01 M M 0.7 9 110 M M 8 20 110
29 88 72 80 -2 0 15 0.11 M M 3.9 8 140 M M 8 1 24 130
30 90 73 82 0 0 17 0.00 M M 1.3 6 200 M M 6 18 M M
================================================================================
SM 2692 2113 0 457 1.88 M 140.4 M 126
================================================================================
AV 89.7 70.4 4.7 FASTST M M 4 MAX(MPH)
MISC ----> # 17 180 28 180
================================================================================
NOTES:
# LAST OF SEVERAL OCCURRENCES
COLUMN 17 PEAK WIND IN M.P.H.
PRELIMINARY LOCAL CLIMATOLOGICAL DATA (WS FORM: F-6) , PAGE 2
STATION: WAXAHACHIE
MONTH: JUNE
YEAR: 2021
LATITUDE: 32 27 N
LONGITUDE: 96 54 W
[TEMPERATURE DATA] [PRECIPITATION DATA] SYMBOLS USED IN COLUMN 16
AVERAGE MONTHLY: 80.1 TOTAL FOR MONTH: 1.88 1 = FOG OR MIST
DPTR FM NORMAL: 0.4 DPTR FM NORMAL: -2.24 2 = FOG REDUCING VISIBILITY
HIGHEST: 97 ON 17 GRTST 24HR 1.01 ON 28-28 TO 1/4 MILE OR LESS
LOWEST: 59 ON 2 3 = THUNDER
SNOW, ICE PELLETS, HAIL 4 = ICE PELLETS
TOTAL MONTH: M 5 = HAIL
GRTST 24HR M ON M 6 = FREEZING RAIN OR DRIZZLE
GRTST DEPTH: M ON M 7 = DUSTSTORM OR SANDSTORM:
VSBY 1/2 MILE OR LESS
8 = SMOKE OR HAZE
[NO. OF DAYS WITH] [WEATHER - DAYS WITH] 9 = BLOWING SNOW
X = TORNADO
MAX 32 OR BELOW: 0 0.01 INCH OR MORE: 7
MAX 90 OR ABOVE: 19 0.10 INCH OR MORE: 4
MIN 32 OR BELOW: 0 0.50 INCH OR MORE: 1
MIN 0 OR BELOW: 0 1.00 INCH OR MORE: 1
[HDD (BASE 65) ]
TOTAL THIS MO. 0 CLEAR (SCALE 0-3) 11
DPTR FM NORMAL 0 PTCLDY (SCALE 4-7) 17
TOTAL FM JUL 1 2181 CLOUDY (SCALE 8-10) 2
DPTR FM NORMAL -353
[CDD (BASE 65) ]
TOTAL THIS MO. 457
DPTR FM NORMAL 16 [PRESSURE DATA]
TOTAL FM JAN 1 718 HIGHEST SLP M ON M
DPTR FM NORMAL -59 LOWEST SLP M ON M
[REMARKS]
#FINAL-06-21#