000
CXUS53 KGRR 010910
CF6JXN
PRELIMINARY LOCAL CLIMATOLOGICAL DATA (WS FORM: F-6)
STATION: JACKSON
MONTH: APRIL
YEAR: 2022
LATITUDE: 42 16 N
LONGITUDE: 84 28 W
TEMPERATURE IN F: :PCPN: SNOW: WIND :SUNSHINE: SKY :PK WND
================================================================================
1 2 3 4 5 6A 6B 7 8 9 10 11 12 13 14 15 16 17 18
12Z AVG MX 2MIN
DY MAX MIN AVG DEP HDD CDD WTR SNW DPTH SPD SPD DIR MIN PSBL S-S WX SPD DR
================================================================================
1 37 25 31 -11 34 0 T M M 8.1 18 290 M M 9 5 28 280
2 43 20 32 -10 33 0 0.14 M M 4.2 14 140 M M 4 1 19 180
3 45 33 39 -4 26 0 T M M 5.1 10 330 M M 8 1 17 290
4 49 33 41 -2 24 0 0.31 M M 7.0 14 140 M M 8 1 21 170
5 59 30 45 1 20 0 0.00 M M 5.7 15 90 M M 3 128 21 90
6 52 44 48 4 17 0 0.41 M M 9.8 23 260 M M 9 18 40 260
7 47 37 42 -2 23 0 T M M 12.5 22 210 M M 10 29 180
8 49 34 42 -3 23 0 0.05 M M 10.1 21 230 M M 10 1 28 220
9 38 30 34 -11 31 0 T M M 7.8 15 250 M M 9 18 24 240
10 57 24 41 -5 24 0 0.00 M M 5.8 17 110 M M 0 25 100
11 70 44 57 11 8 0 0.02 M M 10.2 23 230 M M 5 3 33 260
12 67 31 49 3 16 0 0.00 M M 7.4 20 120 M M 2 27 100
13 69 54 62 15 3 0 0.16 M M 12.3 23 170 M M 9 1 35 180
14 62 36 49 2 16 0 0.08 M M 18.9 38 220 M M 6 1 53 220
15 48 40 44 -4 21 0 0.29 M M 12.8 32 220 M M 8 1 45 230
16 46 29 38 -10 27 0 0.00 M M 9.2 18 280 M M 6 33 260
17 46 23 35 -13 30 0 0.00 M M 6.6 15 30 M M 2 22 30
18 37 31 34 -15 31 0 0.24 M M 6.6 17 270 M M 8 1 28 270
19 44 28 36 -13 29 0 0.02 M M 9.9 21 260 M M 9 37 260
20 52 24 38 -12 27 0 T M M 8.4 18 150 M M 3 29 110
21 66 42 54 4 11 0 0.11 M M 11.7 25 230 M M 6 18 46 240
22 50 37 44 -6 21 0 0.89 M M 9.2 20 90 M M 5 1 34 100
23 82 44 63 12 2 0 T M M 10.9 22 160 M M 2 1 32 160
24 81 63 72 21 0 7 0.61 M M 14.5 31 210 M M 4 138 47 220
25 64 43 54 2 11 0 0.01 M M 8.7 21 240 M M 9 1 26 230
26 43 31 37 -15 28 0 0.01 M M 10.0 20 250 M M 9 18 32 270
27 45 29 37 -15 28 0 0.00 M M 8.0 17 330 M M 5 28 260
28 52 26 39 -14 26 0 0.00 M M 6.5 14 70 M M 1 20 70
29 60 39 50 -3 15 0 0.00 M M 10.3 17 90 M M 5 25 90
30 58 44 51 -2 14 0 0.05 M M 12.5 23 100 M M 7 37 80
================================================================================
SM 1618 1048 619 7 3.40 M 280.7 M 181
================================================================================
AV 53.9 34.9 9.4 FASTST M M 6 MAX(MPH)
MISC ----> 38 220 53 220
================================================================================
NOTES:
# LAST OF SEVERAL OCCURRENCES
COLUMN 17 PEAK WIND IN M.P.H.
PRELIMINARY LOCAL CLIMATOLOGICAL DATA (WS FORM: F-6) , PAGE 2
STATION: JACKSON
MONTH: APRIL
YEAR: 2022
LATITUDE: 42 16 N
LONGITUDE: 84 28 W
[TEMPERATURE DATA] [PRECIPITATION DATA] SYMBOLS USED IN COLUMN 16
AVERAGE MONTHLY: 44.4 TOTAL FOR MONTH: 3.40 1 = FOG OR MIST
DPTR FM NORMAL: -3.4 DPTR FM NORMAL: 0.46 2 = FOG REDUCING VISIBILITY
HIGHEST: 82 ON 23 GRTST 24HR 0.89 ON 22-22 TO 1/4 MILE OR LESS
LOWEST: 20 ON 2 3 = THUNDER
SNOW, ICE PELLETS, HAIL 4 = ICE PELLETS
TOTAL MONTH: M 5 = HAIL
GRTST 24HR M ON M 6 = FREEZING RAIN OR DRIZZLE
GRTST DEPTH: M ON M 7 = DUSTSTORM OR SANDSTORM:
VSBY 1/2 MILE OR LESS
8 = SMOKE OR HAZE
[NO. OF DAYS WITH] [WEATHER - DAYS WITH] 9 = BLOWING SNOW
X = TORNADO
MAX 32 OR BELOW: 0 0.01 INCH OR MORE: 16
MAX 90 OR ABOVE: 0 0.10 INCH OR MORE: 9
MIN 32 OR BELOW: 14 0.50 INCH OR MORE: 2
MIN 0 OR BELOW: 0 1.00 INCH OR MORE: 0
[HDD (BASE 65) ]
TOTAL THIS MO. 619 CLEAR (SCALE 0-3) 5
DPTR FM NORMAL 99 PTCLDY (SCALE 4-7) 14
TOTAL FM JUL 1 6031 CLOUDY (SCALE 8-10) 11
DPTR FM NORMAL -160
[CDD (BASE 65) ]
TOTAL THIS MO. 7
DPTR FM NORMAL 3 [PRESSURE DATA]
TOTAL FM JAN 1 7 HIGHEST SLP 30.54 ON 22
DPTR FM NORMAL 2 LOWEST SLP 29.45 ON 13
[REMARKS]
#FINAL-04-22#