000
CXUS53 KGRR 011017
CF6JXN
PRELIMINARY LOCAL CLIMATOLOGICAL DATA (WS FORM: F-6)
STATION: JACKSON
MONTH: APRIL
YEAR: 2020
LATITUDE: 42 16 N
LONGITUDE: 84 28 W
TEMPERATURE IN F: :PCPN: SNOW: WIND :SUNSHINE: SKY :PK WND
================================================================================
1 2 3 4 5 6A 6B 7 8 9 10 11 12 13 14 15 16 17 18
12Z AVG MX 2MIN
DY MAX MIN AVG DEP HDD CDD WTR SNW DPTH SPD SPD DIR MIN PSBL S-S WX SPD DR
================================================================================
1 49 38 44 2 21 0 0.02 M M 4.6 13 350 M M 10 1 18 350
2 60 30 45 2 20 0 0.00 M M 5.1 13 310 M M 1 12 19 300
3 65 31 48 5 17 0 0.00 M M 4.1 13 30 M M 0 17 20
4 55 41 48 5 17 0 0.03 M M 6.3 12 270 M M 9 18 16 160
5 56 36 46 2 19 0 0.00 M M 5.9 12 10 M M 5 1 17 340
6 61 30 46 2 19 0 0.00 M M 3.9 14 190 M M 4 1 18 200
7 73 43 58 13 7 0 0.58 M M 8.0 25 40 M M 8 13 37 10
8 70 46 58 13 7 0 0.12 M M 6.9 20 300 M M 5 1 37 300
9 48 33 41 -5 24 0 0.02 M M 12.8 36 240 M M 5 8 51 230
10 43 31 37 -9 28 0 T M M 10.1 20 270 M M 6 34 260
11 58 27 43 -3 22 0 0.00 M M 6.6 18 180 M M 2 27 180
12 60 44 52 5 13 0 0.11 M M 8.8 21 190 M M 10 35 210
13 52 29 41 -6 24 0 0.05 M M 14.0 28 270 M M 8 18 45 290
14 39 26 33 -14 32 0 T M M 11.1 24 230 M M 4 8 38 230
15 36 24 30 -18 35 0 0.07 M M 6.2 17 240 M M 7 128 26 240
16 42 20 31 -17 34 0 0.00 M M 8.1 20 240 M M 4 8 32 270
17 35 30 33 -15 32 0 0.25 M M 4.7 10 90 M M 9 128 16 80
18 53 26 40 -9 25 0 0.00 M M 11.6 25 210 M M 2 18 36 220
19 61 36 49 0 16 0 T M M 12.3 23 210 M M 3 35 220
20 58 30 44 -6 21 0 0.12 M M 11.2 30 270 M M 1 1 47 270
21 47 27 37 -13 28 0 0.02 M M 13.0 37 250 M M 6 1 57 250
22 40 23 32 -18 33 0 0.11 M M 5.9 17 80 M M 8 18 23 80
23 48 35 42 -9 23 0 0.01 M M 9.2 16 100 M M 10 18 24 80
24 56 37 47 -4 18 0 T M M 5.2 9 20 M M 10 18 14 40
25 49 37 43 -8 22 0 0.34 M M 6.8 15 360 M M 9 1 21 20
26 62 36 49 -3 16 0 0.00 M M 10.3 25 30 M M 2 38 40
27 63 28 46 -6 19 0 0.14 M M 5.4 20 190 M M 4 1 31 200
28 70 43 57 5 8 0 0.00 M M 7.4 21 110 M M 5 31 90
29 64 50 57 4 8 0 0.23 M M 10.6 23 210 M M 9 1 33 220
30 52 44 48 -5 17 0 0.30 M M 7.1 17 320 M M 10 1 26 320
================================================================================
SM 1625 1011 625 0 2.52 M 243.2 M 176
================================================================================
AV 54.2 33.7 8.1 FASTST M M 6 MAX(MPH)
MISC ----> # 37 250 # 57 250
================================================================================
NOTES:
# LAST OF SEVERAL OCCURRENCES
COLUMN 17 PEAK WIND IN M.P.H.
PRELIMINARY LOCAL CLIMATOLOGICAL DATA (WS FORM: F-6) , PAGE 2
STATION: JACKSON
MONTH: APRIL
YEAR: 2020
LATITUDE: 42 16 N
LONGITUDE: 84 28 W
[TEMPERATURE DATA] [PRECIPITATION DATA] SYMBOLS USED IN COLUMN 16
AVERAGE MONTHLY: 43.9 TOTAL FOR MONTH: 2.52 1 = FOG OR MIST
DPTR FM NORMAL: -3.9 DPTR FM NORMAL: -0.09 2 = FOG REDUCING VISIBILITY
HIGHEST: 73 ON 7 GRTST 24HR 0.58 ON 7- 7 TO 1/4 MILE OR LESS
LOWEST: 20 ON 16 3 = THUNDER
SNOW, ICE PELLETS, HAIL 4 = ICE PELLETS
TOTAL MONTH: M 5 = HAIL
GRTST 24HR M ON M 6 = FREEZING RAIN OR DRIZZLE
GRTST DEPTH: M ON M 7 = DUSTSTORM OR SANDSTORM:
VSBY 1/2 MILE OR LESS
8 = SMOKE OR HAZE
[NO. OF DAYS WITH] [WEATHER - DAYS WITH] 9 = BLOWING SNOW
X = TORNADO
MAX 32 OR BELOW: 0 0.01 INCH OR MORE: 17
MAX 90 OR ABOVE: 0 0.10 INCH OR MORE: 10
MIN 32 OR BELOW: 15 0.50 INCH OR MORE: 1
MIN 0 OR BELOW: 0 1.00 INCH OR MORE: 0
[HDD (BASE 65) ]
TOTAL THIS MO. 625 CLEAR (SCALE 0-3) 7
DPTR FM NORMAL 103 PTCLDY (SCALE 4-7) 13
TOTAL FM JUL 1 5926 CLOUDY (SCALE 8-10) 10
DPTR FM NORMAL -420
[CDD (BASE 65) ]
TOTAL THIS MO. 0
DPTR FM NORMAL -6 [PRESSURE DATA]
TOTAL FM JAN 1 0 HIGHEST SLP 30.30 ON 16
DPTR FM NORMAL -6 LOWEST SLP 29.28 ON 13
[REMARKS]
#FINAL-04-20#