000
CXUS53 KGID 020152
CF6JYR
PRELIMINARY LOCAL CLIMATOLOGICAL DATA (WS FORM: F-6)
STATION: YORK NE
MONTH: MARCH
YEAR: 2024
LATITUDE: 40 54 N
LONGITUDE: 97 37 W
TEMPERATURE IN F: :PCPN: SNOW: WIND :SUNSHINE: SKY :PK WND
================================================================================
1 2 3 4 5 6A 6B 7 8 9 10 11 12 13 14 15 16 17 18
12Z AVG MX 2MIN
DY MAX MIN AVG DEP HDD CDD WTR SNW DPTH SPD SPD DIR MIN PSBL S-S WX SPD DR
================================================================================
1 57 28 43 M 22 0 0.00 M M 16.5 23 200 M M 4 31 190
2 63 32 48 M 17 0 0.00 M M 12.4 20 180 M M 5 12 24 170
3 64 34 49 M 16 0 0.00 M M 14.3 28 290 M M 0 31 300
4 55 28 42 M 23 0 0.00 M M 17.5 28 10 M M 4 36 10
5 54 18 36 M 29 0 0.00 M M 6.1 12 270 M M 0 16 270
6 54 19 37 M 28 0 0.00 M M 9.1 18 170 M M 3 24 170
7 54 28 41 M 24 0 0.00 M M 17.5 27 30 M M 5 37 30
8 39 25 32 M 33 0 M M M 16.5 24 20 M M 6 18 32 360
9 52 21 37 M 28 0 0.00 M M 7.7 13 220 M M 0 18 310
10 66 23 45 M 20 0 0.00 M M 10.3 18 200 M M 0 25 210
11 73 32 53 M 12 0 0.00 M M 13.5 24 220 M M 0 33 200
12 68 34 51 M 14 0 0.00 M M 7.0 13 40 M M 0 21 40
13 68 37 53 M 12 0 T M M 8.2 22 20 M M 3 24 40
14 54 43 49 M 16 0 0.43 M M 17.1 28 10 M M 10 37 20
15 55 32 44 M 21 0 0.00 M M 11.0 17 360 M M 1 24 330
16 55 30 43 M 22 0 0.00 M M 13.8 23 320 M M 0 32 330
17 37 18 28 M 37 0 0.00 M M 13.9 23 360 M M 1 32 330
18 45 14 30 M 35 0 0.00 M M 9.7 15 360 M M 2 21 360
19 66 30 48 M 17 0 0.00 M M 11.2 18 360 M M 1 30 360
20 45 28 37 M 28 0 0.00 M M 13.6 22 40 M M 1 29 40
21 57 27 42 M 23 0 0.00 M M 11.8 16 140 M M 5 24 140
22 41 25 33 M 32 0 0.00 M M 18.1 30 20 M M 8 39 20
23 37 25 31 M 34 0 T M M 12.0 20 130 M M 9 27 120
24 50 28 39 M 26 0 0.14 M M 15.4 23 160 M M 9 1 30 160
25 48 25 37 M 28 0 M M M 20.1 36 360 M M 6 1 48 350
26 28 19 24 M 41 0 M M M 19.7 25 310 M M 0 1 35 330
27 46 18 32 M 33 0 0.00 M M 9.8 16 210 M M 2 21 210
28 66 32 49 M 16 0 0.00 M M 9.5 20 200 M M 1 24 200
29 63 39 51 M 14 0 0.00 M M 10.9 20 330 M M 0 27 330
30 52 34 43 M 22 0 0.00 M M 14.2 24 10 M M 4 32 10
31 54 34 44 M 21 0 0.00 M M 14.7 21 50 M M 10 25 50
================================================================================
SM 1666 860 744 0 M M 403.1 M 100
================================================================================
AV 53.7 27.7 13.0 FASTST M M 3 MAX(MPH)
MISC ----> 36 360 48 350
================================================================================
NOTES:
# LAST OF SEVERAL OCCURRENCES
COLUMN 17 PEAK WIND IN M.P.H.
PRELIMINARY LOCAL CLIMATOLOGICAL DATA (WS FORM: F-6) , PAGE 2
STATION: YORK NE
MONTH: MARCH
YEAR: 2024
LATITUDE: 40 54 N
LONGITUDE: 97 37 W
[TEMPERATURE DATA] [PRECIPITATION DATA] SYMBOLS USED IN COLUMN 16
AVERAGE MONTHLY: 40.7 TOTAL FOR MONTH: M 1 = FOG OR MIST
DPTR FM NORMAL: M DPTR FM NORMAL: M 2 = FOG REDUCING VISIBILITY
HIGHEST: 73 ON 11 GRTST 24HR M ON M TO 1/4 MILE OR LESS
LOWEST: 14 ON 18 3 = THUNDER
SNOW, ICE PELLETS, HAIL 4 = ICE PELLETS
TOTAL MONTH: M 5 = HAIL
GRTST 24HR M ON M 6 = FREEZING RAIN OR DRIZZLE
GRTST DEPTH: M ON M 7 = DUSTSTORM OR SANDSTORM:
VSBY 1/2 MILE OR LESS
8 = SMOKE OR HAZE
[NO. OF DAYS WITH] [WEATHER - DAYS WITH] 9 = BLOWING SNOW
X = TORNADO
MAX 32 OR BELOW: 1 0.01 INCH OR MORE: M
MAX 90 OR ABOVE: 0 0.10 INCH OR MORE: M
MIN 32 OR BELOW: 24 0.50 INCH OR MORE: M
MIN 0 OR BELOW: 0 1.00 INCH OR MORE: M
[HDD (BASE 65) ]
TOTAL THIS MO. 744 CLEAR (SCALE 0-3) 18
DPTR FM NORMAL M PTCLDY (SCALE 4-7) 8
TOTAL FM JUL 1 5054 CLOUDY (SCALE 8-10) 5
DPTR FM NORMAL M
[CDD (BASE 65) ]
TOTAL THIS MO. 0
DPTR FM NORMAL M [PRESSURE DATA]
TOTAL FM JAN 1 0 HIGHEST SLP M ON M
DPTR FM NORMAL M LOWEST SLP M ON M
[REMARKS]
#FINAL-03-24#