000
CXHW53 PHFO 011250
CF6KOA
PRELIMINARY LOCAL CLIMATOLOGICAL DATA (WS FORM: F-6)
STATION: KONA HI
MONTH: JUNE
YEAR: 2021
LATITUDE: 19 38 N
LONGITUDE: 156 0 W
TEMPERATURE IN F: :PCPN: SNOW: WIND :SUNSHINE: SKY :PK WND
================================================================================
1 2 3 4 5 6A 6B 7 8 9 10 11 12 13 14 15 16 17 18
12Z AVG MX 2MIN
DY MAX MIN AVG DEP HDD CDD WTR SNW DPTH SPD SPD DIR MIN PSBL S-S WX SPD DR
================================================================================
1 85 76 81 2 0 16 0.06 M M 7.8 13 30 M M 8 16 180
2 87 76 82 3 0 17 0.00 M M 7.5 14 50 M M 6 17 220
3 86 76 81 2 0 16 0.00 M M 9.6 20 150 M M 5 26 160
4 85 73 79 0 0 14 T M M 7.0 16 140 M M 7 17 130
5 86 73 80 1 0 15 0.00 M M 7.9 13 210 M M 4 17 210
6 86 74 80 1 0 15 0.00 M M 7.0 13 260 M M 6 15 250
7 86 76 81 2 0 16 T M M 7.5 15 260 M M 6 17 250
8 86 75 81 1 0 16 0.01 M M 8.1 16 140 M M 6 19 350
9 85 73 79 -1 0 14 0.00 M M 7.0 15 240 M M 6 18 120
10 86 74 80 0 0 15 0.00 M M 7.7 14 250 M M 4 16 250
11 86 75 81 1 0 16 0.00 M M 7.3 15 210 M M 3 20 200
12 85 76 81 1 0 16 0.00 M M 7.1 14 150 M M 5 16 150
13 87 76 82 2 0 17 T M M 9.1 15 170 M M 8 19 140
14 86 73 80 0 0 15 0.00 M M 7.4 16 260 M M 4 18 200
15 86 73 80 0 0 15 0.00 M M 7.2 14 240 M M 5 17 210
16 86 73 80 0 0 15 0.00 M M 9.0 16 180 M M 5 20 170
17 84 75 80 0 0 15 T M M 6.1 10 200 M M 8 14 240
18 87 77 82 2 0 17 0.00 M M 9.6 17 240 M M 7 19 190
19 85 72 79 -1 0 14 0.24 M M 7.2 16 260 M M 5 19 260
20 85 72 79 -1 0 14 0.00 M M 7.2 15 40 M M 5 19 210
21 86 73 80 0 0 15 T M M 8.5 16 200 M M 6 19 170
22 85 72 79 -1 0 14 0.00 M M 6.7 13 190 M M 4 17 210
23 85 74 80 0 0 15 0.02 M M 8.4 16 100 M M 7 20 220
24 86 74 80 0 0 15 0.00 M M 9.1 17 320 M M 8 21 310
25 85 75 80 0 0 15 0.00 M M 7.0 13 250 M M 7 15 250
26 86 77 82 2 0 17 T M M 8.4 15 210 M M 6 19 240
27 86 77 82 2 0 17 0.06 M M 7.3 13 240 M M 8 15 330
28 86 73 80 0 0 15 0.06 M M 9.2 16 210 M M 6 20 210
29 86 76 81 1 0 16 T M M 8.4 14 70 M M 8 16 70
30 88 76 82 2 0 17 T M M 7.9 14 200 M M 7 18 200
================================================================================
SM 2574 2235 0 464 0.45 M 235.2 M 180
================================================================================
AV 85.8 74.5 7.8 FASTST M M 6 MAX(MPH)
MISC ----> 20 150 26 160
================================================================================
NOTES:
# LAST OF SEVERAL OCCURRENCES
COLUMN 17 PEAK WIND IN M.P.H.
PRELIMINARY LOCAL CLIMATOLOGICAL DATA (WS FORM: F-6) , PAGE 2
STATION: KONA HI
MONTH: JUNE
YEAR: 2021
LATITUDE: 19 38 N
LONGITUDE: 156 0 W
[TEMPERATURE DATA] [PRECIPITATION DATA] SYMBOLS USED IN COLUMN 16
AVERAGE MONTHLY: 80.2 TOTAL FOR MONTH: 0.45 1 = FOG OR MIST
DPTR FM NORMAL: 0.6 DPTR FM NORMAL: -0.31 2 = FOG REDUCING VISIBILITY
HIGHEST: 88 ON 30 GRTST 24HR 0.24 ON 19-19 TO 1/4 MILE OR LESS
LOWEST: 72 ON 22,20 3 = THUNDER
SNOW, ICE PELLETS, HAIL 4 = ICE PELLETS
TOTAL MONTH: M 5 = HAIL
GRTST 24HR M ON M 6 = FREEZING RAIN OR DRIZZLE
GRTST DEPTH: M ON M 7 = DUSTSTORM OR SANDSTORM:
VSBY 1/2 MILE OR LESS
8 = SMOKE OR HAZE
[NO. OF DAYS WITH] [WEATHER - DAYS WITH] 9 = BLOWING SNOW
X = TORNADO
MAX 32 OR BELOW: 0 0.01 INCH OR MORE: 6
MAX 90 OR ABOVE: 0 0.10 INCH OR MORE: 1
MIN 32 OR BELOW: 0 0.50 INCH OR MORE: 0
MIN 0 OR BELOW: 0 1.00 INCH OR MORE: 0
[HDD (BASE 65) ]
TOTAL THIS MO. 0 CLEAR (SCALE 0-3) 0
DPTR FM NORMAL 0 PTCLDY (SCALE 4-7) 28
TOTAL FM JUL 1 0 CLOUDY (SCALE 8-10) 2
DPTR FM NORMAL 0
[CDD (BASE 65) ]
TOTAL THIS MO. 464
DPTR FM NORMAL 26 [PRESSURE DATA]
TOTAL FM JAN 1 2301 HIGHEST SLP 30.14 ON 9
DPTR FM NORMAL 158 LOWEST SLP 29.91 ON 27
[REMARKS]
#FINAL-06-21#