000
CXAK56 PAJK 042357
CF6KTN
PRELIMINARY LOCAL CLIMATOLOGICAL DATA (WS FORM: F-6)
STATION: KETCHIKAN
MONTH: OCTOBER
YEAR: 2023
LATITUDE: 55 20 N
LONGITUDE: 131 42 W
TEMPERATURE IN F: :PCPN: SNOW: WIND :SUNSHINE: SKY :PK WND
================================================================================
1 2 3 4 5 6A 6B 7 8 9 10 11 12 13 14 15 16 17 18
12Z AVG MX 2MIN
DY MAX MIN AVG DEP HDD CDD WTR SNW DPTH SPD SPD DIR MIN PSBL S-S WX SPD DR
================================================================================
1 53 47 50 0 15 0 1.10 M M 12.0 26 130 M M 10 1 37 120
2 55 50 53 3 12 0 0.04 M M 9.9 18 130 M M 10 1 22 120
3 57 45 51 1 14 0 0.68 M M 9.4 18 130 M M 8 1 24 120
4 53 45 49 0 16 0 0.38 M M 3.3 10 140 M M 7 1 14 120
5 57 48 53 4 12 0 0.18 M M 9.6 22 140 M M 10 1 30 130
6 56 53 55 6 10 0 1.04 M M 9.6 23 120 M M 10 1 28 120
7 63 51 57 8 8 0 0.66 M M 11.4 24 140 M M 5 1 35 130
8 58 55 57 9 8 0 2.17 M M 13.6 24 140 M M 10 1 36 130
9 57 50 54 6 11 0 0.98 M M 12.7 36 140 M M 10 18 49 140
10 57 46 52 4 13 0 T M M 7.7 16 320 M M 7 22 350
11 58 45 52 4 13 0 0.00 M M 6.6 13 340 M M 4 16 320
12 58 49 54 7 11 0 0.22 M M 10.7 23 130 M M 9 32 120
13 60 47 54 7 11 0 T M M 7.2 20 140 M M 4 25 150
14 57 50 54 7 11 0 0.91 M M 9.8 24 130 M M 10 1 33 140
15 55 47 51 5 14 0 0.13 M M 5.2 14 140 M M 8 1 19 130
16 60 47 54 8 11 0 1.18 M M 9.1 23 110 M M 9 12 45 110
17 57 49 53 7 12 0 6.69 M M 16.9 28 130 M M 10 1 36 120
18 56 52 54 8 11 0 1.42 M M 16.7 26 140 M M 10 1 38 140
19 53 44 49 4 16 0 0.13 M M 6.9 17 120 M M 10 1 21 130
20 53 38 46 1 19 0 0.00 M M 2.6 8 330 M M 4 12 9 330
21 51 43 47 2 18 0 T M M 6.0 15 330 M M 5 19 330
22 46 36 41 -3 24 0 0.00 M M 11.1 18 320 M M 3 24 310
23 41 32 37 -7 28 0 0.00 M M 8.5 17 330 M M 3 21 320
24 44 33 39 -5 26 0 0.00 M M 9.2 16 320 M M 0 20 310
25 48 34 41 -3 24 0 0.00 M M 10.4 17 330 M M 0 20 300
26 52 32 42 -2 23 0 0.00 M M 4.4 10 300 M M 0 13 300
27 48 33 41 -2 24 0 0.00 M M 6.6 13 330 M M 0 16 360
28 47 29 38 -5 27 0 0.00 M M 3.3 12 330 M M 0 1 14 320
29 42 30 36 -7 29 0 0.00 M M 2.9 8 140 M M 7 12 9 150
30 46 35 41 -1 24 0 0.00 M M 1.7 7 130 M M 6 8 150
31 46 34 40 -2 25 0 0.00 M M 2.5 9 130 M M 5 10 110
================================================================================
SM 1644 1329 520 0 17.91 M 257.5 M 194
================================================================================
AV 53.0 42.9 8.3 FASTST M M 6 MAX(MPH)
MISC ----> 36 140 49 140
================================================================================
NOTES:
# LAST OF SEVERAL OCCURRENCES
COLUMN 17 PEAK WIND IN M.P.H.
PRELIMINARY LOCAL CLIMATOLOGICAL DATA (WS FORM: F-6) , PAGE 2
STATION: KETCHIKAN
MONTH: OCTOBER
YEAR: 2023
LATITUDE: 55 20 N
LONGITUDE: 131 42 W
[TEMPERATURE DATA] [PRECIPITATION DATA] SYMBOLS USED IN COLUMN 16
AVERAGE MONTHLY: 48.0 TOTAL FOR MONTH: 17.91 1 = FOG OR MIST
DPTR FM NORMAL: 1.8 DPTR FM NORMAL: -0.46 2 = FOG REDUCING VISIBILITY
HIGHEST: 63 ON 7 GRTST 24HR 6.94 ON 17-18 TO 1/4 MILE OR LESS
LOWEST: 29 ON 28 3 = THUNDER
SNOW, ICE PELLETS, HAIL 4 = ICE PELLETS
TOTAL MONTH: M 5 = HAIL
GRTST 24HR M ON M 6 = FREEZING RAIN OR DRIZZLE
GRTST DEPTH: M ON M 7 = DUSTSTORM OR SANDSTORM:
VSBY 1/2 MILE OR LESS
8 = SMOKE OR HAZE
[NO. OF DAYS WITH] [WEATHER - DAYS WITH] 9 = BLOWING SNOW
X = TORNADO
MAX 32 OR BELOW: 0 0.01 INCH OR MORE: 16
MAX 90 OR ABOVE: 0 0.10 INCH OR MORE: 15
MIN 32 OR BELOW: 4 0.50 INCH OR MORE: 10
MIN 0 OR BELOW: 0 1.00 INCH OR MORE: 6
[HDD (BASE 65) ]
TOTAL THIS MO. 520 CLEAR (SCALE 0-3) 7
DPTR FM NORMAL -63 PTCLDY (SCALE 4-7) 12
TOTAL FM JUL 1 1050 CLOUDY (SCALE 8-10) 12
DPTR FM NORMAL -264
[CDD (BASE 65) ]
TOTAL THIS MO. 0
DPTR FM NORMAL 0 [PRESSURE DATA]
TOTAL FM JAN 1 25 HIGHEST SLP 30.57 ON 28
DPTR FM NORMAL 9 LOWEST SLP 28.98 ON 9
[REMARKS]
#FINAL-10-23#