000
CXUS55 KPUB 011210
CF6LAA
PRELIMINARY LOCAL CLIMATOLOGICAL DATA (WS FORM: F-6)
STATION: LAMAR CO
MONTH: MARCH
YEAR: 2021
LATITUDE: 38 4 N
LONGITUDE: 102 41 W
TEMPERATURE IN F: :PCPN: SNOW: WIND :SUNSHINE: SKY :PK WND
================================================================================
1 2 3 4 5 6A 6B 7 8 9 10 11 12 13 14 15 16 17 18
12Z AVG MX 2MIN
DY MAX MIN AVG DEP HDD CDD WTR SNW DPTH SPD SPD DIR MIN PSBL S-S WX SPD DR
================================================================================
1 52 10 31 -7 34 0 0.00 M M 5.4 14 230 M M 0 19 240
2 69 11 40 2 25 0 0.00 M M 5.7 13 280 M M 0 16 280
3 71 22 47 9 18 0 0.00 M M 7.6 16 110 M M 0 21 80
4 56 20 38 0 27 0 0.01 M M 7.9 23 30 M M 4 29 40
5 64 30 47 8 18 0 0.01 M M 10.7 23 30 M M 4 1 31 20
6 72 24 48 9 17 0 0.00 M M 15.7 30 180 M M 0 44 160
7 75 25 50 10 15 0 0.00 M M 8.1 23 210 M M 0 29 200
8 76 30 53 13 12 0 0.00 M M 7.5 18 220 M M 0 26 280
9 76 27 52 12 13 0 0.00 M M 7.9 20 230 M M 0 36 230
10 65 30 48 8 17 0 0.00 M M 17.4 40 260 M M 0 68 250
11 55 17 36 -5 29 0 0.00 M M 9.5 21 130 M M 0 31 140
12 41 35 38 -3 27 0 0.02 M M 10.5 16 90 M M 10 18 21 90
13 42 34 38 -4 27 0 1.66 M M 11.7 28 80 M M 9 13 35 50
14 46 35 41 -1 24 0 0.30 M M 11.8 25 340 M M 8 18 32 340
15 53 33 43 1 22 0 0.01 M M 11.8 31 340 M M 4 1 43 340
16 49 30 40 -3 25 0 0.00 M M 13.7 25 20 M M 5 34 20
17 44 28 36 -7 29 0 0.00 M M 16.8 29 350 M M 7 40 350
18 54 23 39 -4 26 0 0.00 M M 6.0 13 120 M M 0 16 120
19 66 26 46 2 19 0 0.00 M M 8.7 17 190 M M 0 23 120
20 81 30 56 12 9 0 0.00 M M 16.8 38 180 M M 0 50 190
21 63 42 53 9 12 0 0.00 M M 17.3 32 200 M M 2 43 190
22 42 32 37 -8 28 0 M M M 11.6 25 40 M M 9 12 32 40
23 55 29 42 -3 23 0 0.00 M M 11.8 25 10 M M 2 34 350
24 45 28 37 -8 28 0 0.00 M M 9.1 20 40 M M 4 26 10
25 58 22 40 -6 25 0 0.00 M M 9.2 23 160 M M 3 12 31 160
26 63 32 48 2 17 0 0.00 M M 6.6 20 290 M M 4 24 270
27 59 29 44 -2 21 0 0.00 M M 11.1 30 10 M M 3 39 10
28 73 25 49 3 16 0 0.00 M M 8.0 17 220 M M 0 24 210
29 88 31 60 13 5 0 0.00 M M 18.1 40 270 M M 0 8 52 270
30 51 28 40 -7 25 0 0.00 M M 9.8 29 10 M M 3 37 10
31 58 27 43 -4 22 0 0.00 M M 6.9 14 310 M M 2 24 280
================================================================================
SM 1862 845 655 0 2.01 M 330.7 M 83
================================================================================
AV 60.1 27.3 10.7 FASTST M M 3 MAX(MPH)
MISC ----> # 40 260 68 250
================================================================================
NOTES:
# LAST OF SEVERAL OCCURRENCES
COLUMN 17 PEAK WIND IN M.P.H.
PRELIMINARY LOCAL CLIMATOLOGICAL DATA (WS FORM: F-6) , PAGE 2
STATION: LAMAR CO
MONTH: MARCH
YEAR: 2021
LATITUDE: 38 4 N
LONGITUDE: 102 41 W
[TEMPERATURE DATA] [PRECIPITATION DATA] SYMBOLS USED IN COLUMN 16
AVERAGE MONTHLY: 43.7 TOTAL FOR MONTH: 2.01 1 = FOG OR MIST
DPTR FM NORMAL: 1.2 DPTR FM NORMAL: 1.17 2 = FOG REDUCING VISIBILITY
HIGHEST: 88 ON 29 GRTST 24HR 1.68 ON 12-13 TO 1/4 MILE OR LESS
LOWEST: 10 ON 1 3 = THUNDER
SNOW, ICE PELLETS, HAIL 4 = ICE PELLETS
TOTAL MONTH: M 5 = HAIL
GRTST 24HR M ON M 6 = FREEZING RAIN OR DRIZZLE
GRTST DEPTH: M ON M 7 = DUSTSTORM OR SANDSTORM:
VSBY 1/2 MILE OR LESS
8 = SMOKE OR HAZE
[NO. OF DAYS WITH] [WEATHER - DAYS WITH] 9 = BLOWING SNOW
X = TORNADO
MAX 32 OR BELOW: 0 0.01 INCH OR MORE: 6
MAX 90 OR ABOVE: 0 0.10 INCH OR MORE: 2
MIN 32 OR BELOW: 26 0.50 INCH OR MORE: 1
MIN 0 OR BELOW: 0 1.00 INCH OR MORE: 1
[HDD (BASE 65) ]
TOTAL THIS MO. 655 CLEAR (SCALE 0-3) 18
DPTR FM NORMAL -43 PTCLDY (SCALE 4-7) 9
TOTAL FM JUL 1 4895 CLOUDY (SCALE 8-10) 4
DPTR FM NORMAL -113
[CDD (BASE 65) ]
TOTAL THIS MO. 0
DPTR FM NORMAL 0 [PRESSURE DATA]
TOTAL FM JAN 1 0 HIGHEST SLP 30.48 ON 1
DPTR FM NORMAL 0 LOWEST SLP 29.34 ON 29
[REMARKS]
#FINAL-03-21#