000
CXUS53 KIND 010600
CF6LAF
PRELIMINARY LOCAL CLIMATOLOGICAL DATA (WS FORM: F-6)
STATION: LAFAYETTE IN
MONTH: AUGUST
YEAR: 2021
LATITUDE: 40 25 N
LONGITUDE: 86 56 W
TEMPERATURE IN F: :PCPN: SNOW: WIND :SUNSHINE: SKY :PK WND
================================================================================
1 2 3 4 5 6A 6B 7 8 9 10 11 12 13 14 15 16 17 18
12Z AVG MX 2MIN
DY MAX MIN AVG DEP HDD CDD WTR SNW DPTH SPD SPD DIR MIN PSBL S-S WX SPD DR
================================================================================
1 81 55 68 -5 0 3 0.00 M M 6.9 18 10 M M 1 18 26 10
2 78 52 65 -8 0 0 0.00 M M 3.9 14 40 M M 1 1 20 50
3 81 53 67 -6 0 2 0.00 M M 2.5 12 40 M M 1 1 16 50
4 83 54 69 -4 0 4 0.00 M M 2.8 13 50 M M 0 18 60
5 85 54 70 -3 0 5 0.00 M M 2.2 9 240 M M 0 15 120
6 84 61 73 0 0 8 0.00 M M 4.2 14 230 M M 2 28 220
7 88 68 78 5 0 13 0.01 M M 4.5 12 230 M M 2 18 250
8 89 69 79 6 0 14 0.00 M M 6.6 15 190 M M 1 1 25 200
9 80 71 76 3 0 11 T M M 6.8 16 190 M M 5 26 170
10 92 76 84 11 0 19 0.00 M M 8.3 15 200 M M 3 24 210
11 90 74 82 9 0 17 0.08 M M 8.1 23 270 M M 2 13 35 190
12 82 67 75 2 0 10 0.56 M M 8.1 29 270 M M 3 13 43 280
13 85 66 76 3 0 11 T M M 5.3 16 340 M M 4 1 23 340
14 82 59 71 -2 0 6 0.00 M M 5.0 13 40 M M 1 1 17 40
15 80 56 68 -4 0 3 0.00 M M 9.1 18 90 M M 0 25 70
16 80 62 71 -1 0 6 0.00 M M 7.1 13 70 M M 5 17 30
17 84 65 75 3 0 10 1.00 M M 6.4 23 280 M M 5 18 27 270
18 86 70 78 6 0 13 0.28 M M 3.3 17 150 M M 4 13 23 150
19 88 66 77 5 0 12 0.01 M M 2.3 12 80 M M 3 12 15 70
20 89 66 78 6 0 13 0.00 M M 1.9 8 220 M M 2 12 12 170
21 88 68 78 6 0 13 0.00 M M 2.8 10 190 M M 0 18 200
22 90 67 79 7 0 14 0.00 M M 3.6 13 340 M M 4 12 16 330
23 88 66 77 5 0 12 0.00 M M 2.5 13 270 M M 1 1 19 290
24 94 71 83 11 0 18 0.05 M M 3.7 17 10 M M 1 13 17 240
25 90 70 80 9 0 15 0.51 M M 4.6 17 10 M M 2 13 24 10
26 86 71 79 8 0 14 0.09 M M 4.2 15 240 M M 5 3 24 220
27 92 68 80 9 0 15 0.03 M M 2.9 10 200 M M 2 1 17 200
28 91 69 80 9 0 15 0.00 M M 3.3 13 230 M M 1 19 220
29 91 73 82 11 0 17 T M M 5.7 17 260 M M 2 3 26 230
30 83 67 75 5 0 10 T M M 3.0 14 190 M M 4 3 26 190
31 85 63 74 4 0 9 0.00 M M 7.3 18 80 M M 3 12 25 40
================================================================================
SM 2665 2017 0 332 2.62 M 148.9 M 70
================================================================================
AV 86.0 65.1 4.8 FASTST M M 2 MAX(MPH)
MISC ----> 29 270 43 280
================================================================================
NOTES:
# LAST OF SEVERAL OCCURRENCES
COLUMN 17 PEAK WIND IN M.P.H.
PRELIMINARY LOCAL CLIMATOLOGICAL DATA (WS FORM: F-6) , PAGE 2
STATION: LAFAYETTE IN
MONTH: AUGUST
YEAR: 2021
LATITUDE: 40 25 N
LONGITUDE: 86 56 W
[TEMPERATURE DATA] [PRECIPITATION DATA] SYMBOLS USED IN COLUMN 16
AVERAGE MONTHLY: 75.5 TOTAL FOR MONTH: 2.62 1 = FOG OR MIST
DPTR FM NORMAL: 3.3 DPTR FM NORMAL: -0.50 2 = FOG REDUCING VISIBILITY
HIGHEST: 94 ON 24 GRTST 24HR 1.00 ON 17-17 TO 1/4 MILE OR LESS
LOWEST: 52 ON 2 3 = THUNDER
SNOW, ICE PELLETS, HAIL 4 = ICE PELLETS
TOTAL MONTH: M 5 = HAIL
GRTST 24HR M ON M 6 = FREEZING RAIN OR DRIZZLE
GRTST DEPTH: M ON M 7 = DUSTSTORM OR SANDSTORM:
VSBY 1/2 MILE OR LESS
8 = SMOKE OR HAZE
[NO. OF DAYS WITH] [WEATHER - DAYS WITH] 9 = BLOWING SNOW
X = TORNADO
MAX 32 OR BELOW: 0 0.01 INCH OR MORE: 10
MAX 90 OR ABOVE: 8 0.10 INCH OR MORE: 4
MIN 32 OR BELOW: 0 0.50 INCH OR MORE: 3
MIN 0 OR BELOW: 0 1.00 INCH OR MORE: 1
[HDD (BASE 65) ]
TOTAL THIS MO. 0 CLEAR (SCALE 0-3) 22
DPTR FM NORMAL -7 PTCLDY (SCALE 4-7) 9
TOTAL FM JUL 1 0 CLOUDY (SCALE 8-10) 0
DPTR FM NORMAL -4
[CDD (BASE 65) ]
TOTAL THIS MO. 332
DPTR FM NORMAL 102 [PRESSURE DATA]
TOTAL FM JAN 1 1139 HIGHEST SLP M ON M
DPTR FM NORMAL 372 LOWEST SLP 29.71 ON 31
[REMARKS]
#FINAL-08-21#