000
CXUS55 KCYS 081625
CF6LAR
PRELIMINARY LOCAL CLIMATOLOGICAL DATA (WS FORM: F-6)...CORRECTED
STATION: LARAMIE WYOMING AIRPORT
MONTH: DECEMBER
YEAR: 2021
LATITUDE: 41 18 N
LONGITUDE: 105 40 W
TEMPERATURE IN F: :PCPN: SNOW: WIND :SUNSHINE: SKY :PK WND
================================================================================
1 2 3 4 5 6A 6B 7 8 9 10 11 12 13 14 15 16 17 18
12Z AVG MX 2MIN
DY MAX MIN AVG DEP HDD CDD WTR SNW DPTH SPD SPD DIR MIN PSBL S-S WX SPD DR
================================================================================
1 58 37 48 24 17 0 0.00 M M 16.7 29 250 M M 0 35 260
2 62 33 48 24 17 0 0.00 M M 16.5 25 230 M M 0 32 220
3 58 26 42 18 23 0 0.00 M M 11.7 25 240 M M 0 32 230
4 57 24 41 18 24 0 0.00 M M 20.1 32 240 M M 0 42 260
5 47 7 27 4 38 0 0.00 M M 23.6 56 260 M M 2 76 260
6 39 4 22 -1 43 0 0.00 M M 17.1 41 250 M M 5 52 240
7 42 30 36 14 29 0 0.00 M M 20.9 43 270 M M 3 54 260
8 45 29 37 15 28 0 0.00 M M 25.4 53 230 M M 2 62 230
9 36 24 30 8 35 0 0.11 M M 17.6 38 270 M M 7 1 49 270
10 24 6 15 -7 50 0 T M M 15.2 29 310 M M 7 1 36 310
11 28 5 17 -5 48 0 0.00 M M 24.9 45 260 M M 1 89 58 270
12 42 26 34 13 31 0 0.00 M M 19.8 41 240 M M 0 57 240
13 50 19 35 14 30 0 0.00 M M 12.3 28 220 M M 0 39 210
14 52 25 39 18 26 0 0.00 M M 16.3 35 220 M M 0 46 210
15 36 14 25 4 40 0 0.00 M M 25.2 46 260 M M 3 58 260
16 35 14 25 4 40 0 0.00 M M 17.1 46 240 M M 4 55 240
17 28 5 17 -4 48 0 T M M 15.5 36 270 M M 6 1 45 270
18 34 3 19 -2 46 0 0.00 M M 12.7 25 230 M M 0 30 230
19 40 22 31 10 34 0 0.00 M M 20.7 32 230 M M 0 41 230
20 46 28 37 17 28 0 0.00 M M 19.1 32 230 M M 0 41 230
21 46 28 37 17 28 0 0.00 M M 25.0 46 270 M M 1 58 260
22 49 27 38 18 27 0 0.00 M M 17.9 40 240 M M 0 50 230
23 42 25 34 14 31 0 0.01 M M 19.3 39 230 M M 3 49 230
24 36 22 29 9 36 0 0.04 M M 16.3 29 280 M M 6 1 37 310
25 30 10 20 0 45 0 0.12 M M 12.2 32 250 M M 5 12 43 260
26 30 9 20 0 45 0 0.05 M M 18.4 47 270 M M 5 129 62 280
27 26 2 14 -7 51 0 T M M 13.8 38 290 M M 6 18 57 290
28 20 3 12 -9 53 0 T M M 14.0 35 270 M M 4 1289 57 260
29 22 -3 10 -11 55 0 0.00 M M 12.7 32 240 M M 3 8 40 240
30 29 16 23 2 42 0 T M M 21.9 47 230 M M 5 189 57 240
31 25 11 18 -3 47 0 0.02 M M 9.2 25 290 M M 10 1289 34 280
================================================================================
SM 1214 531 1135 0 0.35 M 549.1 M 88
================================================================================
AV 39.2 17.1 17.7 FASTST M M 3 MAX(MPH)
MISC ----> 56 260 76 260
================================================================================
NOTES:
# LAST OF SEVERAL OCCURRENCES
COLUMN 17 PEAK WIND IN M.P.H.
PRELIMINARY LOCAL CLIMATOLOGICAL DATA (WS FORM: F-6) , PAGE 2
STATION: LARAMIE WYOMING AIRPORT
MONTH: DECEMBER
YEAR: 2021
LATITUDE: 41 18 N
LONGITUDE: 105 40 W
[TEMPERATURE DATA] [PRECIPITATION DATA] SYMBOLS USED IN COLUMN 16
AVERAGE MONTHLY: 28.1 TOTAL FOR MONTH: 0.35 1 = FOG OR MIST
DPTR FM NORMAL: 6.6 DPTR FM NORMAL: 0.03 2 = FOG REDUCING VISIBILITY
HIGHEST: 62 ON 2 GRTST 24HR 0.13 ON 24-25 TO 1/4 MILE OR LESS
LOWEST: -3 ON 29 3 = THUNDER
SNOW, ICE PELLETS, HAIL 4 = ICE PELLETS
TOTAL MONTH: M 5 = HAIL
GRTST 24HR M ON M 6 = FREEZING RAIN OR DRIZZLE
GRTST DEPTH: M ON M 7 = DUSTSTORM OR SANDSTORM:
VSBY 1/2 MILE OR LESS
8 = SMOKE OR HAZE
[NO. OF DAYS WITH] [WEATHER - DAYS WITH] 9 = BLOWING SNOW
X = TORNADO
MAX 32 OR BELOW: 10 0.01 INCH OR MORE: 6
MAX 90 OR ABOVE: 0 0.10 INCH OR MORE: 2
MIN 32 OR BELOW: 29 0.50 INCH OR MORE: 0
MIN 0 OR BELOW: 1 1.00 INCH OR MORE: 0
[HDD (BASE 65) ]
TOTAL THIS MO. 1135 CLEAR (SCALE 0-3) 17
DPTR FM NORMAL -215 PTCLDY (SCALE 4-7) 13
TOTAL FM JUL 1 2884 CLOUDY (SCALE 8-10) 1
DPTR FM NORMAL -689
[CDD (BASE 65) ]
TOTAL THIS MO. 0
DPTR FM NORMAL 0 [PRESSURE DATA]
TOTAL FM JAN 1 159 HIGHEST SLP 30.39 ON 18
DPTR FM NORMAL 74 LOWEST SLP 29.23 ON 15
[REMARKS]
DECEMBER 3...TIED RECORD HIGH 58 DEGREES SET IN 1998.
DECEMBER 4...RECORD HIGH 57 DEGREES (PREVIOUS 56 DEGREES IN 1965)
DECEMBER 9...RECORD PRECIPITATION 0.11" (PREVIOUS 0.09" IN 1998)
MEAN TEMPERATURE 28.1 DEGREES WAS 4TH WARMEST FOR DECEMBER
#FINAL-12-21#