000
CXUS52 KILM 011000
CF6LBT
PRELIMINARY LOCAL CLIMATOLOGICAL DATA (WS FORM: F-6)
STATION: LUMBERTON NORTH CAROLINA
MONTH: MARCH
YEAR: 2021
LATITUDE: 34 35 N
LONGITUDE: 79 4 W
TEMPERATURE IN F: :PCPN: SNOW: WIND :SUNSHINE: SKY :PK WND
================================================================================
1 2 3 4 5 6A 6B 7 8 9 10 11 12 13 14 15 16 17 18
12Z AVG MX 2MIN
DY MAX MIN AVG DEP HDD CDD WTR SNW DPTH SPD SPD DIR MIN PSBL S-S WX SPD DR
================================================================================
1 71 54 63 13 2 0 0.06 M M M M M M M M M M
2 53 46 50 0 15 0 0.00 M M M M M M M M M M
3 63 39 51 0 14 0 0.12 M M M M M M M M M M
4 70 36 53 2 12 0 0.00 M M M M M M M M M M
5 57 40 49 -2 16 0 0.00 M M M M M M M M M M
6 55 32 44 -7 21 0 0.00 M M M M M M M M M M
7 56 29 43 -9 22 0 0.00 M M M M M M M M M M
8 64 27 46 -6 19 0 0.00 M M M M M M M M M M
9 72 33 53 1 12 0 0.00 M M M M M M M M M M
10 75 39 57 5 8 0 0.00 M M M M M M M M M M
11 75 41 58 5 7 0 0.00 M M M M M M M M M M
12 79 51 65 12 0 0 0.00 M M M M M M M M M M
13 66 56 61 8 4 0 0.00 M M M M M M M M M M
14 76 53 65 11 0 0 0.00 M M M M M M M M M M
15 62 50 56 2 9 0 0.00 M M M M M M M M M M
16 47 38 43 -11 22 0 0.92 M M M M M M M M M M
17 53 46 50 -4 15 0 0.10 M M M M M M M M M M
18 77 52 65 10 0 0 0.00 M M M M M M M M M M
19 63 40 52 -3 13 0 0.05 M M M M M M M M M M
20 51 37 44 -11 21 0 0.00 M M M M M M M M M M
21 66 45 56 0 9 0 0.00 M M M M M M M M M M
22 70 49 60 4 5 0 0.00 M M M M M M M M M M
23 66 53 60 4 5 0 0.00 M M M M M M M M M M
24 76 59 68 12 0 3 0.00 M M M M M M M M M M
25 79 56 68 11 0 3 0.00 M M M M M M M M M M
26 76 62 69 12 0 4 0.12 M M M M M M M M M M
27 85 58 72 15 0 7 0.00 M M M M M M M M M M
28 86 62 74 17 0 9 0.08 M M M M M M M M M M
29 68 45 57 -1 8 0 0.00 M M M M M M M M M M
30 74 40 57 -1 8 0 0.00 M M M M M M M M M M
31 83 61 72 14 0 7 0.36 M M M M M M M M M M
================================================================================
SM 2114 1429 267 33 1.81 M M M M
================================================================================
AV 68.2 46.1 M FASTST M M M MAX(MPH)
MISC ----> M M M M
================================================================================
NOTES:
# LAST OF SEVERAL OCCURRENCES
COLUMN 17 PEAK WIND IN M.P.H.
PRELIMINARY LOCAL CLIMATOLOGICAL DATA (WS FORM: F-6) , PAGE 2
STATION: LUMBERTON NORTH CAROLINA
MONTH: MARCH
YEAR: 2021
LATITUDE: 34 35 N
LONGITUDE: 79 4 W
[TEMPERATURE DATA] [PRECIPITATION DATA] SYMBOLS USED IN COLUMN 16
AVERAGE MONTHLY: 57.1 TOTAL FOR MONTH: 1.81 1 = FOG OR MIST
DPTR FM NORMAL: 3.0 DPTR FM NORMAL: -1.52 2 = FOG REDUCING VISIBILITY
HIGHEST: 86 ON 28 GRTST 24HR 0.92 ON 16-16 TO 1/4 MILE OR LESS
LOWEST: 27 ON 8 3 = THUNDER
SNOW, ICE PELLETS, HAIL 4 = ICE PELLETS
TOTAL MONTH: M 5 = HAIL
GRTST 24HR M ON M 6 = FREEZING RAIN OR DRIZZLE
GRTST DEPTH: M ON M 7 = DUSTSTORM OR SANDSTORM:
VSBY 1/2 MILE OR LESS
8 = SMOKE OR HAZE
[NO. OF DAYS WITH] [WEATHER - DAYS WITH] 9 = BLOWING SNOW
X = TORNADO
MAX 32 OR BELOW: 0 0.01 INCH OR MORE: 8
MAX 90 OR ABOVE: 0 0.10 INCH OR MORE: 5
MIN 32 OR BELOW: 3 0.50 INCH OR MORE: 1
MIN 0 OR BELOW: 0 1.00 INCH OR MORE: 0
[HDD (BASE 65) ]
TOTAL THIS MO. 267 CLEAR (SCALE 0-3) 0
DPTR FM NORMAL -79 PTCLDY (SCALE 4-7) 0
TOTAL FM JUL 1 2184 CLOUDY (SCALE 8-10) 31
DPTR FM NORMAL -394
[CDD (BASE 65) ]
TOTAL THIS MO. 33
DPTR FM NORMAL 23 [PRESSURE DATA]
TOTAL FM JAN 1 37 HIGHEST SLP M ON M
DPTR FM NORMAL 24 LOWEST SLP M ON M
[REMARKS]
#FINAL-03-21#