000
CXUS54 KHGX 011510
CF6LBX
PRELIMINARY LOCAL CLIMATOLOGICAL DATA (WS FORM: F-6)
STATION: ANGLETON/LAKE_JACKS
MONTH: DECEMBER
YEAR: 2022
LATITUDE: 29 6 N
LONGITUDE: 95 28 W
TEMPERATURE IN F: :PCPN: SNOW: WIND :SUNSHINE: SKY :PK WND
================================================================================
1 2 3 4 5 6A 6B 7 8 9 10 11 12 13 14 15 16 17 18
12Z AVG MX 2MIN
DY MAX MIN AVG DEP HDD CDD WTR SNW DPTH SPD SPD DIR MIN PSBL S-S WX SPD DR
================================================================================
1 61 44 53 -7 12 0 0.00 0.0 0 9.3 17 50 M M 6 23 70
2 80 60 70 11 0 5 T 0.0 0 10.0 24 160 M M 10 12 31 180
3 81 61 71 12 0 6 T 0.0 0 4.2 12 330 M M 8 12 15 10
4 74 56 65 6 0 0 0.00 0.0 0 4.6 9 140 M M 7 128 13 10
5 81 65 73 14 0 8 0.00 0.0 0 6.6 20 190 M M 7 12 28 200
6 82 68 75 16 0 10 0.00 0.0 0 11.5 21 190 M M 6 30 180
7 83 67 75 17 0 10 0.00 0.0 0 7.5 17 180 M M 7 12 24 170
8 82 66 74 16 0 9 0.00 0.0 0 6.9 13 160 M M 6 12 17 160
9 82 67 75 17 0 10 0.00 0.0 0 6.0 15 170 M M 6 12 20 180
10 80 61 71 13 0 6 0.00 0.0 0 6.8 17 150 M M 4 12 23 140
11 76 65 71 13 0 6 0.33 0.0 0 4.7 21 150 M M 10 13 25 150
12 73 64 69 11 0 4 0.03 0.0 0 9.1 16 120 M M 8 1 23 120
13 81 69 75 18 0 10 T 0.0 0 14.7 35 180 M M 8 1 46 180
14 73 46 60 3 5 0 0.54 0.0 0 9.0 25 350 M M 6 13 37 360
15 64 37 51 -6 14 0 0.00 0.0 0 3.1 12 90 M M 0 16 90
16 73 43 58 1 7 0 0.21 0.0 0 9.7 22 360 M M 5 1 33 350
17 57 37 47 -10 18 0 T 0.0 0 8.0 18 10 M M 8 25 20
18 55 35 45 -12 20 0 0.00 0.0 0 8.9 22 60 M M 4 34 60
19 56 48 52 -4 13 0 0.87 0.0 0 11.5 24 40 M M 10 13 34 50
20 61 45 53 -3 12 0 T 0.0 0 10.9 20 10 M M 8 1 26 10
21 57 40 49 -7 16 0 0.00 0.0 0 3.4 14 10 M M 6 12 19 40
22 69 23 46 -10 19 0 0.00 0.0 0 9.0 30 360 M M 7 128 44 360
23 35 19 27 -29 38 0 0.00 0.0 0 18.8 22 350 M M 0 35 350
24 43 19 31 -25 34 0 0.00 0.0 0 M M M M M M M M
25 51 20 36 -20 29 0 0.00 0.0 0 M M M M M M M M
26 65 28 47 -9 18 0 0.00 0.0 0 M M M M M M M M
27 61 31 46 -9 19 0 0.00 0.0 0 M M M M M M M M
28 78 32 55 0 10 0 0.00 0.0 0 10.7 29 170 M M M 39 180
29 80 64 72 17 0 7 0.34 0.0 0 12.2 25 170 M M M 13 37 180
30 73 56 65 10 0 0 0.01 0.0 0 5.2 13 10 M M M 1238 21 230
31 77 51 64 9 1 0 0.00 0.0 0 M M M M M M M M
================================================================================
SM 2144 1487 285 91 2.33 0.0 222.3 M 147
================================================================================
AV 69.2 48.0 8.5 FASTST M M 6 MAX(MPH)
MISC ----> 35 180 46 180
================================================================================
NOTES:
# LAST OF SEVERAL OCCURRENCES
COLUMN 17 PEAK WIND IN M.P.H.
PRELIMINARY LOCAL CLIMATOLOGICAL DATA (WS FORM: F-6) , PAGE 2
STATION: ANGLETON/LAKE_JACKS
MONTH: DECEMBER
YEAR: 2022
LATITUDE: 29 6 N
LONGITUDE: 95 28 W
[TEMPERATURE DATA] [PRECIPITATION DATA] SYMBOLS USED IN COLUMN 16
AVERAGE MONTHLY: 58.6 TOTAL FOR MONTH: 2.33 1 = FOG OR MIST
DPTR FM NORMAL: 1.6 DPTR FM NORMAL: -1.37 2 = FOG REDUCING VISIBILITY
HIGHEST: 83 ON 7 GRTST 24HR 0.87 ON 19-19 TO 1/4 MILE OR LESS
LOWEST: 19 ON 24,23 3 = THUNDER
SNOW, ICE PELLETS, HAIL 4 = ICE PELLETS
TOTAL MONTH: 0.0 INCH 5 = HAIL
GRTST 24HR 0.0 6 = FREEZING RAIN OR DRIZZLE
GRTST DEPTH: 0 7 = DUSTSTORM OR SANDSTORM:
VSBY 1/2 MILE OR LESS
8 = SMOKE OR HAZE
[NO. OF DAYS WITH] [WEATHER - DAYS WITH] 9 = BLOWING SNOW
X = TORNADO
MAX 32 OR BELOW: 0 0.01 INCH OR MORE: 7
MAX 90 OR ABOVE: 0 0.10 INCH OR MORE: 5
MIN 32 OR BELOW: 7 0.50 INCH OR MORE: 2
MIN 0 OR BELOW: 0 1.00 INCH OR MORE: 0
[HDD (BASE 65) ]
TOTAL THIS MO. 285 CLEAR (SCALE 0-3) 2
DPTR FM NORMAL 2 PTCLDY (SCALE 4-7) 16
TOTAL FM JUL 1 515 CLOUDY (SCALE 8-10) 13
DPTR FM NORMAL 77
[CDD (BASE 65) ]
TOTAL THIS MO. 91
DPTR FM NORMAL 54 [PRESSURE DATA]
TOTAL FM JAN 1 3524 HIGHEST SLP M ON M
DPTR FM NORMAL 306 LOWEST SLP 29.65 ON 14
[REMARKS]
#FINAL-12-22#