000
CXUS54 KHGX 011510
CF6LBX
PRELIMINARY LOCAL CLIMATOLOGICAL DATA (WS FORM: F-6)
STATION: ANGLETON/LAKE_JACKS
MONTH: DECEMBER
YEAR: 2021
LATITUDE: 29 6 N
LONGITUDE: 95 28 W
TEMPERATURE IN F: :PCPN: SNOW: WIND :SUNSHINE: SKY :PK WND
================================================================================
1 2 3 4 5 6A 6B 7 8 9 10 11 12 13 14 15 16 17 18
12Z AVG MX 2MIN
DY MAX MIN AVG DEP HDD CDD WTR SNW DPTH SPD SPD DIR MIN PSBL S-S WX SPD DR
================================================================================
1 80 48 64 4 1 0 0.00 0.0 0 2.7 12 200 M M 2 17 220
2 78 51 65 6 0 0 0.00 0.0 0 2.9 10 190 M M 5 12 14 190
3 80 61 71 12 0 6 0.00 0.0 0 7.0 16 190 M M 3 12 22 180
4 83 63 73 14 0 8 T 0.0 0 7.8 20 180 M M 6 12 24 170
5 79 59 69 10 0 4 0.00 0.0 0 10.4 21 170 M M 5 12 26 170
6 81 59 70 11 0 5 0.77 0.0 0 9.0 20 10 M M 9 13 27 10
7 66 58 62 4 3 0 0.00 0.0 0 4.7 12 110 M M 10 1 16 120
8 71 63 67 9 0 2 0.00 0.0 0 5.8 13 110 M M 10 18 17 90
9 84 69 77 19 0 12 T 0.0 0 11.5 23 200 M M 9 1 32 190
10 82 75 79 21 0 14 0.00 0.0 0 14.3 28 180 M M 10 1 39 170
11 75 47 61 3 4 0 0.38 0.0 0 12.2 30 360 M M 8 1 39 360
12 63 42 53 -5 12 0 0.00 0.0 0 6.1 14 40 M M 1 18 10
13 76 51 64 7 1 0 0.00 0.0 0 7.6 17 130 M M 9 1 24 130
14 81 71 76 19 0 11 0.00 0.0 0 8.9 18 170 M M 8 12 23 170
15 81 71 76 19 0 11 0.00 0.0 0 13.2 23 190 M M 5 30 190
16 83 70 77 20 0 12 0.00 0.0 0 10.7 18 180 M M 6 1 24 170
17 81 67 74 17 0 9 0.00 0.0 0 10.2 24 170 M M 5 1 30 170
18 79 54 67 10 0 2 1.19 0.0 0 9.2 25 10 M M 8 123 36 190
19 60 51 56 0 9 0 T 0.0 0 11.0 20 350 M M 6 27 360
20 60 44 52 -4 13 0 0.07 0.0 0 6.6 13 20 M M 6 1 18 350
21 64 40 52 -4 13 0 0.00 0.0 0 3.0 12 10 M M 0 18 16 310
22 72 42 57 1 8 0 0.00 0.0 0 5.3 16 170 M M 0 1 22 170
23 77 53 65 9 0 0 0.00 0.0 0 10.0 21 180 M M 1 1 29 170
24 79 63 71 15 0 6 0.00 0.0 0 13.4 25 190 M M 4 34 190
25 81 64 73 17 0 8 0.00 0.0 0 8.3 21 190 M M 8 128 28 200
26 81 63 72 16 0 7 0.00 0.0 0 8.9 23 180 M M 9 12 32 170
27 80 66 73 18 0 8 0.00 0.0 0 11.4 22 190 M M 9 1 29 180
28 82 71 77 22 0 12 0.00 0.0 0 13.9 28 190 M M 8 1 37 180
29 83 66 75 20 0 10 0.00 0.0 0 7.3 18 190 M M 8 128 26 180
30 82 64 73 18 0 8 0.00 0.0 0 4.4 12 190 M M 9 128 16 190
31 82 73 78 23 0 13 0.00 0.0 0 12.6 24 180 M M 10 18 30 180
================================================================================
SM 2386 1839 64 168 2.41 0.0 270.3 M 197
================================================================================
AV 77.0 59.3 8.7 FASTST M M 6 MAX(MPH)
MISC ----> 30 360 # 39 170
================================================================================
NOTES:
# LAST OF SEVERAL OCCURRENCES
COLUMN 17 PEAK WIND IN M.P.H.
PRELIMINARY LOCAL CLIMATOLOGICAL DATA (WS FORM: F-6) , PAGE 2
STATION: ANGLETON/LAKE_JACKS
MONTH: DECEMBER
YEAR: 2021
LATITUDE: 29 6 N
LONGITUDE: 95 28 W
[TEMPERATURE DATA] [PRECIPITATION DATA] SYMBOLS USED IN COLUMN 16
AVERAGE MONTHLY: 68.1 TOTAL FOR MONTH: 2.41 1 = FOG OR MIST
DPTR FM NORMAL: 11.1 DPTR FM NORMAL: -1.29 2 = FOG REDUCING VISIBILITY
HIGHEST: 84 ON 9 GRTST 24HR 1.19 ON 18-18 TO 1/4 MILE OR LESS
LOWEST: 40 ON 21 3 = THUNDER
SNOW, ICE PELLETS, HAIL 4 = ICE PELLETS
TOTAL MONTH: 0.0 INCH 5 = HAIL
GRTST 24HR 0.0 6 = FREEZING RAIN OR DRIZZLE
GRTST DEPTH: 0 7 = DUSTSTORM OR SANDSTORM:
VSBY 1/2 MILE OR LESS
8 = SMOKE OR HAZE
[NO. OF DAYS WITH] [WEATHER - DAYS WITH] 9 = BLOWING SNOW
X = TORNADO
MAX 32 OR BELOW: 0 0.01 INCH OR MORE: 4
MAX 90 OR ABOVE: 0 0.10 INCH OR MORE: 3
MIN 32 OR BELOW: 0 0.50 INCH OR MORE: 2
MIN 0 OR BELOW: 0 1.00 INCH OR MORE: 1
[HDD (BASE 65) ]
TOTAL THIS MO. 64 CLEAR (SCALE 0-3) 5
DPTR FM NORMAL -219 PTCLDY (SCALE 4-7) 14
TOTAL FM JUL 1 180 CLOUDY (SCALE 8-10) 12
DPTR FM NORMAL -258
[CDD (BASE 65) ]
TOTAL THIS MO. 168
DPTR FM NORMAL 131 [PRESSURE DATA]
TOTAL FM JAN 1 3312 HIGHEST SLP 30.33 ON 12
DPTR FM NORMAL 94 LOWEST SLP 29.68 ON 28
[REMARKS]
#FINAL-12-21#