000
CXUS54 KLCH 010830
CF6LFT
PRELIMINARY LOCAL CLIMATOLOGICAL DATA (WS FORM: F-6)
STATION: LAFAYETTE
MONTH: APRIL
YEAR: 2023
LATITUDE: 30 12 N
LONGITUDE: 92 0 W
TEMPERATURE IN F: :PCPN: SNOW: WIND :SUNSHINE: SKY :PK WND
================================================================================
1 2 3 4 5 6A 6B 7 8 9 10 11 12 13 14 15 16 17 18
12Z AVG MX 2MIN
DY MAX MIN AVG DEP HDD CDD WTR SNW DPTH SPD SPD DIR MIN PSBL S-S WX SPD DR
================================================================================
1 90 66 78 12 0 13 0.00 0.0 0 7.0 15 330 M M 5 1 23 240
2 85 62 74 8 0 9 T 0.0 M 7.0 17 190 M M 3 26 160
3 88 75 82 16 0 17 T 0.0 M 12.0 22 200 M M 8 1 30 200
4 86 75 81 14 0 16 0.00 0.0 M 11.6 22 170 M M 8 36 200
5 86 76 81 14 0 16 0.00 0.0 M 10.6 25 170 M M 7 8 39 170
6 86 58 72 5 0 7 0.57 0.0 M 6.9 22 350 M M 9 13 32 360
7 72 57 65 -2 0 0 3.82 0.0 M 11.0 29 30 M M 10 13 39 20
8 68 57 63 -4 2 0 0.09 0.0 M 9.7 15 20 M M 10 1 21 360
9 65 60 63 -5 2 0 0.00 0.0 M 5.6 12 70 M M 10 1 19 80
10 74 58 66 -2 0 1 0.00 0.0 M 6.5 13 20 M M 7 17 360
11 76 57 67 -1 0 2 0.00 0.0 M 4.9 14 40 M M 3 21 70
12 76 60 68 0 0 3 0.00 0.0 M 6.8 16 40 M M 6 23 40
13 74 57 66 -2 0 1 T 0.0 M 6.2 15 320 M M 5 22 340
14 82 57 70 1 0 5 0.00 0.0 M 4.2 15 200 M M 1 12 22 220
15 80 66 73 4 0 8 0.19 0.0 M 3.4 24 310 M M 7 13 33 300
16 75 57 66 -3 0 1 0.36 0.0 M 10.3 24 340 M M 2 13 38 330
17 78 47 63 -6 2 0 0.00 0.0 M 3.3 13 20 M M 0 19 50
18 74 53 64 -6 1 0 0.01 0.0 M 3.5 15 180 M M 1 1 23 190
19 81 57 69 -1 0 4 0.00 0.0 0 5.8 16 180 M M 0 1 23 210
20 85 65 75 5 0 10 0.00 0.0 0 7.3 17 180 M M 5 27 170
21 81 64 73 3 0 8 1.13 0.0 M 7.7 23 330 M M 4 13 34 340
22 80 56 68 -3 0 3 0.00 0.0 0 7.2 18 20 M M 1 26 40
23 73 57 65 -6 0 0 0.00 0.0 M 8.6 18 20 M M 2 27 20
24 73 56 65 -6 0 0 0.00 0.0 M 7.4 14 40 M M 7 21 40
25 80 56 68 -3 0 3 0.00 0.0 0 3.1 10 30 M M 3 16 10
26 84 62 73 1 0 8 T 0.0 0 3.5 13 170 M M 4 1 21 170
27 81 64 73 1 0 8 0.43 0.0 M 7.9 24 250 M M 5 13 34 270
28 83 60 72 0 0 7 0.00 0.0 M 2.5 10 300 M M 0 1 17 300
29 74 61 68 -4 0 3 0.09 0.0 M 11.2 21 300 M M 6 1 31 300
30 80 55 68 -5 0 3 0.00 0.0 M 8.0 16 220 M M 0 24 260
================================================================================
SM 2370 1811 7 156 6.69 0.0 210.7 M 139
================================================================================
AV 79.0 60.4 7.0 FASTST M M 5 MAX(MPH)
MISC ----> 29 30 # 39 170
================================================================================
NOTES:
# LAST OF SEVERAL OCCURRENCES
COLUMN 17 PEAK WIND IN M.P.H.
PRELIMINARY LOCAL CLIMATOLOGICAL DATA (WS FORM: F-6) , PAGE 2
STATION: LAFAYETTE
MONTH: APRIL
YEAR: 2023
LATITUDE: 30 12 N
LONGITUDE: 92 0 W
[TEMPERATURE DATA] [PRECIPITATION DATA] SYMBOLS USED IN COLUMN 16
AVERAGE MONTHLY: 69.7 TOTAL FOR MONTH: 6.69 1 = FOG OR MIST
DPTR FM NORMAL: 0.5 DPTR FM NORMAL: 1.78 2 = FOG REDUCING VISIBILITY
HIGHEST: 90 ON 1 GRTST 24HR 3.93 ON 6- 7 TO 1/4 MILE OR LESS
LOWEST: 47 ON 17 3 = THUNDER
SNOW, ICE PELLETS, HAIL 4 = ICE PELLETS
TOTAL MONTH: 0.0 INCH 5 = HAIL
GRTST 24HR 0.0 6 = FREEZING RAIN OR DRIZZLE
GRTST DEPTH: 0 7 = DUSTSTORM OR SANDSTORM:
VSBY 1/2 MILE OR LESS
8 = SMOKE OR HAZE
[NO. OF DAYS WITH] [WEATHER - DAYS WITH] 9 = BLOWING SNOW
X = TORNADO
MAX 32 OR BELOW: 0 0.01 INCH OR MORE: 9
MAX 90 OR ABOVE: 1 0.10 INCH OR MORE: 6
MIN 32 OR BELOW: 0 0.50 INCH OR MORE: 3
MIN 0 OR BELOW: 0 1.00 INCH OR MORE: 2
[HDD (BASE 65) ]
TOTAL THIS MO. 7 CLEAR (SCALE 0-3) 12
DPTR FM NORMAL -31 PTCLDY (SCALE 4-7) 13
TOTAL FM JUL 1 1025 CLOUDY (SCALE 8-10) 5
DPTR FM NORMAL -348
[CDD (BASE 65) ]
TOTAL THIS MO. 156
DPTR FM NORMAL -6 [PRESSURE DATA]
TOTAL FM JAN 1 485 HIGHEST SLP 30.26 ON 10
DPTR FM NORMAL 210 LOWEST SLP 29.67 ON 29
[REMARKS]
#FINAL-04-23#