000
CXUS55 KBOU 010900
CF6LIC
PRELIMINARY LOCAL CLIMATOLOGICAL DATA (WS FORM: F-6)
STATION: LIMON CO
MONTH: MARCH
YEAR: 2023
LATITUDE: 39 10 N
LONGITUDE: 103 42 W
TEMPERATURE IN F: :PCPN: SNOW: WIND :SUNSHINE: SKY :PK WND
================================================================================
1 2 3 4 5 6A 6B 7 8 9 10 11 12 13 14 15 16 17 18
12Z AVG MX 2MIN
DY MAX MIN AVG DEP HDD CDD WTR SNW DPTH SPD SPD DIR MIN PSBL S-S WX SPD DR
================================================================================
1 42 15 29 -3 36 0 0.00 M M 9.6 31 150 M M 3 42 140
2 44 15 30 -2 35 0 0.00 M M 4.1 10 350 M M 0 13 320
3 49 22 36 3 29 0 0.03 M M 6.9 20 360 M M 3 12 26 350
4 43 22 33 0 32 0 0.00 M M 13.2 31 160 M M 5 12 40 160
5 61 20 41 8 24 0 0.00 M M 11.2 30 360 M M 0 48 230
6 48 20 34 0 31 0 0.00 M M 11.8 25 140 M M 1 1 32 120
7 32 24 28 -6 37 0 0.00 M M 8.0 17 150 M M 10 1 23 150
8 32 25 29 -5 36 0 0.00 M M 10.7 18 140 M M 10 12 25 150
9 49 22 36 1 29 0 0.00 M M 10.0 25 320 M M 3 12 33 320
10 54 24 39 4 26 0 0.00 M M 9.3 20 150 M M 0 24 160
11 49 32 41 5 24 0 0.00 M M 11.3 28 20 M M 5 36 360
12 45 21 33 -3 32 0 T M M 7.4 17 120 M M 3 24 150
13 49 17 33 -3 32 0 0.00 M M 10.0 21 160 M M 1 26 200
14 65 16 41 4 24 0 0.00 M M 4.9 15 180 M M 0 19 200
15 72 30 51 14 14 0 0.00 M M 10.6 41 360 M M 3 55 350
16 40 15 28 -10 37 0 T M M 22.1 38 350 M M 8 1 50 350
17 42 12 27 -11 38 0 0.00 M M 11.1 25 360 M M 2 34 340
18 41 9 25 -13 40 0 0.00 M M 9.4 26 340 M M 0 38 330
19 56 12 34 -5 31 0 0.00 M M 9.2 22 210 M M 0 29 220
20 57 20 39 0 26 0 0.00 M M 7.0 20 170 M M 2 30 200
21 55 20 38 -1 27 0 0.00 M M 8.4 22 110 M M 3 28 110
22 64 19 42 2 23 0 0.00 M M 10.9 29 20 M M 1 36 40
23 58 26 42 2 23 0 0.17 M M 10.4 32 40 M M 6 123 45 40
24 51 27 39 -1 26 0 0.02 M M 5.8 20 230 M M 6 12 28 10
25 39 21 30 -10 35 0 0.03 M M 12.4 28 340 M M 6 18 37 340
26 44 12 28 -12 37 0 0.05 M M 9.2 23 70 M M 4 1 30 70
27 31 17 24 -17 41 0 0.03 M M 15.3 43 320 M M 6 18 59 330
28 50 10 30 -11 35 0 0.00 M M 10.5 29 170 M M 0 39 150
29 55 21 38 -3 27 0 0.00 M M 10.9 26 140 M M 0 37 130
30 72 21 47 6 18 0 0.00 M M 14.1 36 210 M M 0 54 190
31 55 23 39 -3 26 0 0.00 M M 17.7 40 310 M M 1 57 310
================================================================================
SM 1544 610 931 0 0.33 M 323.4 M 92
================================================================================
AV 49.8 19.7 10.4 FASTST M M 3 MAX(MPH)
MISC ----> 43 320 59 330
================================================================================
NOTES:
# LAST OF SEVERAL OCCURRENCES
COLUMN 17 PEAK WIND IN M.P.H.
PRELIMINARY LOCAL CLIMATOLOGICAL DATA (WS FORM: F-6) , PAGE 2
STATION: LIMON CO
MONTH: MARCH
YEAR: 2023
LATITUDE: 39 10 N
LONGITUDE: 103 42 W
[TEMPERATURE DATA] [PRECIPITATION DATA] SYMBOLS USED IN COLUMN 16
AVERAGE MONTHLY: 34.7 TOTAL FOR MONTH: 0.33 1 = FOG OR MIST
DPTR FM NORMAL: -2.6 DPTR FM NORMAL: -0.47 2 = FOG REDUCING VISIBILITY
HIGHEST: 72 ON 15,30 GRTST 24HR 0.19 ON 23-24 TO 1/4 MILE OR LESS
LOWEST: 9 ON 18 3 = THUNDER
SNOW, ICE PELLETS, HAIL 4 = ICE PELLETS
TOTAL MONTH: M 5 = HAIL
GRTST 24HR M ON M 6 = FREEZING RAIN OR DRIZZLE
GRTST DEPTH: M ON M 7 = DUSTSTORM OR SANDSTORM:
VSBY 1/2 MILE OR LESS
8 = SMOKE OR HAZE
[NO. OF DAYS WITH] [WEATHER - DAYS WITH] 9 = BLOWING SNOW
X = TORNADO
MAX 32 OR BELOW: 3 0.01 INCH OR MORE: 6
MAX 90 OR ABOVE: 0 0.10 INCH OR MORE: 1
MIN 32 OR BELOW: 31 0.50 INCH OR MORE: 0
MIN 0 OR BELOW: 0 1.00 INCH OR MORE: 0
[HDD (BASE 65) ]
TOTAL THIS MO. 931 CLEAR (SCALE 0-3) 19
DPTR FM NORMAL 71 PTCLDY (SCALE 4-7) 10
TOTAL FM JUL 1 6128 CLOUDY (SCALE 8-10) 2
DPTR FM NORMAL 157
[CDD (BASE 65) ]
TOTAL THIS MO. 0
DPTR FM NORMAL 0 [PRESSURE DATA]
TOTAL FM JAN 1 0 HIGHEST SLP M ON M
DPTR FM NORMAL 0 LOWEST SLP 29.29 ON 30
[REMARKS]
#FINAL-03-23#