000
CXHW51 PHFO 011250
CF6LIH
PRELIMINARY LOCAL CLIMATOLOGICAL DATA (WS FORM: F-6)
STATION: LIHUE HI
MONTH: MARCH
YEAR: 2023
LATITUDE: 21 58 N
LONGITUDE: 159 21 W
TEMPERATURE IN F: :PCPN: SNOW: WIND :SUNSHINE: SKY :PK WND
================================================================================
1 2 3 4 5 6A 6B 7 8 9 10 11 12 13 14 15 16 17 18
12Z AVG MX 2MIN
DY MAX MIN AVG DEP HDD CDD WTR SNW DPTH SPD SPD DIR MIN PSBL S-S WX SPD DR
================================================================================
1 79 69 74 2 0 9 0.02 M M 24.8 37 60 M M 9 18 44 60
2 79 70 75 3 0 10 0.02 M M 21.5 30 70 M M 8 1 37 40
3 79 68 74 2 0 9 0.11 M M 16.0 28 90 M M 7 1 34 160
4 80 70 75 3 0 10 0.03 M M 11.2 22 90 M M 6 1 25 70
5 80 68 74 2 0 9 0.29 M M 9.2 20 230 M M 6 1 25 220
6 82 67 75 3 0 10 0.13 M M 8.8 23 220 M M 5 1 29 220
7 81 66 74 2 0 9 0.19 M M 11.5 31 240 M M 4 1 37 240
8 81 68 75 3 0 10 0.02 M M 19.8 36 250 M M 3 47 230
9 79 60 70 -2 0 5 T M M 7.0 16 70 M M 1 19 80
10 77 61 69 -3 0 4 0.03 M M 7.4 16 30 M M 4 20 30
11 78 59 69 -4 0 4 T M M 10.0 18 170 M M 3 25 160
12 83 69 76 3 0 11 0.13 M M 13.4 25 240 M M 4 1 31 230
13 82 68 75 2 0 10 0.01 M M 9.0 18 190 M M 3 1 22 180
14 79 74 77 4 0 12 0.24 M M 10.0 22 250 M M 7 1 27 240
15 84 75 80 7 0 15 0.18 M M 13.9 23 220 M M 5 1 27 220
16 82 74 78 5 0 13 T M M 11.5 20 190 M M 3 23 200
17 83 69 76 3 0 11 T M M 8.4 18 180 M M 2 22 170
18 80 66 73 0 0 8 0.00 M M 6.7 14 150 M M 3 19 150
19 80 69 75 2 0 10 0.42 M M 6.4 15 300 M M 7 1 19 300
20 82 68 75 2 0 10 T M M 10.8 21 80 M M 5 26 80
21 82 75 79 6 0 14 T M M 9.9 20 80 M M 4 18 24 80
22 83 68 76 3 0 11 T M M 7.5 16 180 M M 2 1 24 180
23 78 68 73 0 0 8 1.39 M M 6.2 22 160 M M 8 13 26 160
24 82 67 75 2 0 10 T M M 6.3 12 50 M M 3 17 270
25 82 74 78 5 0 13 T M M 11.1 16 100 M M 5 19 90
26 81 70 76 2 0 11 T M M 8.6 15 90 M M 6 18 90
27 81 68 75 1 0 10 T M M 7.4 16 140 M M 2 20 160
28 82 68 75 1 0 10 0.02 M M 11.0 23 160 M M 4 29 160
29 77 71 74 0 0 9 1.63 M M 12.3 24 170 M M 8 1 33 160
30 82 74 78 4 0 13 T M M 10.4 17 170 M M 7 23 170
31 81 71 76 2 0 11 1.26 M M 7.8 21 20 M M 9 18 24 20
================================================================================
SM 2501 2132 0 309 6.12 M 335.8 M 153
================================================================================
AV 80.7 68.8 10.8 FASTST M M 5 MAX(MPH)
MISC ----> 37 60 47 230
================================================================================
NOTES:
# LAST OF SEVERAL OCCURRENCES
COLUMN 17 PEAK WIND IN M.P.H.
PRELIMINARY LOCAL CLIMATOLOGICAL DATA (WS FORM: F-6) , PAGE 2
STATION: LIHUE HI
MONTH: MARCH
YEAR: 2023
LATITUDE: 21 58 N
LONGITUDE: 159 21 W
[TEMPERATURE DATA] [PRECIPITATION DATA] SYMBOLS USED IN COLUMN 16
AVERAGE MONTHLY: 74.7 TOTAL FOR MONTH: 6.12 1 = FOG OR MIST
DPTR FM NORMAL: 1.8 DPTR FM NORMAL: 0.51 2 = FOG REDUCING VISIBILITY
HIGHEST: 84 ON 15 GRTST 24HR 1.65 ON 28-29 TO 1/4 MILE OR LESS
LOWEST: 59 ON 11 3 = THUNDER
SNOW, ICE PELLETS, HAIL 4 = ICE PELLETS
TOTAL MONTH: M 5 = HAIL
GRTST 24HR M ON M 6 = FREEZING RAIN OR DRIZZLE
GRTST DEPTH: M ON M 7 = DUSTSTORM OR SANDSTORM:
VSBY 1/2 MILE OR LESS
8 = SMOKE OR HAZE
[NO. OF DAYS WITH] [WEATHER - DAYS WITH] 9 = BLOWING SNOW
X = TORNADO
MAX 32 OR BELOW: 0 0.01 INCH OR MORE: 18
MAX 90 OR ABOVE: 0 0.10 INCH OR MORE: 11
MIN 32 OR BELOW: 0 0.50 INCH OR MORE: 3
MIN 0 OR BELOW: 0 1.00 INCH OR MORE: 3
[HDD (BASE 65) ]
TOTAL THIS MO. 0 CLEAR (SCALE 0-3) 8
DPTR FM NORMAL 0 PTCLDY (SCALE 4-7) 20
TOTAL FM JUL 1 0 CLOUDY (SCALE 8-10) 3
DPTR FM NORMAL 0
[CDD (BASE 65) ]
TOTAL THIS MO. 309
DPTR FM NORMAL 64 [PRESSURE DATA]
TOTAL FM JAN 1 863 HIGHEST SLP 30.25 ON 1
DPTR FM NORMAL 192 LOWEST SLP 29.67 ON 8
[REMARKS]
#FINAL-03-23#