000
CXUS54 KLZK 011230
CF6LLQ
PRELIMINARY LOCAL CLIMATOLOGICAL DATA (WS FORM: F-6)
STATION: MONTICELLO
MONTH: AUGUST
YEAR: 2023
LATITUDE: 33 37 N
LONGITUDE: 91 45 W
TEMPERATURE IN F: :PCPN: SNOW: WIND :SUNSHINE: SKY :PK WND
================================================================================
1 2 3 4 5 6A 6B 7 8 9 10 11 12 13 14 15 16 17 18
12Z AVG MX 2MIN
DY MAX MIN AVG DEP HDD CDD WTR SNW DPTH SPD SPD DIR MIN PSBL S-S WX SPD DR
================================================================================
1 97 76 87 4 0 22 0.00 0.0 0 2.6 9 60 M M 0 12 50
2 99 76 88 5 0 23 0.00 0.0 0 3.3 12 150 M M 0 15 150
3 99 82 91 8 0 26 0.00 0.0 0 6.0 13 230 M M 0 18 250
4 100 81 91 8 0 26 0.00 0.0 0 5.8 18 40 M M 0 3 26 40
5 100 81 91 8 0 26 0.00 0.0 0 5.8 15 270 M M 0 21 240
6 94 79 87 4 0 22 0.00 0.0 0 5.3 18 310 M M 0 34 330
7 89 74 82 -1 0 17 0.09 0.0 M 5.6 15 220 M M 2 38 22 230
8 79 71 75 -8 0 10 3.03 0.0 0 4.4 28 300 M M 4 13 37 310
9 95 73 84 1 0 19 0.00 0.0 M 6.7 16 220 M M 1 24 210
10 93 79 86 3 0 21 0.07 0.0 M 6.2 16 220 M M 3 3 23 210
11 93 79 86 4 0 21 T 0.0 M 3.9 15 230 M M 1 1 20 220
12 97 78 88 6 0 23 0.00 0.0 0 4.8 13 270 M M 1 17 250
13 98 80 89 7 0 24 0.00 0.0 0 4.7 13 250 M M 0 19 220
14 98 76 87 5 0 22 0.67 0.0 0 6.2 14 220 M M 1 13 21 30
15 87 70 79 -3 0 14 0.46 0.0 0 3.1 12 310 M M 2 13 18 280
16 85 66 76 -6 0 11 0.00 0.0 0 2.3 9 30 M M 2 1 14 50
17 91 63 77 -5 0 12 0.00 0.0 0 2.0 9 280 M M 0 1 15 270
18 96 69 83 1 0 18 0.00 0.0 0 1.8 8 70 M M 0 10 80
19 98 74 86 4 0 21 0.00 0.0 0 2.8 8 70 M M 0 11 130
20 97 74 86 4 0 21 0.00 0.0 0 2.2 12 70 M M 0 16 40
21 98 74 86 4 0 21 0.00 0.0 0 1.2 8 90 M M 0 10 130
22 99 76 88 6 0 23 0.00 0.0 0 1.7 10 230 M M 0 14 230
23 98 77 88 7 0 23 0.00 0.0 0 1.3 7 100 M M 1 18 11 50
24 102 77 90 9 0 25 0.00 0.0 0 0.1 8 50 M M 0 1 9 60
25 101 77 89 8 0 24 0.00 0.0 0 1.8 9 340 M M 0 13 14 330
26 101 79 90 9 0 25 0.00 0.0 0 3.5 14 330 M M 0 3 20 340
27 94 77 86 5 0 21 0.00 0.0 0 4.6 14 80 M M 3 8 18 50
28 88 73 81 0 0 16 0.00 0.0 0 4.5 14 50 M M 8 8 19 50
29 90 69 80 -1 0 15 0.00 0.0 0 4.1 16 50 M M 1 21 50
30 91 64 78 -2 0 13 0.00 0.0 0 4.3 15 60 M M 0 20 50
31 88 66 77 -3 0 12 0.00 0.0 0 3.7 16 60 M M 0 19 60
================================================================================
SM 2935 2310 0 617 4.32 0.0 116.3 M 30
================================================================================
AV 94.7 74.5 3.8 FASTST M M 1 MAX(MPH)
MISC ----> 28 300 37 310
================================================================================
NOTES:
# LAST OF SEVERAL OCCURRENCES
COLUMN 17 PEAK WIND IN M.P.H.
PRELIMINARY LOCAL CLIMATOLOGICAL DATA (WS FORM: F-6) , PAGE 2
STATION: MONTICELLO
MONTH: AUGUST
YEAR: 2023
LATITUDE: 33 37 N
LONGITUDE: 91 45 W
[TEMPERATURE DATA] [PRECIPITATION DATA] SYMBOLS USED IN COLUMN 16
AVERAGE MONTHLY: 84.6 TOTAL FOR MONTH: 4.32 1 = FOG OR MIST
DPTR FM NORMAL: 2.7 DPTR FM NORMAL: 1.32 2 = FOG REDUCING VISIBILITY
HIGHEST: 102 ON 24 GRTST 24HR 3.11 ON 7- 8 TO 1/4 MILE OR LESS
LOWEST: 63 ON 17 3 = THUNDER
SNOW, ICE PELLETS, HAIL 4 = ICE PELLETS
TOTAL MONTH: 0.0 INCH 5 = HAIL
GRTST 24HR 0.0 6 = FREEZING RAIN OR DRIZZLE
GRTST DEPTH: 0 7 = DUSTSTORM OR SANDSTORM:
VSBY 1/2 MILE OR LESS
8 = SMOKE OR HAZE
[NO. OF DAYS WITH] [WEATHER - DAYS WITH] 9 = BLOWING SNOW
X = TORNADO
MAX 32 OR BELOW: 0 0.01 INCH OR MORE: 5
MAX 90 OR ABOVE: 25 0.10 INCH OR MORE: 3
MIN 32 OR BELOW: 0 0.50 INCH OR MORE: 2
MIN 0 OR BELOW: 0 1.00 INCH OR MORE: 1
[HDD (BASE 65) ]
TOTAL THIS MO. 0 CLEAR (SCALE 0-3) 28
DPTR FM NORMAL 0 PTCLDY (SCALE 4-7) 3
TOTAL FM JUL 1 0 CLOUDY (SCALE 8-10) 0
DPTR FM NORMAL 0
[CDD (BASE 65) ]
TOTAL THIS MO. 617
DPTR FM NORMAL 92 [PRESSURE DATA]
TOTAL FM JAN 1 2069 HIGHEST SLP 30.15 ON 8
DPTR FM NORMAL 218 LOWEST SLP 29.73 ON 10
[REMARKS]
#FINAL-08-23#