000
CXUS53 KMKX 010910
CF6LNR
PRELIMINARY LOCAL CLIMATOLOGICAL DATA (WS FORM: F-6)
STATION: LONE ROCK WI
MONTH: NOVEMBER
YEAR: 2021
LATITUDE: 43 12 N
LONGITUDE: 90 11 W
TEMPERATURE IN F: :PCPN: SNOW: WIND :SUNSHINE: SKY :PK WND
================================================================================
1 2 3 4 5 6A 6B 7 8 9 10 11 12 13 14 15 16 17 18
12Z AVG MX 2MIN
DY MAX MIN AVG DEP HDD CDD WTR SNW DPTH SPD SPD DIR MIN PSBL S-S WX SPD DR
================================================================================
1 47 28 38 -5 27 0 0.00 M M 7.9 23 280 M M 4 31 280
2 47 20 34 -9 31 0 0.00 M M 5.9 17 310 M M 1 8 24 280
3 44 17 31 -11 34 0 0.00 M M 1.7 10 300 M M 3 1 15 260
4 52 28 40 -2 25 0 0.00 M M 4.0 12 220 M M 7 17 230
5 54 28 41 0 24 0 0.00 M M 8.1 24 200 M M 1 32 190
6 61 37 49 8 16 0 0.00 M M 5.2 14 210 M M 1 19 200
7 66 31 49 9 16 0 0.00 M M 5.7 17 200 M M 2 12 24 180
8 68 36 52 12 13 0 0.00 M M 5.4 20 10 M M 0 25 20
9 59 25 42 2 23 0 0.00 M M 2.5 13 10 M M 1 16 10
10 56 22 39 0 26 0 0.27 M M 9.2 23 110 M M 4 18 30 110
11 56 37 47 8 18 0 0.35 M M 12.7 28 270 M M 9 1 38 270
12 39 35 37 -1 28 0 0.07 M M 9.7 16 300 M M 9 1 24 240
13 38 31 35 -3 30 0 0.03 M M 9.2 17 300 M M 10 1 24 290
14 37 31 34 -3 31 0 0.01 M M 12.6 22 330 M M 10 1 37 300
15 34 22 28 -9 37 0 T M M 2.5 10 310 M M 6 15 290
16 48 21 35 -2 30 0 0.00 M M 7.8 20 120 M M 0 26 110
17 49 34 42 6 23 0 0.00 M M 12.0 28 280 M M 3 18 39 280
18 34 24 29 -7 36 0 T M M 13.0 24 280 M M 6 36 260
19 40 13 27 -8 38 0 0.00 M M 5.6 15 130 M M 1 21 130
20 49 25 37 2 28 0 0.00 M M 3.8 12 270 M M 1 17 250
21 50 25 38 4 27 0 T M M 11.2 33 280 M M 5 8 48 290
22 33 17 25 -9 40 0 0.00 M M 7.0 16 290 M M 4 22 310
23 46 15 31 -3 34 0 T M M 7.1 21 190 M M 0 29 190
24 53 36 45 12 20 0 0.00 M M 7.2 18 330 M M 1 25 190
25 43 17 30 -3 35 0 T M M 11.0 20 330 M M 6 1 28 320
26 31 9 20 -12 45 0 T M M 4.7 12 130 M M 7 14 150
27 41 24 33 1 32 0 T M M 5.7 13 340 M M 4 18 320
28 39 21 30 -1 35 0 0.00 M M 8.2 24 290 M M 0 33 300
29 49 21 35 4 30 0 T M M 6.5 18 200 M M 5 24 320
30 49 23 36 6 29 0 0.00 M M 7.6 17 320 M M 0 8 25 320
================================================================================
SM 1412 753 861 0 0.73 M 220.7 M 111
================================================================================
AV 47.1 25.1 7.4 FASTST M M 4 MAX(MPH)
MISC ----> 33 280 48 290
================================================================================
NOTES:
# LAST OF SEVERAL OCCURRENCES
COLUMN 17 PEAK WIND IN M.P.H.
PRELIMINARY LOCAL CLIMATOLOGICAL DATA (WS FORM: F-6) , PAGE 2
STATION: LONE ROCK WI
MONTH: NOVEMBER
YEAR: 2021
LATITUDE: 43 12 N
LONGITUDE: 90 11 W
[TEMPERATURE DATA] [PRECIPITATION DATA] SYMBOLS USED IN COLUMN 16
AVERAGE MONTHLY: 36.1 TOTAL FOR MONTH: 0.73 1 = FOG OR MIST
DPTR FM NORMAL: -0.7 DPTR FM NORMAL: -1.22 2 = FOG REDUCING VISIBILITY
HIGHEST: 68 ON 8 GRTST 24HR 0.62 ON 10-11 TO 1/4 MILE OR LESS
LOWEST: 9 ON 26 3 = THUNDER
SNOW, ICE PELLETS, HAIL 4 = ICE PELLETS
TOTAL MONTH: M 5 = HAIL
GRTST 24HR M ON M 6 = FREEZING RAIN OR DRIZZLE
GRTST DEPTH: M ON M 7 = DUSTSTORM OR SANDSTORM:
VSBY 1/2 MILE OR LESS
8 = SMOKE OR HAZE
[NO. OF DAYS WITH] [WEATHER - DAYS WITH] 9 = BLOWING SNOW
X = TORNADO
MAX 32 OR BELOW: 1 0.01 INCH OR MORE: 5
MAX 90 OR ABOVE: 0 0.10 INCH OR MORE: 2
MIN 32 OR BELOW: 24 0.50 INCH OR MORE: 0
MIN 0 OR BELOW: 0 1.00 INCH OR MORE: 0
[HDD (BASE 65) ]
TOTAL THIS MO. 861 CLEAR (SCALE 0-3) 15
DPTR FM NORMAL 13 PTCLDY (SCALE 4-7) 11
TOTAL FM JUL 1 1278 CLOUDY (SCALE 8-10) 4
DPTR FM NORMAL -222
[CDD (BASE 65) ]
TOTAL THIS MO. 0
DPTR FM NORMAL 0 [PRESSURE DATA]
TOTAL FM JAN 1 750 HIGHEST SLP 30.49 ON 19
DPTR FM NORMAL 104 LOWEST SLP 29.37 ON 11
[REMARKS]
#FINAL-11-21#