000
CXUS55 KJKL 011000
CF6LOZ
PRELIMINARY LOCAL CLIMATOLOGICAL DATA (WS FORM: F-6)
STATION: LONDON KY
MONTH: OCTOBER
YEAR: 2020
LATITUDE: 37 4 N
LONGITUDE: 84 5 W
TEMPERATURE IN F: :PCPN: SNOW: WIND :SUNSHINE: SKY :PK WND
================================================================================
1 2 3 4 5 6A 6B 7 8 9 10 11 12 13 14 15 16 17 18
12Z AVG MX 2MIN
DY MAX MIN AVG DEP HDD CDD WTR SNW DPTH SPD SPD DIR MIN PSBL S-S WX SPD DR
================================================================================
1 69 50 60 -2 5 0 T M M 3.9 16 280 M M 3 21 270
2 63 40 52 -10 13 0 0.00 M M 2.2 12 20 M M 1 15 360
3 66 37 52 -10 13 0 0.00 M M 1.3 8 130 M M 1 1 13 140
4 69 49 59 -2 6 0 0.00 M M 5.6 17 250 M M 8 24 340
5 65 43 54 -7 11 0 0.00 M M 3.2 9 20 M M 2 1 14 60
6 74 41 58 -2 7 0 0.00 M M 3.3 15 260 M M 1 1 20 260
7 78 48 63 3 2 0 0.00 M M 4.2 14 240 M M 0 12 19 260
8 81 52 67 7 0 2 0.00 M M 1.1 8 50 M M 0 1 13 50
9 74 54 64 5 1 0 T M M 2.5 8 200 M M 3 12 190
10 66 62 64 5 1 0 0.43 M M 4.3 10 120 M M 8 1 15 190
11 68 63 66 7 0 1 0.68 M M 4.7 10 20 M M 10 1 17 20
12 77 60 69 11 0 4 0.41 M M 4.0 16 310 M M 8 123 26 290
13 69 47 58 0 7 0 0.00 M M 4.4 15 340 M M 3 1 23 320
14 77 42 60 2 5 0 0.00 M M 2.6 10 200 M M 0 14 220
15 77 50 64 6 1 0 0.08 M M 6.2 21 250 M M 4 1 28 220
16 58 36 47 -10 18 0 0.06 M M 4.7 16 330 M M 3 1 31 330
17 61 32 47 -10 18 0 0.00 M M 0.9 9 130 M M 0 18 14 110
18 61 38 50 -7 15 0 0.02 M M 2.3 14 170 M M 6 20 150
19 73 54 64 8 1 0 0.01 M M 4.6 15 200 M M 5 1 23 200
20 76 53 65 9 0 0 0.00 M M 2.3 13 190 M M 3 1 18 200
21 80 50 65 9 0 0 0.00 M M 1.8 10 210 M M 1 1 17 250
22 81 53 67 12 0 2 0.00 M M 1.0 9 200 M M 1 1 14 260
23 77 53 65 10 0 0 M M M 4.0 16 270 M M 3 1 22 220
24 64 50 57 2 8 0 0.08 M M 6.9 13 330 M M 9 1 19 350
25 68 49 59 5 6 0 0.03 M M 3.6 8 20 M M 9 1 12 20
26 60 53 57 3 8 0 T M M 3.5 10 360 M M 10 1 14 340
27 70 53 62 8 3 0 0.00 M M 3.1 9 260 M M 9 1 13 20
28 65 59 62 8 3 0 M M M 1.9 8 10 M M 10 1 10 50
29 73 48 61 8 4 0 0.41 M M 7.6 23 290 M M 10 1 35 290
30 50 37 44 -9 21 0 0.00 M M 5.0 15 340 M M 7 1 23 330
31 62 33 48 -5 17 0 0.00 M M 3.1 9 190 M M 0 1 13 180
================================================================================
SM 2152 1489 194 9 2.21 M 109.8 M 138
================================================================================
AV 69.4 48.0 3.5 FASTST M M 4 MAX(MPH)
MISC ----> # 23 290 # 35 290
================================================================================
NOTES:
# LAST OF SEVERAL OCCURRENCES
COLUMN 17 PEAK WIND IN M.P.H.
PRELIMINARY LOCAL CLIMATOLOGICAL DATA (WS FORM: F-6) , PAGE 2
STATION: LONDON KY
MONTH: OCTOBER
YEAR: 2020
LATITUDE: 37 4 N
LONGITUDE: 84 5 W
[TEMPERATURE DATA] [PRECIPITATION DATA] SYMBOLS USED IN COLUMN 16
AVERAGE MONTHLY: 58.7 TOTAL FOR MONTH: 2.21 1 = FOG OR MIST
DPTR FM NORMAL: 1.4 DPTR FM NORMAL: -0.81 2 = FOG REDUCING VISIBILITY
HIGHEST: 81 ON 22, 8 GRTST 24HR 0.68 ON 11-11 TO 1/4 MILE OR LESS
LOWEST: 32 ON 17 3 = THUNDER
SNOW, ICE PELLETS, HAIL 4 = ICE PELLETS
TOTAL MONTH: M 5 = HAIL
GRTST 24HR M ON M 6 = FREEZING RAIN OR DRIZZLE
GRTST DEPTH: M ON M 7 = DUSTSTORM OR SANDSTORM:
VSBY 1/2 MILE OR LESS
8 = SMOKE OR HAZE
[NO. OF DAYS WITH] [WEATHER - DAYS WITH] 9 = BLOWING SNOW
X = TORNADO
MAX 32 OR BELOW: 0 0.01 INCH OR MORE: 10
MAX 90 OR ABOVE: 0 0.10 INCH OR MORE: 4
MIN 32 OR BELOW: 1 0.50 INCH OR MORE: 1
MIN 0 OR BELOW: 0 1.00 INCH OR MORE: 0
[HDD (BASE 65) ]
TOTAL THIS MO. 194 CLEAR (SCALE 0-3) 16
DPTR FM NORMAL -65 PTCLDY (SCALE 4-7) 8
TOTAL FM JUL 1 240 CLOUDY (SCALE 8-10) 7
DPTR FM NORMAL -66
[CDD (BASE 65) ]
TOTAL THIS MO. 9
DPTR FM NORMAL -12 [PRESSURE DATA]
TOTAL FM JAN 1 1253 HIGHEST SLP 30.40 ON 31
DPTR FM NORMAL 65 LOWEST SLP 29.48 ON 29
[REMARKS]
#FINAL-10-20#