000
CXUS54 KCRP 011210
CF6LRD
PRELIMINARY LOCAL CLIMATOLOGICAL DATA (WS FORM: F-6)
STATION: LAREDO
MONTH: JUNE
YEAR: 2022
LATITUDE: 27 31 N
LONGITUDE: 99 28 W
TEMPERATURE IN F: :PCPN: SNOW: WIND :SUNSHINE: SKY :PK WND
================================================================================
1 2 3 4 5 6A 6B 7 8 9 10 11 12 13 14 15 16 17 18
12Z AVG MX 2MIN
DY MAX MIN AVG DEP HDD CDD WTR SNW DPTH SPD SPD DIR MIN PSBL S-S WX SPD DR
================================================================================
1 99 77 88 2 0 23 0.00 0.0 0 M M M M M 5 M M
2 99 75 87 1 0 22 0.00 0.0 0 M M M M M 4 M M
3 100 74 87 1 0 22 0.00 0.0 0 M M M M M 1 M M
4 101 73 87 0 0 22 0.00 0.0 0 M M M M M 0 M M
5 104 75 90 3 0 25 0.00 0.0 0 M M M M M 0 M M
6 106 76 91 4 0 26 0.00 0.0 0 M M M M M 0 M M
7 108 76 92 5 0 27 0.00 0.0 0 M M M M M 1 M M
8 103 76 90 3 0 25 0.00 0.0 0 M M M M M 3 M M
9 102 77 90 3 0 25 0.00 0.0 0 M M M M M 2 M M
10 104 78 91 4 0 26 0.00 0.0 0 M M M M M 0 M M
11 106 77 92 5 0 27 0.00 0.0 0 M M M M M 1 M M
12 106 77 92 5 0 27 0.00 0.0 0 M M M M M 1 M M
13 103 78 91 4 0 26 0.00 0.0 0 M M M M M 0 M M
14 100 80 90 3 0 25 0.00 0.0 0 M M M M M 0 M M
15 101 80 91 4 0 26 0.00 0.0 0 M M M M M 2 M M
16 103 77 90 3 0 25 0.00 0.0 0 M M M M M 0 M M
17 101 75 88 1 0 23 0.00 0.0 0 M M M M M 1 M M
18 100 75 88 1 0 23 T 0.0 0 M M M M M 2 M M
19 101 77 89 2 0 24 0.00 0.0 0 M M M M M 2 M M
20 103 77 90 3 0 25 0.00 0.0 0 M M M M M 2 M M
21 102 77 90 3 0 25 0.00 0.0 0 M M M M M 2 M M
22 101 77 89 2 0 24 0.00 0.0 0 M M M M M 5 M M
23 102 74 88 1 0 23 0.00 0.0 0 M M M M M 0 M M
24 105 76 91 4 0 26 0.00 0.0 0 M M M M M 0 M M
25 102 76 89 2 0 24 0.00 0.0 0 M M M M M 1 M M
26 102 76 89 2 0 24 0.00 0.0 0 M M M M M 2 M M
27 104 77 91 4 0 26 0.00 0.0 0 M M M M M 1 M M
28 100 75 88 1 0 23 T 0.0 0 M M M M M 2 M M
29 99 74 87 0 0 22 0.00 0.0 0 M M M M M 0 M M
30 102 75 89 2 0 24 0.00 0.0 0 M M M M M 1 M M
================================================================================
SM 3069 2287 0 735 T 0.0 M M 41
================================================================================
AV102.3 76.2 M FASTST M M 1 MAX(MPH)
MISC ----> M M M M
================================================================================
NOTES:
# LAST OF SEVERAL OCCURRENCES
COLUMN 17 PEAK WIND IN M.P.H.
PRELIMINARY LOCAL CLIMATOLOGICAL DATA (WS FORM: F-6) , PAGE 2
STATION: LAREDO
MONTH: JUNE
YEAR: 2022
LATITUDE: 27 31 N
LONGITUDE: 99 28 W
[TEMPERATURE DATA] [PRECIPITATION DATA] SYMBOLS USED IN COLUMN 16
AVERAGE MONTHLY: 89.3 TOTAL FOR MONTH: T 1 = FOG OR MIST
DPTR FM NORMAL: 2.3 DPTR FM NORMAL: -2.50 2 = FOG REDUCING VISIBILITY
HIGHEST: 108 ON 7 GRTST 24HR T ON 18-18 TO 1/4 MILE OR LESS
LOWEST: 73 ON 4 3 = THUNDER
SNOW, ICE PELLETS, HAIL 4 = ICE PELLETS
TOTAL MONTH: 0.0 INCH 5 = HAIL
GRTST 24HR 0.0 6 = FREEZING RAIN OR DRIZZLE
GRTST DEPTH: 0 7 = DUSTSTORM OR SANDSTORM:
VSBY 1/2 MILE OR LESS
8 = SMOKE OR HAZE
[NO. OF DAYS WITH] [WEATHER - DAYS WITH] 9 = BLOWING SNOW
X = TORNADO
MAX 32 OR BELOW: 0 0.01 INCH OR MORE: 0
MAX 90 OR ABOVE: 30 0.10 INCH OR MORE: 0
MIN 32 OR BELOW: 0 0.50 INCH OR MORE: 0
MIN 0 OR BELOW: 0 1.00 INCH OR MORE: 0
[HDD (BASE 65) ]
TOTAL THIS MO. 0 CLEAR (SCALE 0-3) 27
DPTR FM NORMAL 0 PTCLDY (SCALE 4-7) 3
TOTAL FM JUL 1 695 CLOUDY (SCALE 8-10) 0
DPTR FM NORMAL -117
[CDD (BASE 65) ]
TOTAL THIS MO. 735
DPTR FM NORMAL 75 [PRESSURE DATA]
TOTAL FM JAN 1 2149 HIGHEST SLP 30.11 ON 29
DPTR FM NORMAL 332 LOWEST SLP 29.56 ON 6
[REMARKS]
#FINAL-06-22#