000
CXUS54 KLZK 040611
CF6LRF
PRELIMINARY LOCAL CLIMATOLOGICAL DATA (WS FORM: F-6)
STATION: Jacksonville/Little Rock AFB
MONTH: FEBRUARY
YEAR: 2020
LATITUDE: 34 55 N
LONGITUDE: 92 9 W
TEMPERATURE IN F: :PCPN: SNOW: WIND :SUNSHINE: SKY :PK WND
================================================================================
1 2 3 4 5 6A 6B 7 8 9 10 11 12 13 14 15 16 17 18
12Z AVG MX 2MIN
DY MAX MIN AVG DEP HDD CDD WTR SNW DPTH SPD SPD DIR MIN PSBL S-S WX SPD DR
================================================================================
1 58 31 45 3 20 0 0.00 0.0 0 6.0 16 260 M M 2 21 260
2 76 30 53 11 12 0 0.00 0.0 0 5.4 12 210 M M 0 M M
3 68 46 57 15 8 0 T 0.0 0 8.2 18 210 M M 7 31 210
4 63 42 53 10 12 0 0.09 0.0 0 8.5 13 350 M M 10 1 30 340
5 44 35 40 -3 25 0 0.46 0.0 0 6.6 12 40 M M 10 13 M M
6 39 33 36 -7 29 0 T T 0 5.6 9 330 M M 10 M M
7 45 23 34 -9 31 0 0.00 0.0 0 2.5 7 160 M M 5 M M
8 57 26 42 -2 23 0 0.00 0.0 0 3.8 9 140 M M 1 M M
9 67 43 55 11 10 0 0.35 0.0 0 9.1 15 180 M M 9 13 27 180
10 57 41 49 5 16 0 0.72 0.0 0 7.9 10 10 M M 8 13 20 20
11 45 40 43 -1 22 0 0.07 0.0 0 6.6 9 50 M M 8 20 20
12 42 36 39 -6 26 0 1.29 0.0 0 5.5 9 10 M M 8 1 M M
13 45 26 36 -9 29 0 0.01 0.0 0 7.1 14 360 M M 5 20 310
14 39 21 30 -15 35 0 0.00 0.0 0 6.6 9 30 M M 1 M M
15 56 22 39 -6 26 0 0.00 0.0 0 3.5 10 140 M M 3 M M
16 61 43 52 6 13 0 T 0.0 0 3.6 10 110 M M 7 M M
17 63 50 57 11 8 0 0.01 0.0 0 6.4 10 170 M M 10 1 17 140
18 62 40 51 5 14 0 0.91 0.0 0 6.5 10 30 M M 10 13 M M
19 51 32 42 -4 23 0 0.00 0.0 0 12.0 18 80 M M 3 23 80
20 48 30 39 -8 26 0 0.06 0.1 0 9.1 14 40 M M 7 14 21 40
21 44 22 33 -14 32 0 0.00 0.0 0 4.7 12 30 M M 0 M M
22 52 20 36 -11 29 0 0.00 0.0 0 3.2 8 110 M M 3 M M
23 49 44 47 -1 18 0 0.16 0.0 0 4.6 6 190 M M 10 1 M M
24 69 47 58 10 7 0 0.16 0.0 0 9.3 20 260 M M 8 1 35 230
25 53 42 48 0 17 0 0.00 0.0 0 7.3 9 290 M M 10 M M
26 46 26 36 -12 29 0 T 0.0 0 7.2 16 330 M M 8 24 320
27 54 23 39 -10 26 0 0.00 0.0 0 7.5 14 250 M M 1 21 230
28 60 32 46 -3 19 0 0.00 0.0 0 7.6 17 280 M M 2 30 280
29 65 29 47 -2 18 0 0.00 0.0 0 3.1 9 110 M M 0 M M
================================================================================
SM 1578 975 603 0 4.29 0.1 185.0 M 166
================================================================================
AV 54.4 33.6 6.4 FASTST M M 6 MAX(MPH)
MISC ----> # 20 260 # 35 230
================================================================================
NOTES:
# LAST OF SEVERAL OCCURRENCES
COLUMN 17 PEAK WIND IN M.P.H.
PRELIMINARY LOCAL CLIMATOLOGICAL DATA (WS FORM: F-6) , PAGE 2
STATION: Jacksonville/Little Rock AFB
MONTH: FEBRUARY
YEAR: 2020
LATITUDE: 34 55 N
LONGITUDE: 92 9 W
[TEMPERATURE DATA] [PRECIPITATION DATA] SYMBOLS USED IN COLUMN 16
AVERAGE MONTHLY: 44.0 TOTAL FOR MONTH: 4.29 1 = FOG OR MIST
DPTR FM NORMAL: M DPTR FM NORMAL: M 2 = FOG REDUCING VISIBILITY
HIGHEST: 76 ON 2 GRTST 24HR 1.29 ON 12-12 TO 1/4 MILE OR LESS
LOWEST: 20 ON 22 3 = THUNDER
SNOW, ICE PELLETS, HAIL 4 = ICE PELLETS
TOTAL MONTH: 0.1 INCH 5 = HAIL
GRTST 24HR 0.1 ON 20-20 6 = FREEZING RAIN OR DRIZZLE
GRTST DEPTH: 0 7 = DUSTSTORM OR SANDSTORM:
VSBY 1/2 MILE OR LESS
8 = SMOKE OR HAZE
[NO. OF DAYS WITH] [WEATHER - DAYS WITH] 9 = BLOWING SNOW
X = TORNADO
MAX 32 OR BELOW: 0 0.01 INCH OR MORE: 12
MAX 90 OR ABOVE: 0 0.10 INCH OR MORE: 7
MIN 32 OR BELOW: 15 0.50 INCH OR MORE: 3
MIN 0 OR BELOW: 0 1.00 INCH OR MORE: 1
[HDD (BASE 65) ]
TOTAL THIS MO. 603 CLEAR (SCALE 0-3) 11
DPTR FM NORMAL 41 PTCLDY (SCALE 4-7) 8
TOTAL FM JUL 1 2597 CLOUDY (SCALE 8-10) 10
DPTR FM NORMAL -28
[CDD (BASE 65) ]
TOTAL THIS MO. 0
DPTR FM NORMAL -1 [PRESSURE DATA]
TOTAL FM JAN 1 0 HIGHEST SLP M ON M
DPTR FM NORMAL -2 LOWEST SLP M ON M
[REMARKS]
#FINAL-02-20#