000
CXUS54 KLZK 011230
CF6LRF
PRELIMINARY LOCAL CLIMATOLOGICAL DATA (WS FORM: F-6)
STATION: JACKSONVILLE/LITTLE ROCK AFB
MONTH: OCTOBER
YEAR: 2023
LATITUDE: 34 55 N
LONGITUDE: 92 9 W
TEMPERATURE IN F: :PCPN: SNOW: WIND :SUNSHINE: SKY :PK WND
================================================================================
1 2 3 4 5 6A 6B 7 8 9 10 11 12 13 14 15 16 17 18
12Z AVG MX 2MIN
DY MAX MIN AVG DEP HDD CDD WTR SNW DPTH SPD SPD DIR MIN PSBL S-S WX SPD DR
================================================================================
1 93 64 79 10 0 14 0.00 0.0 0 2.5 10 70 M M 1 M M
2 92 59 76 7 0 11 0.00 0.0 0 2.4 7 30 M M 2 M M
3 90 57 74 5 0 9 0.00 0.0 0 4.5 13 140 M M 1 20 140
4 73 62 68 0 0 3 0.46 0.0 0 6.0 12 170 M M 8 13 18 170
5 76 62 69 1 0 4 1.09 0.0 0 2.4 14 120 M M 7 18 27 80
6 81 58 70 2 0 5 0.00 0.0 0 5.9 10 20 M M 1 1 17 20
7 69 45 57 -10 8 0 0.00 0.0 0 3.5 10 310 M M 0 M M
8 75 43 59 -8 6 0 0.00 0.0 0 4.9 9 230 M M 0 M M
9 86 46 66 -1 0 1 0.00 0.0 0 2.7 8 270 M M 0 M M
10 83 52 68 2 0 3 0.00 0.0 0 2.5 9 70 M M 0 M M
11 78 55 67 1 0 2 0.00 0.0 0 3.5 12 220 M M 1 M M
12 68 51 60 -5 5 0 0.00 0.0 0 3.0 7 200 M M 8 M M
13 70 50 60 -5 5 0 T 0.0 0 6.1 13 200 M M 8 1 M M
14 68 50 59 -6 6 0 0.00 0.0 0 8.4 15 310 M M 4 25 310
15 65 52 59 -5 6 0 T 0.0 0 7.4 20 20 M M 9 24 20
16 69 43 56 -8 9 0 0.00 0.0 0 6.1 14 310 M M 0 18 310
17 72 41 57 -7 8 0 0.00 0.0 0 4.0 9 300 M M 0 M M
18 77 39 58 -5 7 0 0.00 0.0 0 3.7 12 210 M M 0 17 200
19 83 50 67 4 0 2 T 0.0 0 5.6 17 280 M M 2 24 270
20 84 47 66 4 0 1 0.00 0.0 0 3.9 10 10 M M 0 8 17 320
21 87 44 66 4 0 1 0.00 0.0 0 2.1 10 260 M M 0 M M
22 78 54 66 4 0 1 0.00 0.0 0 6.7 12 90 M M 2 M M
23 84 58 71 10 0 6 0.00 0.0 0 3.3 8 200 M M 8 M M
24 86 64 75 14 0 10 T 0.0 0 5.8 14 150 M M 6 21 150
25 84 63 74 14 0 9 0.00 0.0 0 4.9 14 210 M M 3 21 200
26 79 69 74 14 0 9 0.09 0.0 0 7.0 13 180 M M 8 20 200
27 77 69 73 13 0 8 0.04 0.0 0 3.6 8 220 M M 9 1 M M
28 74 56 65 6 0 0 3.41 0.0 0 5.8 13 50 M M 10 123 M M
29 56 45 51 -8 14 0 1.36 0.0 0 7.8 13 350 M M 10 12 M M
30 52 36 44 -14 21 0 0.12 0.0 0 7.8 14 350 M M 4 21 360
31 57 29 43 -15 22 0 0.00 0.0 0 5.5 12 360 M M 0 17 360
================================================================================
SM 2366 1613 117 99 6.57 0.0 149.3 M 112
================================================================================
AV 76.3 52.0 4.8 FASTST M M 4 MAX(MPH)
MISC ----> 20 20 27 80
================================================================================
NOTES:
# LAST OF SEVERAL OCCURRENCES
COLUMN 17 PEAK WIND IN M.P.H.
PRELIMINARY LOCAL CLIMATOLOGICAL DATA (WS FORM: F-6) , PAGE 2
STATION: JACKSONVILLE/LITTLE ROCK AFB
MONTH: OCTOBER
YEAR: 2023
LATITUDE: 34 55 N
LONGITUDE: 92 9 W
[TEMPERATURE DATA] [PRECIPITATION DATA] SYMBOLS USED IN COLUMN 16
AVERAGE MONTHLY: 64.2 TOTAL FOR MONTH: 6.57 1 = FOG OR MIST
DPTR FM NORMAL: 0.3 DPTR FM NORMAL: M 2 = FOG REDUCING VISIBILITY
HIGHEST: 93 ON 1 GRTST 24HR 3.41 ON 28-28 TO 1/4 MILE OR LESS
LOWEST: 29 ON 31 3 = THUNDER
SNOW, ICE PELLETS, HAIL 4 = ICE PELLETS
TOTAL MONTH: 0.0 INCH 5 = HAIL
GRTST 24HR 0.0 6 = FREEZING RAIN OR DRIZZLE
GRTST DEPTH: 0 7 = DUSTSTORM OR SANDSTORM:
VSBY 1/2 MILE OR LESS
8 = SMOKE OR HAZE
[NO. OF DAYS WITH] [WEATHER - DAYS WITH] 9 = BLOWING SNOW
X = TORNADO
MAX 32 OR BELOW: 0 0.01 INCH OR MORE: 7
MAX 90 OR ABOVE: 3 0.10 INCH OR MORE: 5
MIN 32 OR BELOW: 1 0.50 INCH OR MORE: 3
MIN 0 OR BELOW: 0 1.00 INCH OR MORE: 3
[HDD (BASE 65) ]
TOTAL THIS MO. 117 CLEAR (SCALE 0-3) 17
DPTR FM NORMAL -12 PTCLDY (SCALE 4-7) 7
TOTAL FM JUL 1 117 CLOUDY (SCALE 8-10) 7
DPTR FM NORMAL -41
[CDD (BASE 65) ]
TOTAL THIS MO. 99
DPTR FM NORMAL 22 [PRESSURE DATA]
TOTAL FM JAN 1 2201 HIGHEST SLP M ON M
DPTR FM NORMAL 175 LOWEST SLP M ON M
[REMARKS]
#FINAL-10-23#