000
CXUS54 KEPZ 011030
CF6LRU
PRELIMINARY LOCAL CLIMATOLOGICAL DATA (WS FORM: F-6)
STATION: LAS CRUCES
MONTH: JUNE
YEAR: 2020
LATITUDE: 32 17 N
LONGITUDE: 106 46 W
TEMPERATURE IN F: :PCPN: SNOW: WIND :SUNSHINE: SKY :PK WND
================================================================================
1 2 3 4 5 6A 6B 7 8 9 10 11 12 13 14 15 16 17 18
12Z AVG MX 2MIN
DY MAX MIN AVG DEP HDD CDD WTR SNW DPTH SPD SPD DIR MIN PSBL S-S WX SPD DR
================================================================================
1 92 63 78 M 0 13 0.00 M M 6.5 12 140 M M 0 20 80
2 96 62 79 M 0 14 0.00 M M 5.8 17 330 M M 1 25 220
3 101 64 83 M 0 18 0.00 0.0 0 6.9 14 270 M M 0 23 270
4 103 65 84 M 0 19 0.00 M M 5.9 9 320 M M 0 17 40
5 105 65 85 M 0 20 0.11 M M 9.0 17 220 M M 1 29 220
6 102 71 87 M 0 22 0.00 M M 13.1 27 230 M M 1 37 230
7 96 59 78 M 0 13 0.00 M M 11.3 18 230 M M 0 32 250
8 90 62 76 M 0 11 0.00 M M 17.6 32 270 M M 0 39 270
9 85 56 71 M 0 6 0.00 M M 9.7 22 350 M M 0 30 350
10 93 51 72 M 0 7 0.00 M M 6.1 14 150 M M 0 18 150
11 95 65 80 M 0 15 0.02 M M 11.4 29 350 M M 1 3 46 350
12 95 60 78 M 0 13 0.05 M M 8.8 20 270 M M 3 35 270
13 94 63 79 M 0 14 0.00 M M 9.5 16 150 M M 1 25 160
14 95 65 80 M 0 15 0.00 M M 6.0 12 140 M M 0 26 0
15 96 68 82 M 0 17 0.00 0.0 0 7.4 17 350 M M 2 25 350
16 94 65 80 M 0 15 0.00 M M 9.0 22 280 M M 1 37 230
17 97 66 82 M 0 17 0.00 M M 12.9 23 250 M M 0 33 260
18 96 64 80 M 0 15 0.00 M M 12.2 20 250 M M 0 31 250
19 96 63 80 M 0 15 0.00 M M 10.1 15 280 M M 0 28 240
20 97 62 80 M 0 15 0.00 0.0 0 7.9 18 250 M M 0 24 270
21 100 64 82 M 0 17 0.00 0.0 0 7.0 16 270 M M 0 22 220
22 103 71 87 M 0 22 0.00 M M 9.9 21 270 M M 0 29 270
23 97 71 84 M 0 19 0.00 M M 9.6 17 60 M M 0 24 60
24 99 69 84 M 0 19 0.00 M M 9.2 20 20 M M 1 3 33 20
25 99 65 82 M 0 17 0.00 M M 6.0 12 190 M M 0 17 170
26 103 71 87 M 0 22 0.00 M M 7.5 14 120 M M 0 25 120
27 100 67 84 M 0 19 0.00 M M 12.4 36 280 M M 0 44 270
28 93 70 82 M 0 17 0.00 M M 17.0 28 260 M M 2 33 260
29 93 70 82 M 0 17 0.00 M M 15.4 25 240 M M 0 36 250
30 92 70 81 M 0 16 0.00 M M 14.1 21 260 M M 0 35 250
================================================================================
SM 2897 1947 0 479 0.18 0.0 295.4 M 14
================================================================================
AV 96.6 64.9 9.8 FASTST M M 0 MAX(MPH)
MISC ----> 36 280 46 350
================================================================================
NOTES:
# LAST OF SEVERAL OCCURRENCES
COLUMN 17 PEAK WIND IN M.P.H.
PRELIMINARY LOCAL CLIMATOLOGICAL DATA (WS FORM: F-6) , PAGE 2
STATION: LAS CRUCES
MONTH: JUNE
YEAR: 2020
LATITUDE: 32 17 N
LONGITUDE: 106 46 W
[TEMPERATURE DATA] [PRECIPITATION DATA] SYMBOLS USED IN COLUMN 16
AVERAGE MONTHLY: 80.7 TOTAL FOR MONTH: 0.18 1 = FOG OR MIST
DPTR FM NORMAL: 0.0 DPTR FM NORMAL: M 2 = FOG REDUCING VISIBILITY
HIGHEST: 105 ON 5 GRTST 24HR 0.11 ON 5- 5 TO 1/4 MILE OR LESS
LOWEST: 51 ON 10 3 = THUNDER
SNOW, ICE PELLETS, HAIL 4 = ICE PELLETS
TOTAL MONTH: 0.0 INCH 5 = HAIL
GRTST 24HR 0.0 6 = FREEZING RAIN OR DRIZZLE
GRTST DEPTH: 0 7 = DUSTSTORM OR SANDSTORM:
VSBY 1/2 MILE OR LESS
8 = SMOKE OR HAZE
[NO. OF DAYS WITH] [WEATHER - DAYS WITH] 9 = BLOWING SNOW
X = TORNADO
MAX 32 OR BELOW: 0 0.01 INCH OR MORE: 3
MAX 90 OR ABOVE: 29 0.10 INCH OR MORE: 1
MIN 32 OR BELOW: 0 0.50 INCH OR MORE: 0
MIN 0 OR BELOW: 0 1.00 INCH OR MORE: 0
[HDD (BASE 65) ]
TOTAL THIS MO. 0 CLEAR (SCALE 0-3) 30
DPTR FM NORMAL M PTCLDY (SCALE 4-7) 0
TOTAL FM JUL 1 2668 CLOUDY (SCALE 8-10) 0
DPTR FM NORMAL M
[CDD (BASE 65) ]
TOTAL THIS MO. 479
DPTR FM NORMAL M [PRESSURE DATA]
TOTAL FM JAN 1 811 HIGHEST SLP M ON M
DPTR FM NORMAL M LOWEST SLP M ON M
[REMARKS]
#FINAL-06-20#