000
CXUS51 KILN 010848
CF6LUK
PRELIMINARY LOCAL CLIMATOLOGICAL DATA (WS FORM: F-6)
STATION: CINCINNATI/LUNK ASOS
MONTH: AUGUST
YEAR: 2023
LATITUDE: 39 5 N
LONGITUDE: 84 26 W
TEMPERATURE IN F: :PCPN: SNOW: WIND :SUNSHINE: SKY :PK WND
================================================================================
1 2 3 4 5 6A 6B 7 8 9 10 11 12 13 14 15 16 17 18
12Z AVG MX 2MIN
DY MAX MIN AVG DEP HDD CDD WTR SNW DPTH SPD SPD DIR MIN PSBL S-S WX SPD DR
================================================================================
1 83 57 70 -6 0 5 0.00 M M 2.8 10 40 M M 0 18 13 30
2 85 58 72 -4 0 7 0.00 M M 3.1 9 190 M M 1 18 13 120
3 88 67 78 2 0 13 0.00 M M 1.5 10 60 M M 4 18 14 60
4 91 64 78 2 0 13 0.00 M M 1.2 10 340 M M 1 18 13 330
5 88 65 77 1 0 12 T M M 3.7 14 120 M M 1 18 17 120
6 89 71 80 4 0 15 0.00 M M 9.4 23 230 M M 4 8 27 240
7 83 65 74 -2 0 9 0.29 M M 9.2 26 230 M M 7 138 35 240
8 85 64 75 -1 0 10 0.00 M M 4.6 14 230 M M 2 1 17 230
9 82 63 73 -3 0 8 0.25 M M 4.8 20 310 M M 4 138 25 310
10 83 66 75 -1 0 10 0.07 M M 5.6 16 290 M M 6 18 20 260
11 87 62 75 0 0 10 0.00 M M 4.5 15 200 M M 3 12 18 200
12 92 67 80 5 0 15 0.06 M M 6.4 22 250 M M 2 138 29 240
13 90 61 76 1 0 11 0.00 M M 3.0 12 340 M M 3 12 M M
14 81 70 76 1 0 11 0.27 M M 4.9 13 280 M M 8 128 24 230
15 77 66 72 -3 0 7 0.01 M M 9.3 20 260 M M 7 8 27 260
16 81 62 72 -3 0 7 0.00 M M 3.5 10 50 M M 7 18 13 40
17 85 60 73 -2 0 8 0.13 M M 7.9 24 250 M M 3 128 31 260
18 80 58 69 -6 0 4 0.00 M M 3.8 13 310 M M 1 1 19 310
19 83 55 69 -6 0 4 0.00 M M 2.7 9 130 M M 1 128 18 180
20 93 60 77 2 0 12 0.00 M M 3.1 13 220 M M 0 18 16 250
21 95 70 83 9 0 18 0.00 M M 1.7 10 40 M M 4 18 14 50
22 90 69 80 6 0 15 0.00 M M 5.3 12 50 M M 3 18 18 20
23 96 66 81 7 0 16 0.00 M M 4.7 14 270 M M 0 18 17 260
24 91 71 81 7 0 16 0.77 M M 6.9 25 60 M M 2 138 33 70
25 96 71 84 10 0 19 0.00 M M 6.9 20 340 M M 2 8 27 330
26 87 70 79 5 0 14 0.01 M M 4.8 17 230 M M 6 18 23 230
27 83 66 75 1 0 10 0.00 M M 7.5 15 40 M M 3 8 19 350
28 82 60 71 -2 0 6 0.00 M M 4.9 14 40 M M 0 17 50
29 84 53 69 -4 0 4 0.00 M M 2.2 14 320 M M 0 128 17 310
30 77 58 68 -5 0 3 0.00 M M 7.4 17 30 M M 3 18 22 20
31 79 50 65 -8 0 0 0.00 M M 6.1 16 50 M M 2 22 40
================================================================================
SM 2666 1965 0 312 1.86 M 153.4 M 90
================================================================================
AV 86.0 63.4 4.9 FASTST M M 3 MAX(MPH)
MISC ----> 26 230 35 240
================================================================================
NOTES:
# LAST OF SEVERAL OCCURRENCES
COLUMN 17 PEAK WIND IN M.P.H.
PRELIMINARY LOCAL CLIMATOLOGICAL DATA (WS FORM: F-6) , PAGE 2
STATION: CINCINNATI/LUNK ASOS
MONTH: AUGUST
YEAR: 2023
LATITUDE: 39 5 N
LONGITUDE: 84 26 W
[TEMPERATURE DATA] [PRECIPITATION DATA] SYMBOLS USED IN COLUMN 16
AVERAGE MONTHLY: 74.7 TOTAL FOR MONTH: 1.86 1 = FOG OR MIST
DPTR FM NORMAL: -0.1 DPTR FM NORMAL: -1.53 2 = FOG REDUCING VISIBILITY
HIGHEST: 96 ON 25,23 GRTST 24HR 0.77 ON 24-24 TO 1/4 MILE OR LESS
LOWEST: 50 ON 31 3 = THUNDER
SNOW, ICE PELLETS, HAIL 4 = ICE PELLETS
TOTAL MONTH: M 5 = HAIL
GRTST 24HR M ON M 6 = FREEZING RAIN OR DRIZZLE
GRTST DEPTH: M ON M 7 = DUSTSTORM OR SANDSTORM:
VSBY 1/2 MILE OR LESS
8 = SMOKE OR HAZE
[NO. OF DAYS WITH] [WEATHER - DAYS WITH] 9 = BLOWING SNOW
X = TORNADO
MAX 32 OR BELOW: 0 0.01 INCH OR MORE: 9
MAX 90 OR ABOVE: 9 0.10 INCH OR MORE: 5
MIN 32 OR BELOW: 0 0.50 INCH OR MORE: 1
MIN 0 OR BELOW: 0 1.00 INCH OR MORE: 0
[HDD (BASE 65) ]
TOTAL THIS MO. 0 CLEAR (SCALE 0-3) 21
DPTR FM NORMAL -2 PTCLDY (SCALE 4-7) 10
TOTAL FM JUL 1 0 CLOUDY (SCALE 8-10) 0
DPTR FM NORMAL 0
[CDD (BASE 65) ]
TOTAL THIS MO. 312
DPTR FM NORMAL 7 [PRESSURE DATA]
TOTAL FM JAN 1 874 HIGHEST SLP 30.23 ON 1
DPTR FM NORMAL -98 LOWEST SLP 29.69 ON 10
[REMARKS]
#FINAL-08-23#