000
CXUS54 KHGX 011510
CF6LVJ
PRELIMINARY LOCAL CLIMATOLOGICAL DATA (WS FORM: F-6)
STATION: HOUSTON/CLOVER_FIELD
MONTH: NOVEMBER
YEAR: 2022
LATITUDE: 29 31 N
LONGITUDE: 95 14 W
TEMPERATURE IN F: :PCPN: SNOW: WIND :SUNSHINE: SKY :PK WND
================================================================================
1 2 3 4 5 6A 6B 7 8 9 10 11 12 13 14 15 16 17 18
12Z AVG MX 2MIN
DY MAX MIN AVG DEP HDD CDD WTR SNW DPTH SPD SPD DIR MIN PSBL S-S WX SPD DR
================================================================================
1 67 62 65 -3 0 0 0.25 0.0 0 7.2 21 110 M M 8 1 29 100
2 76 62 69 2 0 4 0.00 0.0 0 7.5 15 100 M M 9 20 110
3 84 73 79 12 0 14 0.00 0.0 0 9.3 17 140 M M 8 12 23 140
4 84 63 74 7 0 9 0.12 0.0 0 11.7 29 330 M M 6 13 40 330
5 76 60 68 2 0 3 0.14 0.0 0 5.0 18 330 M M 5 1 28 340
6 86 60 73 7 0 8 T 0.0 0 7.1 16 180 M M 7 25 180
7 83 68 76 10 0 11 0.00 0.0 0 5.1 13 100 M M 4 12 17 110
8 86 68 77 11 0 12 0.00 0.0 0 5.9 17 120 M M 1 1 26 90
9 83 65 74 9 0 9 0.00 0.0 0 3.5 15 120 M M 1 1 20 100
10 83 64 74 9 0 9 0.00 0.0 0 3.6 12 140 M M 3 1 18 130
11 81 50 66 1 0 1 0.54 0.0 0 6.9 21 340 M M 6 138 30 340
12 61 45 53 -11 12 0 0.00 0.0 0 12.0 22 360 M M 3 38 350
13 58 40 49 -15 16 0 0.00 0.0 0 5.4 14 60 M M 2 20 40
14 66 50 58 -6 7 0 0.81 0.0 0 11.4 23 350 M M 10 13 40 350
15 56 46 51 -12 14 0 0.00 0.0 0 12.0 21 10 M M 6 36 350
16 53 42 48 -15 17 0 0.00 0.0 0 8.5 15 30 M M 6 21 30
17 59 41 50 -13 15 0 0.00 0.0 0 3.0 9 30 M M 6 17 50
18 57 46 52 -11 13 0 0.01 0.0 0 6.1 15 90 M M 9 21 90
19 50 45 48 -14 17 0 0.01 0.0 0 9.7 18 40 M M 9 1 24 50
20 56 43 50 -12 15 0 T 0.0 0 8.7 16 40 M M 6 21 30
21 50 45 48 -14 17 0 0.48 0.0 0 7.5 13 60 M M 10 1 17 60
22 58 46 52 -10 13 0 0.50 0.0 0 4.9 14 60 M M 8 1 21 50
23 71 46 59 -2 6 0 0.00 0.0 0 5.4 17 110 M M 3 12 22 120
24 69 62 66 5 0 1 2.58 0.0 0 8.7 23 40 M M 9 123 32 20
25 64 61 63 2 2 0 0.40 0.0 0 10.0 21 40 M M 7 13 28 40
26 67 52 60 -1 5 0 1.23 0.0 0 9.8 26 100 M M 4 1 37 110
27 75 50 63 2 2 0 0.00 0.0 0 5.1 14 260 M M 0 22 260
28 75 49 62 2 3 0 0.00 0.0 0 4.0 12 140 M M 1 15 130
29 81 68 75 15 0 10 T 0.0 0 9.4 20 190 M M 9 18 32 180
30 75 50 63 3 2 0 0.00 0.0 0 12.8 22 350 M M 3 18 32 340
================================================================================
SM 2090 1622 176 91 7.07 0.0 227.2 M 169
================================================================================
AV 69.7 54.1 7.6 FASTST M M 6 MAX(MPH)
MISC ----> 29 330 # 40 330
================================================================================
NOTES:
# LAST OF SEVERAL OCCURRENCES
COLUMN 17 PEAK WIND IN M.P.H.
PRELIMINARY LOCAL CLIMATOLOGICAL DATA (WS FORM: F-6) , PAGE 2
STATION: HOUSTON/CLOVER_FIELD
MONTH: NOVEMBER
YEAR: 2022
LATITUDE: 29 31 N
LONGITUDE: 95 14 W
[TEMPERATURE DATA] [PRECIPITATION DATA] SYMBOLS USED IN COLUMN 16
AVERAGE MONTHLY: 61.9 TOTAL FOR MONTH: 7.07 1 = FOG OR MIST
DPTR FM NORMAL: -1.6 DPTR FM NORMAL: 2.86 2 = FOG REDUCING VISIBILITY
HIGHEST: 86 ON 8, 6 GRTST 24HR 2.58 ON 24-24 TO 1/4 MILE OR LESS
LOWEST: 40 ON 13 3 = THUNDER
SNOW, ICE PELLETS, HAIL 4 = ICE PELLETS
TOTAL MONTH: 0.0 INCH 5 = HAIL
GRTST 24HR 0.0 6 = FREEZING RAIN OR DRIZZLE
GRTST DEPTH: 0 7 = DUSTSTORM OR SANDSTORM:
VSBY 1/2 MILE OR LESS
8 = SMOKE OR HAZE
[NO. OF DAYS WITH] [WEATHER - DAYS WITH] 9 = BLOWING SNOW
X = TORNADO
MAX 32 OR BELOW: 0 0.01 INCH OR MORE: 12
MAX 90 OR ABOVE: 0 0.10 INCH OR MORE: 10
MIN 32 OR BELOW: 0 0.50 INCH OR MORE: 5
MIN 0 OR BELOW: 0 1.00 INCH OR MORE: 2
[HDD (BASE 65) ]
TOTAL THIS MO. 176 CLEAR (SCALE 0-3) 7
DPTR FM NORMAL 49 PTCLDY (SCALE 4-7) 14
TOTAL FM JUL 1 196 CLOUDY (SCALE 8-10) 9
DPTR FM NORMAL 52
[CDD (BASE 65) ]
TOTAL THIS MO. 91
DPTR FM NORMAL 9 [PRESSURE DATA]
TOTAL FM JAN 1 3578 HIGHEST SLP 30.49 ON 17
DPTR FM NORMAL 221 LOWEST SLP 29.75 ON 29
[REMARKS]
#FINAL-11-22#