000
CXUS54 KHGX 011510
CF6LVJ
PRELIMINARY LOCAL CLIMATOLOGICAL DATA (WS FORM: F-6)
STATION: HOUSTON/CLOVER_FIELD
MONTH: DECEMBER
YEAR: 2021
LATITUDE: 29 31 N
LONGITUDE: 95 14 W
TEMPERATURE IN F: :PCPN: SNOW: WIND :SUNSHINE: SKY :PK WND
================================================================================
1 2 3 4 5 6A 6B 7 8 9 10 11 12 13 14 15 16 17 18
12Z AVG MX 2MIN
DY MAX MIN AVG DEP HDD CDD WTR SNW DPTH SPD SPD DIR MIN PSBL S-S WX SPD DR
================================================================================
1 79 50 65 5 0 0 0.00 0.0 0 1.4 9 270 M M 3 12 14 240
2 78 52 65 5 0 0 0.00 0.0 0 2.3 9 160 M M 6 12 14 170
3 79 59 69 10 0 4 0.00 0.0 0 4.8 13 160 M M 4 1 19 170
4 80 64 72 13 0 7 0.01 0.0 0 4.4 14 160 M M 6 12 21 170
5 78 62 70 11 0 5 0.00 0.0 0 7.6 16 180 M M 7 12 26 180
6 79 60 70 11 0 5 0.44 0.0 0 9.6 18 20 M M 9 13 26 10
7 65 56 61 2 4 0 T 0.0 0 4.3 10 40 M M 10 13 40
8 71 62 67 9 0 2 0.00 0.0 0 6.1 13 110 M M 10 18 17 110
9 84 68 76 18 0 11 0.00 0.0 0 9.4 17 200 M M 8 1 27 190
10 83 75 79 21 0 14 T 0.0 0 12.3 26 190 M M 10 1 41 190
11 76 51 64 6 1 0 0.12 0.0 0 12.3 24 10 M M 7 1 33 20
12 61 44 53 -5 12 0 0.00 0.0 0 5.4 16 10 M M 0 24 20
13 72 48 60 2 5 0 T 0.0 0 5.5 12 90 M M 9 18 18 110
14 81 69 75 18 0 10 0.00 0.0 0 7.8 18 180 M M 9 12 26 180
15 80 72 76 19 0 11 0.00 0.0 0 10.8 20 170 M M 8 1 30 190
16 81 71 76 19 0 11 0.00 0.0 0 8.0 16 150 M M 7 1 22 170
17 81 70 76 19 0 11 0.00 0.0 0 9.1 18 160 M M 6 1 28 180
18 77 52 65 8 0 0 2.41 0.0 0 10.2 38 350 M M 8 13 60 340
19 59 50 55 -1 10 0 T 0.0 0 10.5 20 350 M M 5 27 350
20 58 46 52 -4 13 0 0.03 0.0 0 6.0 13 360 M M 7 16 350
21 63 41 52 -4 13 0 0.00 0.0 0 2.8 10 350 M M 0 18 14 30
22 71 44 58 2 7 0 0.00 0.0 0 4.8 14 150 M M 0 20 140
23 76 53 65 9 0 0 0.00 0.0 0 5.8 18 180 M M 2 1 25 170
24 80 63 72 16 0 7 0.00 0.0 0 10.0 21 180 M M 3 36 220
25 81 64 73 17 0 8 0.00 0.0 0 5.6 14 240 M M 7 128 24 240
26 81 64 73 17 0 8 0.00 0.0 0 6.4 17 180 M M 9 12 27 180
27 79 66 73 17 0 8 0.00 0.0 0 6.6 16 190 M M 9 1 24 210
28 83 71 77 22 0 12 T 0.0 0 10.2 23 190 M M 7 1 34 180
29 82 68 75 20 0 10 0.00 0.0 0 6.5 14 190 M M 7 18 21 210
30 81 65 73 18 0 8 0.00 0.0 0 4.4 12 140 M M 6 128 15 160
31 82 71 77 22 0 12 0.00 0.0 0 9.6 20 180 M M 9 1 28 190
================================================================================
SM 2361 1851 65 164 3.01 0.0 220.5 M 198
================================================================================
AV 76.2 59.7 7.1 FASTST M M 6 MAX(MPH)
MISC ----> 38 350 60 340
================================================================================
NOTES:
# LAST OF SEVERAL OCCURRENCES
COLUMN 17 PEAK WIND IN M.P.H.
PRELIMINARY LOCAL CLIMATOLOGICAL DATA (WS FORM: F-6) , PAGE 2
STATION: HOUSTON/CLOVER_FIELD
MONTH: DECEMBER
YEAR: 2021
LATITUDE: 29 31 N
LONGITUDE: 95 14 W
[TEMPERATURE DATA] [PRECIPITATION DATA] SYMBOLS USED IN COLUMN 16
AVERAGE MONTHLY: 67.9 TOTAL FOR MONTH: 3.01 1 = FOG OR MIST
DPTR FM NORMAL: 10.7 DPTR FM NORMAL: -1.67 2 = FOG REDUCING VISIBILITY
HIGHEST: 84 ON 9 GRTST 24HR 2.41 ON 18-18 TO 1/4 MILE OR LESS
LOWEST: 41 ON 21 3 = THUNDER
SNOW, ICE PELLETS, HAIL 4 = ICE PELLETS
TOTAL MONTH: 0.0 INCH 5 = HAIL
GRTST 24HR 0.0 6 = FREEZING RAIN OR DRIZZLE
GRTST DEPTH: 0 7 = DUSTSTORM OR SANDSTORM:
VSBY 1/2 MILE OR LESS
8 = SMOKE OR HAZE
[NO. OF DAYS WITH] [WEATHER - DAYS WITH] 9 = BLOWING SNOW
X = TORNADO
MAX 32 OR BELOW: 0 0.01 INCH OR MORE: 5
MAX 90 OR ABOVE: 0 0.10 INCH OR MORE: 3
MIN 32 OR BELOW: 0 0.50 INCH OR MORE: 1
MIN 0 OR BELOW: 0 1.00 INCH OR MORE: 1
[HDD (BASE 65) ]
TOTAL THIS MO. 65 CLEAR (SCALE 0-3) 4
DPTR FM NORMAL -213 PTCLDY (SCALE 4-7) 16
TOTAL FM JUL 1 180 CLOUDY (SCALE 8-10) 11
DPTR FM NORMAL -242
[CDD (BASE 65) ]
TOTAL THIS MO. 164
DPTR FM NORMAL 129 [PRESSURE DATA]
TOTAL FM JAN 1 3483 HIGHEST SLP 30.34 ON 12
DPTR FM NORMAL 91 LOWEST SLP 29.69 ON 28
[REMARKS]
#FINAL-12-21#