000
CXUS54 KHGX 011410
CF6LVJ
PRELIMINARY LOCAL CLIMATOLOGICAL DATA (WS FORM: F-6)
STATION: HOUSTON/CLOVER_FIELD
MONTH: OCTOBER
YEAR: 2021
LATITUDE: 29 31 N
LONGITUDE: 95 14 W
TEMPERATURE IN F: :PCPN: SNOW: WIND :SUNSHINE: SKY :PK WND
================================================================================
1 2 3 4 5 6A 6B 7 8 9 10 11 12 13 14 15 16 17 18
12Z AVG MX 2MIN
DY MAX MIN AVG DEP HDD CDD WTR SNW DPTH SPD SPD DIR MIN PSBL S-S WX SPD DR
================================================================================
1 80 73 77 -1 0 12 0.39 0.0 0 3.5 16 230 M M 6 13 26 250
2 84 74 79 1 0 14 T 0.0 0 3.7 13 140 M M 6 3 19 100
3 90 72 81 4 0 16 T 0.0 0 3.0 10 60 M M 5 3 17 80
4 89 68 79 2 0 14 0.00 0.0 0 4.8 16 20 M M 1 23 30
5 89 65 77 0 0 12 0.00 0.0 0 2.7 14 10 M M 1 20 330
6 89 63 76 0 0 11 0.00 0.0 0 1.3 10 330 M M 1 14 330
7 89 64 77 1 0 12 0.00 0.0 0 1.4 9 170 M M 0 12 180
8 89 64 77 1 0 12 0.00 0.0 0 2.5 12 150 M M 0 8 17 180
9 88 66 77 1 0 12 0.00 0.0 0 3.8 15 140 M M 1 18 21 120
10 87 72 80 5 0 15 T 0.0 0 10.6 21 160 M M 6 30 170
11 87 72 80 5 0 15 0.29 0.0 0 3.1 17 320 M M 6 13 28 340
12 89 77 83 9 0 18 T 0.0 0 7.6 18 140 M M 3 27 150
13 89 77 83 9 0 18 0.00 0.0 0 8.2 18 170 M M 3 30 160
14 83 77 80 6 0 15 0.09 0.0 0 5.5 16 170 M M 4 1 27 170
15 92 73 83 9 0 18 0.01 0.0 0 5.8 21 360 M M 5 3 28 360
16 76 57 67 -6 0 2 0.00 0.0 0 10.9 22 40 M M 0 34 30
17 74 53 64 -9 1 0 0.00 0.0 0 3.2 14 110 M M 0 21 50
18 77 52 65 -7 0 0 0.00 0.0 0 3.4 12 80 M M 0 16 120
19 82 61 72 0 0 7 0.00 0.0 0 5.8 16 110 M M 2 23 100
20 86 70 78 6 0 13 0.00 0.0 0 4.0 10 100 M M 4 1 15 80
21 87 69 78 6 0 13 0.00 0.0 0 2.1 8 80 M M 5 12 10 130
22 86 66 76 5 0 11 0.00 0.0 0 2.8 13 130 M M 4 12 16 130
23 85 69 77 6 0 12 0.48 0.0 0 6.2 21 130 M M 5 123 26 120
24 88 68 78 8 0 13 0.00 0.0 0 5.5 14 140 M M 2 18 140
25 90 72 81 11 0 16 0.00 0.0 0 2.3 13 130 M M 5 12 17 130
26 85 72 79 9 0 14 T 0.0 0 6.3 18 130 M M 5 1 23 140
27 80 63 72 3 0 7 0.83 0.0 0 8.1 22 310 M M 3 138 34 310
28 79 58 69 0 0 4 0.00 0.0 0 11.4 30 320 M M 0 52 330
29 74 53 64 -5 1 0 0.00 0.0 0 9.0 23 320 M M 0 36 320
30 77 45 61 -7 4 0 0.00 0.0 0 2.6 12 280 M M 0 20 340
31 81 49 65 -3 0 0 0.00 0.0 0 2.3 10 70 M M 0 13 90
================================================================================
SM 2621 2034 6 326 2.09 0.0 153.4 M 83
================================================================================
AV 84.5 65.6 4.9 FASTST M M 3 MAX(MPH)
MISC ----> 30 320 52 330
================================================================================
NOTES:
# LAST OF SEVERAL OCCURRENCES
COLUMN 17 PEAK WIND IN M.P.H.
PRELIMINARY LOCAL CLIMATOLOGICAL DATA (WS FORM: F-6) , PAGE 2
STATION: HOUSTON/CLOVER_FIELD
MONTH: OCTOBER
YEAR: 2021
LATITUDE: 29 31 N
LONGITUDE: 95 14 W
[TEMPERATURE DATA] [PRECIPITATION DATA] SYMBOLS USED IN COLUMN 16
AVERAGE MONTHLY: 75.1 TOTAL FOR MONTH: 2.09 1 = FOG OR MIST
DPTR FM NORMAL: 2.0 DPTR FM NORMAL: -3.68 2 = FOG REDUCING VISIBILITY
HIGHEST: 92 ON 15 GRTST 24HR 0.83 ON 26-27 TO 1/4 MILE OR LESS
LOWEST: 45 ON 30 3 = THUNDER
SNOW, ICE PELLETS, HAIL 4 = ICE PELLETS
TOTAL MONTH: 0.0 INCH 5 = HAIL
GRTST 24HR 0.0 6 = FREEZING RAIN OR DRIZZLE
GRTST DEPTH: 0 7 = DUSTSTORM OR SANDSTORM:
VSBY 1/2 MILE OR LESS
8 = SMOKE OR HAZE
[NO. OF DAYS WITH] [WEATHER - DAYS WITH] 9 = BLOWING SNOW
X = TORNADO
MAX 32 OR BELOW: 0 0.01 INCH OR MORE: 6
MAX 90 OR ABOVE: 3 0.10 INCH OR MORE: 4
MIN 32 OR BELOW: 0 0.50 INCH OR MORE: 1
MIN 0 OR BELOW: 0 1.00 INCH OR MORE: 0
[HDD (BASE 65) ]
TOTAL THIS MO. 6 CLEAR (SCALE 0-3) 16
DPTR FM NORMAL -11 PTCLDY (SCALE 4-7) 15
TOTAL FM JUL 1 6 CLOUDY (SCALE 8-10) 0
DPTR FM NORMAL -9
[CDD (BASE 65) ]
TOTAL THIS MO. 326
DPTR FM NORMAL 58 [PRESSURE DATA]
TOTAL FM JAN 1 3269 HIGHEST SLP 30.34 ON 17
DPTR FM NORMAL -6 LOWEST SLP 29.61 ON 27
[REMARKS]
#FINAL-10-21#