000
CXUS53 KTOP 010810
CF6LWC
PRELIMINARY LOCAL CLIMATOLOGICAL DATA (WS FORM: F-6)
STATION: LAWRENCE KS
MONTH: OCTOBER
YEAR: 2021
LATITUDE: 39 0 N
LONGITUDE: 95 13 W
TEMPERATURE IN F: :PCPN: SNOW: WIND :SUNSHINE: SKY :PK WND
================================================================================
1 2 3 4 5 6A 6B 7 8 9 10 11 12 13 14 15 16 17 18
12Z AVG MX 2MIN
DY MAX MIN AVG DEP HDD CDD WTR SNW DPTH SPD SPD DIR MIN PSBL S-S WX SPD DR
================================================================================
1 77 63 70 7 0 5 0.02 M M 2.0 9 310 M M 7 1 14 220
2 75 57 66 4 0 1 0.31 M M 3.3 13 210 M M 7 123 16 200
3 80 49 65 3 0 0 0.00 M M 6.5 16 320 M M 5 1 21 330
4 82 47 65 3 0 0 0.00 M M 3.5 9 10 M M 0 14 90
5 80 48 64 3 1 0 0.00 M M 4.3 12 60 M M 4 1 19 60
6 77 54 66 5 0 1 0.00 M M 4.6 12 90 M M 7 1 17 90
7 81 60 71 11 0 6 0.00 M M 2.9 8 110 M M 5 18 14 120
8 86 60 73 13 0 8 0.00 M M 6.2 14 170 M M 1 18 19 170
9 90 62 76 16 0 11 0.00 M M 10.2 20 190 M M 0 30 190
10 82 58 70 11 0 5 0.70 M M 7.8 18 300 M M 4 13 26 300
11 70 48 59 0 6 0 1.59 M M 13.0 32 20 M M 5 13 45 30
12 79 46 63 5 2 0 0.08 M M 6.5 17 110 M M 2 13 24 120
13 75 51 63 5 2 0 0.78 M M 9.2 26 260 M M 4 13 35 250
14 73 49 61 4 4 0 0.03 M M 4.7 22 320 M M 3 3 30 330
15 65 38 52 -5 13 0 0.01 M M 9.5 23 320 M M 5 3 31 340
16 67 37 52 -5 13 0 0.00 M M 4.9 15 280 M M 0 21 280
17 74 34 54 -2 11 0 0.00 M M 1.8 8 150 M M 0 18 12 210
18 74 41 58 2 7 0 0.00 M M 8.1 23 160 M M 0 1 30 170
19 78 53 66 11 0 1 0.00 M M 11.2 23 170 M M 0 33 160
20 69 44 57 2 8 0 0.00 M M 9.5 20 290 M M 3 27 290
21 61 39 50 -4 15 0 0.00 M M 7.8 16 310 M M 0 8 22 330
22 72 33 53 -1 12 0 0.00 M M 5.8 12 140 M M 1 128 18 140
23 62 48 55 1 10 0 0.00 M M 8.6 15 100 M M 9 21 90
24 78 50 64 11 1 0 0.08 M M 15.3 30 250 M M 7 13 44 260
25 54 47 51 -2 14 0 0.00 M M 8.6 20 320 M M 10 27 340
26 62 43 53 1 12 0 0.00 M M 13.5 22 140 M M 7 32 140
27 62 53 58 6 7 0 0.58 M M 10.5 22 130 M M 10 1 28 140
28 53 48 51 0 14 0 1.81 M M 16.1 33 350 M M 10 1 47 340
29 61 39 50 -1 15 0 0.07 M M 15.5 28 340 M M 6 1 40 340
30 66 31 49 -1 16 0 0.00 M M 4.4 14 320 M M 0 21 320
31 59 38 49 -1 16 0 0.00 M M 10.4 22 360 M M 2 31 360
================================================================================
SM 2224 1468 199 38 6.06 M 246.2 M 124
================================================================================
AV 71.7 47.4 7.9 FASTST M M 4 MAX(MPH)
MISC ----> 33 350 47 340
================================================================================
NOTES:
# LAST OF SEVERAL OCCURRENCES
COLUMN 17 PEAK WIND IN M.P.H.
PRELIMINARY LOCAL CLIMATOLOGICAL DATA (WS FORM: F-6) , PAGE 2
STATION: LAWRENCE KS
MONTH: OCTOBER
YEAR: 2021
LATITUDE: 39 0 N
LONGITUDE: 95 13 W
[TEMPERATURE DATA] [PRECIPITATION DATA] SYMBOLS USED IN COLUMN 16
AVERAGE MONTHLY: 59.5 TOTAL FOR MONTH: 6.06 1 = FOG OR MIST
DPTR FM NORMAL: 3.0 DPTR FM NORMAL: 3.17 2 = FOG REDUCING VISIBILITY
HIGHEST: 90 ON 9 GRTST 24HR 2.28 ON 10-11 TO 1/4 MILE OR LESS
LOWEST: 31 ON 30 3 = THUNDER
SNOW, ICE PELLETS, HAIL 4 = ICE PELLETS
TOTAL MONTH: M 5 = HAIL
GRTST 24HR M ON M 6 = FREEZING RAIN OR DRIZZLE
GRTST DEPTH: M ON M 7 = DUSTSTORM OR SANDSTORM:
VSBY 1/2 MILE OR LESS
8 = SMOKE OR HAZE
[NO. OF DAYS WITH] [WEATHER - DAYS WITH] 9 = BLOWING SNOW
X = TORNADO
MAX 32 OR BELOW: 0 0.01 INCH OR MORE: 12
MAX 90 OR ABOVE: 1 0.10 INCH OR MORE: 6
MIN 32 OR BELOW: 1 0.50 INCH OR MORE: 5
MIN 0 OR BELOW: 0 1.00 INCH OR MORE: 2
[HDD (BASE 65) ]
TOTAL THIS MO. 199 CLEAR (SCALE 0-3) 13
DPTR FM NORMAL -95 PTCLDY (SCALE 4-7) 14
TOTAL FM JUL 1 213 CLOUDY (SCALE 8-10) 4
DPTR FM NORMAL -142
[CDD (BASE 65) ]
TOTAL THIS MO. 38
DPTR FM NORMAL 7 [PRESSURE DATA]
TOTAL FM JAN 1 1644 HIGHEST SLP M ON M
DPTR FM NORMAL 183 LOWEST SLP 29.46 ON 11
[REMARKS]
#FINAL-10-21#