000
CXUS53 KDMX 050259
CF6LWD
PRELIMINARY LOCAL CLIMATOLOGICAL DATA (WS FORM: F-6)
STATION: LAMONI IA
MONTH: JUNE
YEAR: 2022
LATITUDE: 40 37 N
LONGITUDE: 93 56 W
TEMPERATURE IN F: :PCPN: SNOW: WIND :SUNSHINE: SKY :PK WND
================================================================================
1 2 3 4 5 6A 6B 7 8 9 10 11 12 13 14 15 16 17 18
12Z AVG MX 2MIN
DY MAX MIN AVG DEP HDD CDD WTR SNW DPTH SPD SPD DIR MIN PSBL S-S WX SPD DR
================================================================================
1 70 55 63 -5 2 0 0.01 0.0 0 7.4 18 360 M M 3 27 360
2 77 48 63 -5 2 0 0.00 0.0 0 5.8 15 330 M M 0 22 340
3 82 56 69 0 0 4 0.00 0.0 0 6.3 12 260 M M 1 15 240
4 78 59 69 0 0 4 0.00 0.0 0 8.0 17 190 M M 1 24 180
5 81 59 70 1 0 5 0.01 0.0 0 7.0 15 180 M M 3 22 180
6 83 63 73 3 0 8 0.38 0.0 0 5.8 24 10 M M 3 13 31 360
7 82 61 72 2 0 7 0.30 0.0 0 4.8 29 20 M M 7 138 41 30
8 77 59 68 -2 0 3 0.52 0.0 0 9.0 20 350 M M 4 13 36 110
9 80 58 69 -1 0 4 0.01 0.0 0 5.9 12 230 M M 3 17 40
10 79 62 71 0 0 6 T 0.0 0 4.3 14 60 M M 6 23 50
11 85 63 74 3 0 9 T 0.0 0 5.3 15 30 M M 4 123 23 40
12 85 68 77 6 0 12 0.01 0.0 0 6.3 14 30 M M 1 1 19 60
13 96 78 87 15 0 22 T 0.0 0 12.1 20 190 M M 0 3 35 180
14 94 76 85 13 0 20 0.00 0.0 0 14.9 28 200 M M 0 38 200
15 90 68 79 7 0 14 T 0.0 0 10.5 25 210 M M 3 34 220
16 93 63 78 6 0 13 0.67 0.0 0 6.2 35 350 M M 1 13 52 340
17 87 68 78 6 0 13 0.35 0.0 0 4.6 26 300 M M 2 13 38 300
18 86 70 78 5 0 13 0.00 0.0 0 6.9 14 140 M M 1 22 160
19 88 66 77 4 0 12 0.00 0.0 0 10.4 20 170 M M 0 29 170
20 90 67 79 6 0 14 0.00 0.0 0 10.2 21 190 M M 0 27 180
21 93 74 84 11 0 19 T 0.0 0 10.5 21 230 M M 2 3 29 220
22 88 66 77 3 0 12 0.08 0.0 0 4.6 26 220 M M 1 3 38 220
23 85 67 76 2 0 11 0.01 0.0 0 5.8 21 210 M M 2 26 210
24 77 68 73 -1 0 8 0.03 0.0 0 7.5 15 150 M M 5 3 25 160
25 89 73 81 7 0 16 0.00 0.0 0 10.7 18 290 M M 1 24 300
26 78 57 68 -6 0 3 0.00 0.0 0 10.8 21 340 M M 0 31 350
27 81 55 68 -6 0 3 0.00 0.0 0 5.5 12 230 M M 0 15 220
28 84 58 71 -3 0 6 0.00 0.0 0 10.7 20 210 M M 0 32 190
29 90 64 77 2 0 12 0.00 0.0 0 10.7 22 200 M M 0 30 190
30 90 67 79 4 0 14 0.00 0.0 0 13.1 25 200 M M 0 35 200
================================================================================
SM 2538 1916 4 287 2.38 0.0 241.6 M 54
================================================================================
AV 84.6 63.9 8.1 FASTST M M 2 MAX(MPH)
MISC ----> 35 350 52 340
================================================================================
NOTES:
# LAST OF SEVERAL OCCURRENCES
COLUMN 17 PEAK WIND IN M.P.H.
PRELIMINARY LOCAL CLIMATOLOGICAL DATA (WS FORM: F-6) , PAGE 2
STATION: LAMONI IA
MONTH: JUNE
YEAR: 2022
LATITUDE: 40 37 N
LONGITUDE: 93 56 W
[TEMPERATURE DATA] [PRECIPITATION DATA] SYMBOLS USED IN COLUMN 16
AVERAGE MONTHLY: 74.2 TOTAL FOR MONTH: 2.38 1 = FOG OR MIST
DPTR FM NORMAL: 2.4 DPTR FM NORMAL: -2.43 2 = FOG REDUCING VISIBILITY
HIGHEST: 96 ON 13 GRTST 24HR 1.02 ON 16-17 TO 1/4 MILE OR LESS
LOWEST: 48 ON 2 3 = THUNDER
SNOW, ICE PELLETS, HAIL 4 = ICE PELLETS
TOTAL MONTH: 0.0 INCH 5 = HAIL
GRTST 24HR 0.0 6 = FREEZING RAIN OR DRIZZLE
GRTST DEPTH: 0 7 = DUSTSTORM OR SANDSTORM:
VSBY 1/2 MILE OR LESS
8 = SMOKE OR HAZE
[NO. OF DAYS WITH] [WEATHER - DAYS WITH] 9 = BLOWING SNOW
X = TORNADO
MAX 32 OR BELOW: 0 0.01 INCH OR MORE: 12
MAX 90 OR ABOVE: 8 0.10 INCH OR MORE: 5
MIN 32 OR BELOW: 0 0.50 INCH OR MORE: 2
MIN 0 OR BELOW: 0 1.00 INCH OR MORE: 0
[HDD (BASE 65) ]
TOTAL THIS MO. 4 CLEAR (SCALE 0-3) 23
DPTR FM NORMAL -11 PTCLDY (SCALE 4-7) 7
TOTAL FM JUL 1 5631 CLOUDY (SCALE 8-10) 0
DPTR FM NORMAL -260
[CDD (BASE 65) ]
TOTAL THIS MO. 287
DPTR FM NORMAL 67 [PRESSURE DATA]
TOTAL FM JAN 1 418 HIGHEST SLP 30.34 ON 27
DPTR FM NORMAL 124 LOWEST SLP 29.59 ON 13
[REMARKS]
#FINAL-06-22#