000
CXUS56 KOTX 010910
CF6LWS
PRELIMINARY LOCAL CLIMATOLOGICAL DATA (WS FORM: F-6)
STATION: LEWISTON ID AIRPORT
MONTH: MAY
YEAR: 2023
LATITUDE: 46 22 N
LONGITUDE: 117 1 W
TEMPERATURE IN F: :PCPN: SNOW: WIND :SUNSHINE: SKY :PK WND
================================================================================
1 2 3 4 5 6A 6B 7 8 9 10 11 12 13 14 15 16 17 18
12Z AVG MX 2MIN
DY MAX MIN AVG DEP HDD CDD WTR SNW DPTH SPD SPD DIR MIN PSBL S-S WX SPD DR
================================================================================
1 72 54 63 7 2 0 0.00 0.0 0 6.9 15 290 M M 0 20 320
2 81 48 65 9 0 0 T 0.0 0 4.3 17 320 M M 1 20 320
3 91 54 73 17 0 8 0.00 0.0 0 4.0 12 90 M M 0 16 50
4 82 54 68 11 0 3 0.09 0.0 0 5.5 15 220 M M 3 8 24 220
5 59 51 55 -2 10 0 0.35 0.0 0 6.0 17 310 M M 8 1 22 320
6 62 48 55 -2 10 0 0.01 0.0 0 4.9 13 220 M M 8 21 270
7 67 43 55 -3 10 0 0.05 0.0 0 5.5 40 180 M M 5 3 50 180
8 68 44 56 -2 9 0 T 0.0 0 6.0 20 170 M M 6 3 26 170
9 63 48 56 -2 9 0 0.04 0.0 0 5.3 14 170 M M 6 1 15 170
10 72 43 58 -1 7 0 T 0.0 0 3.9 12 320 M M 0 15 310
11 78 48 63 4 2 0 T 0.0 0 4.9 13 330 M M 0 19 320
12 84 50 67 8 0 2 0.00 0.0 0 4.2 13 40 M M 0 17 20
13 86 52 69 9 0 4 0.00 0.0 0 8.6 23 80 M M 0 31 70
14 89 63 76 16 0 11 0.00 0.0 0 11.4 21 60 M M 0 24 60
15 90 63 77 17 0 12 T 0.0 0 5.9 22 190 M M 2 3 26 190
16 83 59 71 11 0 6 0.01 0.0 0 3.7 17 280 M M 4 3 23 290
17 80 54 67 6 0 2 0.00 0.0 0 4.0 13 90 M M 0 18 90
18 90 58 74 13 0 9 0.00 0.0 0 4.1 10 190 M M 0 13 130
19 92 59 76 15 0 11 0.00 0.0 0 2.8 10 200 M M 0 8 13 260
20 95 63 79 18 0 14 0.00 0.0 0 4.0 15 300 M M 0 18 300
21 89 65 77 15 0 12 0.06 0.0 0 6.7 21 290 M M 2 3 27 290
22 72 52 62 0 3 0 0.00 0.0 0 6.9 17 310 M M 5 23 310
23 76 46 61 -1 4 0 0.00 0.0 0 5.2 16 320 M M 1 21 320
24 76 55 66 4 0 1 0.00 0.0 0 6.2 17 350 M M 4 22 340
25 81 49 65 3 0 0 0.00 0.0 0 4.1 13 320 M M 0 17 340
26 83 53 68 6 0 3 0.00 0.0 0 5.8 20 120 M M 1 24 120
27 76 58 67 4 0 2 0.09 0.0 0 7.0 17 170 M M 7 1 21 180
28 79 61 70 7 0 5 0.01 0.0 0 3.8 13 70 M M 5 18 50
29 88 59 74 11 0 9 0.00 0.0 0 5.9 16 330 M M 0 20 320
30 86 52 69 6 0 4 0.00 0.0 0 5.5 15 310 M M 0 20 300
31 77 55 66 3 0 1 0.00 0.0 0 5.7 14 310 M M 3 17 340
================================================================================
SM 2467 1661 66 119 0.71 0.0 168.7 M 71
================================================================================
AV 79.6 53.6 5.4 FASTST M M 2 MAX(MPH)
MISC ----> 40 180 50 180
================================================================================
NOTES:
# LAST OF SEVERAL OCCURRENCES
COLUMN 17 PEAK WIND IN M.P.H.
PRELIMINARY LOCAL CLIMATOLOGICAL DATA (WS FORM: F-6) , PAGE 2
STATION: LEWISTON ID AIRPORT
MONTH: MAY
YEAR: 2023
LATITUDE: 46 22 N
LONGITUDE: 117 1 W
[TEMPERATURE DATA] [PRECIPITATION DATA] SYMBOLS USED IN COLUMN 16
AVERAGE MONTHLY: 66.6 TOTAL FOR MONTH: 0.71 1 = FOG OR MIST
DPTR FM NORMAL: 6.6 DPTR FM NORMAL: -0.98 2 = FOG REDUCING VISIBILITY
HIGHEST: 95 ON 20 GRTST 24HR 0.44 ON 4- 5 TO 1/4 MILE OR LESS
LOWEST: 43 ON 10, 7 3 = THUNDER
SNOW, ICE PELLETS, HAIL 4 = ICE PELLETS
TOTAL MONTH: 0.0 INCH 5 = HAIL
GRTST 24HR 0.0 6 = FREEZING RAIN OR DRIZZLE
GRTST DEPTH: 0 7 = DUSTSTORM OR SANDSTORM:
VSBY 1/2 MILE OR LESS
8 = SMOKE OR HAZE
[NO. OF DAYS WITH] [WEATHER - DAYS WITH] 9 = BLOWING SNOW
X = TORNADO
MAX 32 OR BELOW: 0 0.01 INCH OR MORE: 9
MAX 90 OR ABOVE: 5 0.10 INCH OR MORE: 1
MIN 32 OR BELOW: 0 0.50 INCH OR MORE: 0
MIN 0 OR BELOW: 0 1.00 INCH OR MORE: 0
[HDD (BASE 65) ]
TOTAL THIS MO. 66 CLEAR (SCALE 0-3) 21
DPTR FM NORMAL -121 PTCLDY (SCALE 4-7) 9
TOTAL FM JUL 1 4885 CLOUDY (SCALE 8-10) 1
DPTR FM NORMAL -36
[CDD (BASE 65) ]
TOTAL THIS MO. 119
DPTR FM NORMAL 85 [PRESSURE DATA]
TOTAL FM JAN 1 130 HIGHEST SLP M ON M
DPTR FM NORMAL 94 LOWEST SLP 29.53 ON 3
[REMARKS]
#FINAL-05-23#