000
CXUS53 KGID 011535
CF6LXN
PRELIMINARY LOCAL CLIMATOLOGICAL DATA (WS FORM: F-6)
STATION: LEXINGTON
MONTH: OCTOBER
YEAR: 2020
LATITUDE: 40 47 N
LONGITUDE: 99 46 W
TEMPERATURE IN F: :PCPN: SNOW: WIND :SUNSHINE: SKY :PK WND
================================================================================
1 2 3 4 5 6A 6B 7 8 9 10 11 12 13 14 15 16 17 18
12Z AVG MX 2MIN
DY MAX MIN AVG DEP HDD CDD WTR SNW DPTH SPD SPD DIR MIN PSBL S-S WX SPD DR
================================================================================
1 61 36 49 M 16 0 0.00 M M 9.4 18 350 M M 1 24 350
2 73 33 53 M 12 0 T M M 6.8 23 30 M M 2 48 30
3 66 37 52 M 13 0 0.00 M M 6.3 10 340 M M 2 17 340
4 77 36 57 M 8 0 0.00 M M 9.6 18 190 M M 1 25 180
5 89 47 68 M 0 3 0.00 M M 9.5 18 360 M M 1 27 360
6 88 41 65 M 0 0 0.00 M M 7.1 20 230 M M 0 8 23 240
7 83 40 62 M 3 0 0.00 M M 8.7 15 90 M M 0 8 20 70
8 86 48 67 M 0 2 0.00 M M 11.9 22 170 M M 0 29 180
9 89 47 68 M 0 3 0.00 M M 5.0 10 170 M M 0 8 M M
10 81 42 62 M 3 0 0.00 M M 8.5 14 100 M M 0 18 120
11 84 47 66 M 0 1 T M M 15.7 36 320 M M 4 8 48 320
12 75 33 54 M 11 0 0.00 M M 10.1 21 220 M M 0 28 220
13 71 38 55 M 10 0 0.00 M M 7.5 15 170 M M 0 17 20
14 68 47 58 M 7 0 0.00 M M 13.5 24 340 M M 1 33 340
15 57 30 44 M 21 0 0.00 M M 9.9 16 320 M M 2 8 23 350
16 65 31 48 M 17 0 0.00 M M 10.4 21 190 M M 3 29 210
17 69 37 53 M 12 0 0.01 M M 12.2 23 20 M M 3 28 20
18 40 31 36 M 29 0 0.03 M M 10.1 18 10 M M 9 24 20
19 53 32 43 M 22 0 T M M 8.7 14 200 M M 5 22 140
20 64 36 50 M 15 0 0.00 M M 8.8 16 180 M M 3 24 310
21 52 38 45 M 20 0 0.00 M M 9.7 18 140 M M 6 1 23 140
22 43 32 38 M 27 0 0.03 M M 14.6 24 350 M M 10 1 30 350
23 32 26 29 M 36 0 0.00 M M 13.3 23 350 M M 10 31 350
24 34 28 31 M 34 0 0.00 M M 11.0 14 130 M M 10 20 140
25 30 19 25 M 40 0 M M M 14.0 22 10 M M 10 29 10
26 24 15 20 M 45 0 M M M 7.5 14 360 M M 7 M M
27 40 9 25 M 40 0 0.00 M M 7.6 16 220 M M 0 18 230
28 63 16 40 M 25 0 0.00 M M 7.6 16 10 M M 0 24 10
29 55 26 41 M 24 0 0.00 M M 7.0 14 200 M M 1 21 340
30 70 30 50 M 15 0 0.00 M M 8.0 15 200 M M 0 20 200
31 66 31 49 M 16 0 0.00 M M 13.6 27 340 M M 0 36 340
================================================================================
SM 1948 1039 521 9 M M 303.6 M 91
================================================================================
AV 62.8 33.5 9.8 FASTST M M 3 MAX(MPH)
MISC ----> 36 320 # M M
================================================================================
NOTES:
# LAST OF SEVERAL OCCURRENCES
COLUMN 17 PEAK WIND IN M.P.H.
PRELIMINARY LOCAL CLIMATOLOGICAL DATA (WS FORM: F-6) , PAGE 2
STATION: LEXINGTON
MONTH: OCTOBER
YEAR: 2020
LATITUDE: 40 47 N
LONGITUDE: 99 46 W
[TEMPERATURE DATA] [PRECIPITATION DATA] SYMBOLS USED IN COLUMN 16
AVERAGE MONTHLY: 48.2 TOTAL FOR MONTH: M 1 = FOG OR MIST
DPTR FM NORMAL: 0.0 DPTR FM NORMAL: M 2 = FOG REDUCING VISIBILITY
HIGHEST: 89 ON 9, 5 GRTST 24HR M ON M TO 1/4 MILE OR LESS
LOWEST: 9 ON 27 3 = THUNDER
SNOW, ICE PELLETS, HAIL 4 = ICE PELLETS
TOTAL MONTH: M 5 = HAIL
GRTST 24HR M ON M 6 = FREEZING RAIN OR DRIZZLE
GRTST DEPTH: M ON M 7 = DUSTSTORM OR SANDSTORM:
VSBY 1/2 MILE OR LESS
8 = SMOKE OR HAZE
[NO. OF DAYS WITH] [WEATHER - DAYS WITH] 9 = BLOWING SNOW
X = TORNADO
MAX 32 OR BELOW: 3 0.01 INCH OR MORE: M
MAX 90 OR ABOVE: 0 0.10 INCH OR MORE: M
MIN 32 OR BELOW: 14 0.50 INCH OR MORE: M
MIN 0 OR BELOW: 0 1.00 INCH OR MORE: M
[HDD (BASE 65) ]
TOTAL THIS MO. 521 CLEAR (SCALE 0-3) 21
DPTR FM NORMAL M PTCLDY (SCALE 4-7) 5
TOTAL FM JUL 1 638 CLOUDY (SCALE 8-10) 5
DPTR FM NORMAL M
[CDD (BASE 65) ]
TOTAL THIS MO. 9
DPTR FM NORMAL M [PRESSURE DATA]
TOTAL FM JAN 1 1101 HIGHEST SLP M ON M
DPTR FM NORMAL M LOWEST SLP M ON M
[REMARKS]
#FINAL-10-20#