000
CXUS52 KFFC 011010
CF6LZU
PRELIMINARY LOCAL CLIMATOLOGICAL DATA (WS FORM: F-6)
STATION: LAWRENCEVILLE
MONTH: SEPTEMBER
YEAR: 2023
LATITUDE: 33 58 N
LONGITUDE: 83 58 W
TEMPERATURE IN F: :PCPN: SNOW: WIND :SUNSHINE: SKY :PK WND
================================================================================
1 2 3 4 5 6A 6B 7 8 9 10 11 12 13 14 15 16 17 18
12Z AVG MX 2MIN
DY MAX MIN AVG DEP HDD CDD WTR SNW DPTH SPD SPD DIR MIN PSBL S-S WX SPD DR
================================================================================
1 82 68 75 M 0 10 0.00 M M 7.7 15 100 M M 2 22 100
2 80 66 73 M 0 8 0.00 M M 4.1 8 110 M M 2 M M
3 85 61 73 M 0 8 0.00 M M 1.4 8 140 M M 0 M M
4 89 63 76 M 0 11 0.00 M M 1.9 6 120 M M 0 M M
5 87 67 77 M 0 12 0.00 M M 0.9 6 270 M M 0 M M
6 89 66 78 M 0 13 0.00 M M 2.7 8 280 M M 0 M M
7 89 69 79 M 0 14 0.00 M M 4.8 15 230 M M 1 21 230
8 85 64 75 M 0 10 0.00 M M 1.4 7 200 M M 1 M M
9 85 66 76 M 0 11 T M M 4.7 9 40 M M 4 3 M M
10 84 64 74 M 0 9 0.00 M M 4.0 8 80 M M 3 3 M M
11 89 67 78 M 0 13 0.00 M M 2.1 9 150 M M 3 M M
12 88 68 78 M 0 13 0.01 M M 2.2 8 250 M M 1 3 16 250
13 85 70 78 M 0 13 0.01 M M 2.7 8 270 M M 4 1 M M
14 80 68 74 M 0 9 0.01 M M 4.1 8 60 M M 5 1 M M
15 74 65 70 M 0 5 0.01 M M 5.5 15 80 M M 6 23 80
16 72 63 68 M 0 3 0.03 M M 2.8 9 210 M M 9 1 M M
17 79 62 71 M 0 6 0.30 M M 4.4 12 270 M M 6 13 20 270
18 78 58 68 M 0 3 0.00 M M 3.7 13 270 M M 1 18 270
19 80 54 67 M 0 2 0.00 M M 1.2 6 180 M M 2 M M
20 80 57 69 M 0 4 0.00 M M 2.3 8 110 M M 3 M M
21 81 61 71 M 0 6 0.00 M 0 4.5 14 70 M M 4 M M
22 80 59 70 M 0 5 0.00 M M 3.9 10 60 M M 2 8 16 99
23 82 57 70 M 0 5 0.00 M M 3.0 8 330 M M 1 M M
24 84 55 70 M 0 5 0.00 M M 2.8 9 280 M M 0 M M
25 85 57 71 M 0 6 0.00 M M 1.9 9 280 M M 0 M M
26 84 64 74 M 0 9 0.00 M M 5.6 9 100 M M 2 M M
27 72 62 67 M 0 2 0.01 M M 7.0 15 70 M M 9 18 21 70
28 77 58 68 M 0 3 0.01 M M 4.7 13 80 M M 3 1 M M
29 84 56 70 M 0 5 0.00 M 0 1.7 7 30 M M 0 1 M M
30 85 60 73 M 0 8 0.00 M M 1.7 9 80 M M 1 M M
================================================================================
SM 2474 1875 0 231 0.39 M 101.3 M 75
================================================================================
AV 82.5 62.5 3.4 FASTST M M 3 MAX(MPH)
MISC ----> # 15 80 23 80
================================================================================
NOTES:
# LAST OF SEVERAL OCCURRENCES
COLUMN 17 PEAK WIND IN M.P.H.
PRELIMINARY LOCAL CLIMATOLOGICAL DATA (WS FORM: F-6) , PAGE 2
STATION: LAWRENCEVILLE
MONTH: SEPTEMBER
YEAR: 2023
LATITUDE: 33 58 N
LONGITUDE: 83 58 W
[TEMPERATURE DATA] [PRECIPITATION DATA] SYMBOLS USED IN COLUMN 16
AVERAGE MONTHLY: 72.5 TOTAL FOR MONTH: 0.39 1 = FOG OR MIST
DPTR FM NORMAL: 0.0 DPTR FM NORMAL: M 2 = FOG REDUCING VISIBILITY
HIGHEST: 89 ON 11, 7 GRTST 24HR 0.34 ON 16-17 TO 1/4 MILE OR LESS
LOWEST: 54 ON 19 3 = THUNDER
SNOW, ICE PELLETS, HAIL 4 = ICE PELLETS
TOTAL MONTH: M 5 = HAIL
GRTST 24HR M ON M 6 = FREEZING RAIN OR DRIZZLE
GRTST DEPTH: 0 7 = DUSTSTORM OR SANDSTORM:
VSBY 1/2 MILE OR LESS
8 = SMOKE OR HAZE
[NO. OF DAYS WITH] [WEATHER - DAYS WITH] 9 = BLOWING SNOW
X = TORNADO
MAX 32 OR BELOW: 0 0.01 INCH OR MORE: 8
MAX 90 OR ABOVE: 0 0.10 INCH OR MORE: 1
MIN 32 OR BELOW: 0 0.50 INCH OR MORE: 0
MIN 0 OR BELOW: 0 1.00 INCH OR MORE: 0
[HDD (BASE 65) ]
TOTAL THIS MO. 0 CLEAR (SCALE 0-3) 18
DPTR FM NORMAL M PTCLDY (SCALE 4-7) 10
TOTAL FM JUL 1 4 CLOUDY (SCALE 8-10) 2
DPTR FM NORMAL M
[CDD (BASE 65) ]
TOTAL THIS MO. 231
DPTR FM NORMAL M [PRESSURE DATA]
TOTAL FM JAN 1 1609 HIGHEST SLP 30.29 ON 2
DPTR FM NORMAL M LOWEST SLP 29.83 ON 7
[REMARKS]
#FINAL-09-23#