000
CXUS56 KHNX 011528
CF6MAE
PRELIMINARY LOCAL CLIMATOLOGICAL DATA (WS FORM: F-6)
STATION: MADERA CA AIRPORT
MONTH: NOVEMBER
YEAR: 2022
LATITUDE: 36 58 N
LONGITUDE: 120 7 W
TEMPERATURE IN F: :PCPN: SNOW: WIND :SUNSHINE: SKY :PK WND
================================================================================
1 2 3 4 5 6A 6B 7 8 9 10 11 12 13 14 15 16 17 18
12Z AVG MX 2MIN
DY MAX MIN AVG DEP HDD CDD WTR SNW DPTH SPD SPD DIR MIN PSBL S-S WX SPD DR
================================================================================
1 68 45 57 -2 8 0 0.15 0.0 0 5.4 18 340 M M 2 18 23 300
2 60 40 50 -9 15 0 0.02 0.0 0 3.5 20 290 M M 3 18 27 280
3 59 38 49 -10 16 0 0.00 0.0 0 6.4 17 330 M M 2 18 23 290
4 62 36 49 -9 16 0 0.00 0.0 0 2.7 9 120 M M 0 10 120
5 66 39 53 -5 12 0 0.00 0.0 0 3.1 10 310 M M 3 13 310
6 67 53 60 2 5 0 0.01 0.0 0 6.2 13 120 M M 9 8 17 120
7 58 45 52 -5 13 0 0.06 0.0 0 7.0 17 350 M M 7 1 22 360
8 57 46 52 -5 13 0 0.26 0.0 0 9.1 24 230 M M 8 1 29 140
9 60 41 51 -5 14 0 T 0.0 0 2.7 8 360 M M 4 10 110
10 59 34 47 -9 18 0 0.00 0.0 0 2.4 8 320 M M 2 12 12 310
11 60 34 47 -9 18 0 0.00 0.0 0 0.8 7 230 M M 0 18 9 210
12 62 34 48 -7 17 0 0.00 0.0 0 4.2 13 320 M M 1 18 16 330
13 59 36 48 -7 17 0 0.00 0.0 0 5.0 14 330 M M 1 18 17 340
14 63 36 50 -5 15 0 0.00 0.0 0 3.3 8 280 M M 0 18 10 270
15 64 33 49 -5 16 0 0.00 0.0 0 3.6 10 310 M M 0 18 13 320
16 67 33 50 -4 15 0 0.00 0.0 0 1.5 8 310 M M 0 8 10 310
17 65 35 50 -4 15 0 0.00 0.0 0 3.1 9 280 M M 0 18 11 330
18 64 34 49 -4 16 0 0.00 0.0 0 1.5 9 310 M M 0 18 12 290
19 65 32 49 -4 16 0 0.00 0.0 0 1.7 7 180 M M 0 18 8 130
20 66 31 49 -3 16 0 0.00 0.0 0 1.6 7 320 M M 0 18 9 340
21 49 31 40 -12 25 0 0.00 0.0 0 0.6 6 70 M M 0 18 6 70
22 64 31 48 -4 17 0 0.00 0.0 0 2.3 8 310 M M 0 18 10 290
23 64 34 49 -2 16 0 0.00 0.0 0 1.8 7 160 M M 0 18 10 160
24 70 33 52 1 13 0 0.00 0.0 0 2.9 8 160 M M 0 18 12 90
25 72 32 52 1 13 0 0.00 0.0 0 1.9 8 100 M M 0 18 10 270
26 68 38 53 3 12 0 0.00 0.0 0 2.0 8 310 M M 0 18 10 320
27 65 35 50 0 15 0 0.00 0.0 0 2.1 8 70 M M 0 18 9 70
28 64 33 49 -1 16 0 0.00 0.0 0 5.1 20 320 M M 1 18 23 330
29 58 32 45 -5 20 0 0.00 0.0 0 2.5 9 330 M M 0 1 10 320
30 64 34 49 0 16 0 0.00 0.0 0 4.6 12 160 M M 1 8 15 140
================================================================================
SM 1889 1088 454 0 0.50 0.0 100.6 M 44
================================================================================
AV 63.0 36.3 3.4 FASTST M M 1 MAX(MPH)
MISC ----> 24 230 29 140
================================================================================
NOTES:
# LAST OF SEVERAL OCCURRENCES
COLUMN 17 PEAK WIND IN M.P.H.
PRELIMINARY LOCAL CLIMATOLOGICAL DATA (WS FORM: F-6) , PAGE 2
STATION: MADERA CA AIRPORT
MONTH: NOVEMBER
YEAR: 2022
LATITUDE: 36 58 N
LONGITUDE: 120 7 W
[TEMPERATURE DATA] [PRECIPITATION DATA] SYMBOLS USED IN COLUMN 16
AVERAGE MONTHLY: 49.6 TOTAL FOR MONTH: 0.50 1 = FOG OR MIST
DPTR FM NORMAL: -4.5 DPTR FM NORMAL: -0.42 2 = FOG REDUCING VISIBILITY
HIGHEST: 72 ON 25 GRTST 24HR 0.26 ON 7- 8 TO 1/4 MILE OR LESS
LOWEST: 31 ON 22,21 3 = THUNDER
SNOW, ICE PELLETS, HAIL 4 = ICE PELLETS
TOTAL MONTH: 0.0 INCH 5 = HAIL
GRTST 24HR 0.0 6 = FREEZING RAIN OR DRIZZLE
GRTST DEPTH: 0 7 = DUSTSTORM OR SANDSTORM:
VSBY 1/2 MILE OR LESS
8 = SMOKE OR HAZE
[NO. OF DAYS WITH] [WEATHER - DAYS WITH] 9 = BLOWING SNOW
X = TORNADO
MAX 32 OR BELOW: 0 0.01 INCH OR MORE: 5
MAX 90 OR ABOVE: 0 0.10 INCH OR MORE: 2
MIN 32 OR BELOW: 6 0.50 INCH OR MORE: 0
MIN 0 OR BELOW: 0 1.00 INCH OR MORE: 0
[HDD (BASE 65) ]
TOTAL THIS MO. 454 CLEAR (SCALE 0-3) 25
DPTR FM NORMAL 125 PTCLDY (SCALE 4-7) 4
TOTAL FM JUL 1 524 CLOUDY (SCALE 8-10) 1
DPTR FM NORMAL 114
[CDD (BASE 65) ]
TOTAL THIS MO. 0
DPTR FM NORMAL -2 [PRESSURE DATA]
TOTAL FM JAN 1 2069 HIGHEST SLP 30.41 ON 16
DPTR FM NORMAL 320 LOWEST SLP 29.59 ON 8
[REMARKS]
#FINAL-11-22#