000
CXUS55 KABR 011100
CF6MBG
PRELIMINARY LOCAL CLIMATOLOGICAL DATA (WS FORM: F-6)
STATION: MOBRIDGE SD
MONTH: AUGUST
YEAR: 2021
LATITUDE: 45 32 N
LONGITUDE: 100 25 W
TEMPERATURE IN F: :PCPN: SNOW: WIND :SUNSHINE: SKY :PK WND
================================================================================
1 2 3 4 5 6A 6B 7 8 9 10 11 12 13 14 15 16 17 18
12Z AVG MX 2MIN
DY MAX MIN AVG DEP HDD CDD WTR SNW DPTH SPD SPD DIR MIN PSBL S-S WX SPD DR
================================================================================
1 88 55 72 -3 0 7 0.00 0.0 0 5.5 15 130 M M 0 8 19 120
2 91 61 76 1 0 11 0.00 0.0 0 9.6 17 120 M M 0 8 22 120
3 91 63 77 2 0 12 0.00 0.0 0 9.7 17 110 M M 0 8 34 170
4 88 70 79 4 0 14 0.01 0.0 0 9.2 17 170 M M 1 8 23 170
5 91 61 76 1 0 11 T 0.0 0 7.0 17 70 M M 0 138 25 60
6 84 64 74 -1 0 9 T 0.0 0 11.5 22 100 M M 3 38 30 100
7 85 63 74 -1 0 9 0.08 0.0 0 7.0 21 290 M M 2 18 28 290
8 100 58 79 5 0 14 0.00 0.0 0 4.2 17 150 M M 2 128 23 140
9 93 59 76 2 0 11 T 0.0 0 11.8 24 310 M M 0 8 31 300
10 96 55 76 2 0 11 0.00 0.0 0 9.8 23 270 M M 0 8 34 270
11 97 58 78 4 0 13 0.00 0.0 0 9.0 21 260 M M 1 29 250
12 87 53 70 -4 0 5 T 0.0 0 11.3 26 310 M M 1 36 300
13 89 49 69 -5 0 4 0.00 0.0 0 6.3 14 330 M M 0 21 330
14 98 62 80 6 0 15 0.01 0.0 0 12.8 29 200 M M 1 3 49 190
15 97 72 85 12 0 20 0.00 0.0 0 13.7 21 170 M M 0 30 160
16 99 72 86 13 0 21 0.00 0.0 0 11.6 18 170 M M 0 8 24 160
17 103 70 87 14 0 22 0.00 0.0 0 15.2 24 150 M M 0 33 150
18 101 75 88 15 0 23 0.00 0.0 0 17.0 29 170 M M 0 37 170
19 92 63 78 6 0 13 0.95 0.0 0 8.5 20 250 M M 3 138 28 260
20 74 60 67 -5 0 2 0.43 0.0 0 14.2 32 310 M M 8 1 43 310
21 78 55 67 -5 0 2 0.00 0.0 0 10.0 26 310 M M 1 35 310
22 87 59 73 1 0 8 0.01 0.0 0 17.4 35 160 M M 2 49 160
23 92 54 73 1 0 8 0.65 0.0 0 11.1 31 320 M M 1 138 43 320
24 85 57 71 0 0 6 0.00 0.0 0 11.9 28 90 M M 1 3 38 90
25 76 57 67 -4 0 2 T 0.0 0 6.8 17 110 M M 2 22 110
26 68 60 64 -7 1 0 0.61 0.0 0 13.3 33 330 M M 10 138 51 320
27 82 62 72 2 0 7 0.02 0.0 0 8.4 24 80 M M 4 18 32 70
28 81 60 71 1 0 6 1.03 0.0 0 8.6 28 310 M M 5 13 40 320
29 82 55 69 -1 0 4 0.00 0.0 0 6.2 14 300 M M 0 19 300
30 86 59 73 4 0 8 0.49 0.0 0 12.3 24 120 M M 3 3 33 130
31 81 60 71 2 0 6 0.00 0.0 0 13.7 23 150 M M 1 8 31 140
================================================================================
SM 2742 1881 1 304 4.29 0.0 324.6 M 52
================================================================================
AV 88.5 60.7 10.5 FASTST M M 2 MAX(MPH)
MISC ----> 35 160 51 320
================================================================================
NOTES:
# LAST OF SEVERAL OCCURRENCES
COLUMN 17 PEAK WIND IN M.P.H.
PRELIMINARY LOCAL CLIMATOLOGICAL DATA (WS FORM: F-6) , PAGE 2
STATION: MOBRIDGE SD
MONTH: AUGUST
YEAR: 2021
LATITUDE: 45 32 N
LONGITUDE: 100 25 W
[TEMPERATURE DATA] [PRECIPITATION DATA] SYMBOLS USED IN COLUMN 16
AVERAGE MONTHLY: 74.6 TOTAL FOR MONTH: 4.29 1 = FOG OR MIST
DPTR FM NORMAL: 1.8 DPTR FM NORMAL: 2.24 2 = FOG REDUCING VISIBILITY
HIGHEST: 103 ON 17 GRTST 24HR 1.38 ON 19-20 TO 1/4 MILE OR LESS
LOWEST: 49 ON 13 3 = THUNDER
SNOW, ICE PELLETS, HAIL 4 = ICE PELLETS
TOTAL MONTH: 0.0 INCH 5 = HAIL
GRTST 24HR 0.0 6 = FREEZING RAIN OR DRIZZLE
GRTST DEPTH: 0 7 = DUSTSTORM OR SANDSTORM:
VSBY 1/2 MILE OR LESS
8 = SMOKE OR HAZE
[NO. OF DAYS WITH] [WEATHER - DAYS WITH] 9 = BLOWING SNOW
X = TORNADO
MAX 32 OR BELOW: 0 0.01 INCH OR MORE: 11
MAX 90 OR ABOVE: 14 0.10 INCH OR MORE: 6
MIN 32 OR BELOW: 0 0.50 INCH OR MORE: 4
MIN 0 OR BELOW: 0 1.00 INCH OR MORE: 1
[HDD (BASE 65) ]
TOTAL THIS MO. 1 CLEAR (SCALE 0-3) 27
DPTR FM NORMAL -12 PTCLDY (SCALE 4-7) 3
TOTAL FM JUL 1 1 CLOUDY (SCALE 8-10) 1
DPTR FM NORMAL -14
[CDD (BASE 65) ]
TOTAL THIS MO. 304
DPTR FM NORMAL 50 [PRESSURE DATA]
TOTAL FM JAN 1 1047 HIGHEST SLP 30.27 ON 1
DPTR FM NORMAL 326 LOWEST SLP 29.54 ON 17
[REMARKS]
#FINAL-08-21#