000
CXUS53 KDTX 010635
CF6MBS
PRELIMINARY LOCAL CLIMATOLOGICAL DATA (WS FORM: F-6)
STATION: TRI CITIES MI
MONTH: JUNE
YEAR: 2022
LATITUDE: 43 31 N
LONGITUDE: 84 5 W
TEMPERATURE IN F: :PCPN: SNOW: WIND :SUNSHINE: SKY :PK WND
================================================================================
1 2 3 4 5 6A 6B 7 8 9 10 11 12 13 14 15 16 17 18
12Z AVG MX 2MIN
DY MAX MIN AVG DEP HDD CDD WTR SNW DPTH SPD SPD DIR MIN PSBL S-S WX SPD DR
================================================================================
1 78 58 68 4 0 3 0.13 0.0 0 9.0 16 20 M M 5 13 22 290
2 75 54 65 1 0 0 T 0.0 0 6.7 17 290 M M 3 26 260
3 78 53 66 1 0 1 0.00 0.0 0 12.7 28 260 M M 2 42 270
4 73 46 60 -5 5 0 0.00 0.0 0 6.1 15 240 M M 0 23 250
5 63 53 58 -7 7 0 0.05 0.0 0 4.9 10 100 M M 7 15 90
6 74 58 66 0 0 1 0.04 0.0 0 5.7 13 110 M M 9 1 16 110
7 71 55 63 -3 2 0 0.02 0.0 0 10.5 20 320 M M 6 1 26 280
8 69 49 59 -7 6 0 0.40 0.0 0 4.4 13 340 M M 5 1 16 340
9 75 53 64 -3 1 0 0.11 0.0 0 10.2 26 300 M M 4 13 46 300
10 76 51 64 -3 1 0 T 0.0 0 6.2 20 350 M M 2 3 26 220
11 78 56 67 0 0 2 0.29 0.0 0 8.5 23 200 M M 4 33 200
12 75 59 67 0 0 2 0.26 0.0 0 6.2 14 40 M M 4 1 19 40
13 79 53 66 -2 0 1 0.06 0.0 0 7.2 16 30 M M 2 20 30
14 85 59 72 4 0 7 0.02 0.0 0 8.0 17 100 M M 4 24 100
15 95 69 82 14 0 17 0.00 0.0 0 9.8 23 220 M M 1 8 30 230
16 89 68 79 11 0 14 0.27 0.0 0 16.2 44 280 M M 2 38 67 280
17 81 58 70 1 0 5 0.00 0.0 0 15.8 30 320 M M 0 43 340
18 74 52 63 -6 2 0 0.00 0.0 0 8.1 16 40 M M 0 22 360
19 77 51 64 -5 1 0 T 0.0 0 3.7 12 170 M M 1 17 260
20 85 61 73 3 0 8 0.36 0.0 0 8.8 22 230 M M 3 13 29 220
21 95 67 81 11 0 16 0.00 0.0 0 10.7 24 250 M M 0 34 250
22 87 65 76 6 0 11 0.00 0.0 0 9.7 20 330 M M 0 27 270
23 81 55 68 -2 0 3 0.00 0.0 0 7.0 14 360 M M 0 18 10
24 89 59 74 4 0 9 0.00 0.0 0 7.5 15 220 M M 0 21 260
25 89 67 78 8 0 13 0.00 0.0 0 7.9 21 220 M M 1 28 220
26 84 65 75 4 0 10 T 0.0 0 11.8 24 260 M M 5 34 270
27 71 55 63 -8 2 0 0.00 0.0 0 11.0 21 320 M M 2 27 330
28 82 49 66 -5 0 1 0.01 0.0 0 9.7 22 350 M M 1 32 250
29 78 60 69 -2 0 4 0.21 0.0 M 4.8 13 120 M M 5 1 17 340
30 89 62 76 5 0 11 0.00 0.0 0 12.5 25 220 M M 0 34 230
================================================================================
SM 2395 1720 27 139 2.23 0.0 261.3 M 78
================================================================================
AV 79.8 57.3 8.7 FASTST M M 3 MAX(MPH)
MISC ----> 44 280 67 280
================================================================================
NOTES:
# LAST OF SEVERAL OCCURRENCES
COLUMN 17 PEAK WIND IN M.P.H.
PRELIMINARY LOCAL CLIMATOLOGICAL DATA (WS FORM: F-6) , PAGE 2
STATION: TRI CITIES MI
MONTH: JUNE
YEAR: 2022
LATITUDE: 43 31 N
LONGITUDE: 84 5 W
[TEMPERATURE DATA] [PRECIPITATION DATA] SYMBOLS USED IN COLUMN 16
AVERAGE MONTHLY: 68.6 TOTAL FOR MONTH: 2.23 1 = FOG OR MIST
DPTR FM NORMAL: 0.5 DPTR FM NORMAL: -1.05 2 = FOG REDUCING VISIBILITY
HIGHEST: 95 ON 21,15 GRTST 24HR 0.55 ON 11-12 TO 1/4 MILE OR LESS
LOWEST: 46 ON 4 3 = THUNDER
SNOW, ICE PELLETS, HAIL 4 = ICE PELLETS
TOTAL MONTH: 0.0 INCH 5 = HAIL
GRTST 24HR 0.0 6 = FREEZING RAIN OR DRIZZLE
GRTST DEPTH: 0 7 = DUSTSTORM OR SANDSTORM:
VSBY 1/2 MILE OR LESS
8 = SMOKE OR HAZE
[NO. OF DAYS WITH] [WEATHER - DAYS WITH] 9 = BLOWING SNOW
X = TORNADO
MAX 32 OR BELOW: 0 0.01 INCH OR MORE: 14
MAX 90 OR ABOVE: 2 0.10 INCH OR MORE: 8
MIN 32 OR BELOW: 0 0.50 INCH OR MORE: 0
MIN 0 OR BELOW: 0 1.00 INCH OR MORE: 0
[HDD (BASE 65) ]
TOTAL THIS MO. 27 CLEAR (SCALE 0-3) 18
DPTR FM NORMAL -20 PTCLDY (SCALE 4-7) 11
TOTAL FM JUL 1 6469 CLOUDY (SCALE 8-10) 1
DPTR FM NORMAL -313
[CDD (BASE 65) ]
TOTAL THIS MO. 139
DPTR FM NORMAL -1 [PRESSURE DATA]
TOTAL FM JAN 1 226 HIGHEST SLP M ON M
DPTR FM NORMAL 42 LOWEST SLP 29.68 ON 6
[REMARKS]
#FINAL-06-22#