000
CXUS52 KFFC 011010
CF6MCN
PRELIMINARY LOCAL CLIMATOLOGICAL DATA (WS FORM: F-6)
STATION: MACON
MONTH: JUNE
YEAR: 2022
LATITUDE: 32 42 N
LONGITUDE: 83 39 W
TEMPERATURE IN F: :PCPN: SNOW: WIND :SUNSHINE: SKY :PK WND
================================================================================
1 2 3 4 5 6A 6B 7 8 9 10 11 12 13 14 15 16 17 18
12Z AVG MX 2MIN
DY MAX MIN AVG DEP HDD CDD WTR SNW DPTH SPD SPD DIR MIN PSBL S-S WX SPD DR
================================================================================
1 94 65 80 3 0 15 0.00 0.0 M 1.9 9 50 M M 1 18 13 10
2 96 65 81 4 0 16 T 0.0 M 3.3 32 290 M M 2 138 44 290
3 93 66 80 3 0 15 0.00 0.0 M 5.4 17 280 M M 1 13 25 290
4 87 70 79 1 0 14 0.00 0.0 M 8.6 16 40 M M 5 18 22 30
5 89 66 78 0 0 13 0.00 0.0 M 7.2 14 60 M M 1 18 20 50
6 85 69 77 -1 0 12 0.02 0.0 M 5.7 20 120 M M 5 138 26 100
7 91 65 78 0 0 13 0.00 0.0 M 2.3 10 240 M M 3 12 15 230
8 88 69 79 1 0 14 M 0.0 M 5.0 22 340 M M 1 138 32 320
9 94 70 82 3 0 17 0.00 0.0 M 7.8 20 280 M M 2 38 26 250
10 90 64 77 -2 0 12 0.00 0.0 M 3.6 13 330 M M 0 8 20 320
11 94 67 81 2 0 16 0.04 0.0 M 2.3 21 230 M M 4 8 28 230
12 97 72 85 6 0 20 0.00 0.0 M 2.7 12 130 M M 1 17 130
13 100 72 86 7 0 21 0.00 0.0 M 3.0 10 280 M M 1 15 260
14 99 73 86 7 0 21 0.02 0.0 M 5.8 25 140 M M 2 3 35 130
15 104 69 87 7 0 22 0.00 0.0 M 3.6 15 130 M M 1 13 20 130
16 100 72 86 6 0 21 0.00 0.0 M 5.6 14 90 M M 1 18 70
17 101 71 86 6 0 21 0.00 0.0 M 5.3 15 260 M M 1 20 330
18 99 70 85 5 0 20 0.00 0.0 M 7.3 17 350 M M 0 18 25 320
19 94 64 79 -1 0 14 0.00 0.0 M 8.3 17 70 M M 0 26 60
20 96 60 78 -2 0 13 0.00 0.0 M 3.0 13 60 M M 0 8 18 170
21 100 63 82 2 0 17 0.00 0.0 M 3.8 16 360 M M 0 8 23 30
22 105 64 85 4 0 20 0.00 0.0 M 5.0 15 360 M M 0 8 20 10
23 104 72 88 7 0 23 0.00 0.0 M 6.5 21 10 M M 1 38 27 360
24 99 73 86 5 0 21 3.45 0.0 M 6.8 43 320 M M 3 138 57 320
25 97 74 86 5 0 21 0.00 0.0 M 7.3 15 120 M M 3 18 27 140
26 M M M M M M M 0.0 M M M M M M 1 8 M M
27 M M M M M M 0.00 0.0 M 3.6 20 330 M M 1 3 28 330
28 89 73 81 0 0 16 0.11 0.0 M 4.4 15 110 M M 5 18 20 110
29 89 70 80 -1 0 15 2.78 0.0 M 5.1 22 50 M M 5 13 32 50
30 91 71 81 -1 0 16 0.00 0.0 M 3.2 16 140 M M 5 1 23 120
================================================================================
SM 2665 1919 0 479 6.42 0.0 143.4 M 56
================================================================================
AV 95.2 68.5 4.9 FASTST M M 2 MAX(MPH)
MISC ----> 43 320 57 320
================================================================================
NOTES:
# LAST OF SEVERAL OCCURRENCES
COLUMN 17 PEAK WIND IN M.P.H.
PRELIMINARY LOCAL CLIMATOLOGICAL DATA (WS FORM: F-6) , PAGE 2
STATION: MACON
MONTH: JUNE
YEAR: 2022
LATITUDE: 32 42 N
LONGITUDE: 83 39 W
[TEMPERATURE DATA] [PRECIPITATION DATA] SYMBOLS USED IN COLUMN 16
AVERAGE MONTHLY: 81.9 TOTAL FOR MONTH: 6.42 1 = FOG OR MIST
DPTR FM NORMAL: 2.4 DPTR FM NORMAL: 1.98 2 = FOG REDUCING VISIBILITY
HIGHEST: 105 ON 22 GRTST 24HR 3.45 ON 24-24 TO 1/4 MILE OR LESS
LOWEST: 60 ON 20 3 = THUNDER
SNOW, ICE PELLETS, HAIL 4 = ICE PELLETS
TOTAL MONTH: 0.0 INCH 5 = HAIL
GRTST 24HR 0.0 6 = FREEZING RAIN OR DRIZZLE
GRTST DEPTH: M ON M 7 = DUSTSTORM OR SANDSTORM:
VSBY 1/2 MILE OR LESS
8 = SMOKE OR HAZE
[NO. OF DAYS WITH] [WEATHER - DAYS WITH] 9 = BLOWING SNOW
X = TORNADO
MAX 32 OR BELOW: 0 0.01 INCH OR MORE: 6
MAX 90 OR ABOVE: 22 0.10 INCH OR MORE: 3
MIN 32 OR BELOW: 0 0.50 INCH OR MORE: 2
MIN 0 OR BELOW: 0 1.00 INCH OR MORE: 2
[HDD (BASE 65) ]
TOTAL THIS MO. 0 CLEAR (SCALE 0-3) 23
DPTR FM NORMAL 0 PTCLDY (SCALE 4-7) 7
TOTAL FM JUL 1 1806 CLOUDY (SCALE 8-10) 0
DPTR FM NORMAL -340
[CDD (BASE 65) ]
TOTAL THIS MO. 479
DPTR FM NORMAL 44 [PRESSURE DATA]
TOTAL FM JAN 1 900 HIGHEST SLP 30.23 ON 20
DPTR FM NORMAL 100 LOWEST SLP 29.76 ON 23
[REMARKS]
#FINAL-06-22#