000
CXUS53 KARX 020620
CF6MDZ
PRELIMINARY LOCAL CLIMATOLOGICAL DATA (WS FORM: F-6)
STATION: MEDFORD WI
MONTH: DECEMBER
YEAR: 2023
LATITUDE: 45 5 N
LONGITUDE: 90 18 W
TEMPERATURE IN F: :PCPN: SNOW: WIND :SUNSHINE: SKY :PK WND
================================================================================
1 2 3 4 5 6A 6B 7 8 9 10 11 12 13 14 15 16 17 18
12Z AVG MX 2MIN
DY MAX MIN AVG DEP HDD CDD WTR SNW DPTH SPD SPD DIR MIN PSBL S-S WX SPD DR
================================================================================
1 32 16 24 M 41 0 0.00 0.0 0 3.9 8 70 M M 0 M M
2 34 14 24 M 41 0 0.00 0.0 0 5.1 9 170 M M 7 M M
3 34 24 29 M 36 0 0.01 M M 4.1 8 70 M M 10 M M
4 33 27 30 M 35 0 0.00 0.0 M 2.5 7 210 M M 10 M M
5 32 28 30 M 35 0 0.00 0.0 M 4.4 10 330 M M 10 M M
6 35 22 29 M 36 0 0.00 0.0 M 7.1 14 190 M M 5 1 18 190
7 47 24 36 M 29 0 0.00 0.0 M 4.5 10 130 M M 2 17 130
8 46 33 40 M 25 0 0.00 0.0 0 7.4 12 240 M M 7 18 240
9 38 29 34 M 31 0 M M 0 4.6 14 320 M M 8 22 320
10 29 19 24 M 41 0 0.00 0.0 M 7.0 17 320 M M 10 21 320
11 25 16 21 M 44 0 0.00 0.0 0 5.3 10 250 M M 8 16 250
12 26 18 22 M 43 0 0.00 0.0 0 12.3 20 290 M M 4 29 290
13 32 18 25 M 40 0 0.00 0.0 M 4.2 7 210 M M 4 M M
14 45 26 36 M 29 0 0.00 0.0 M 6.9 9 210 M M 0 M M
15 42 32 37 M 28 0 T 0.0 0 4.1 7 90 M M 6 M M
16 44 36 40 M 25 0 0.00 0.0 0 5.8 12 100 M M 10 M M
17 36 27 32 M 33 0 0.00 0.0 0 4.7 16 280 M M 10 20 280
18 28 7 18 M 47 0 0.00 0.0 0 3.6 18 340 M M 8 25 340
19 31 6 19 M 46 0 0.00 0.0 0 7.0 15 200 M M 0 21 200
20 38 21 30 M 35 0 0.00 0.0 0 5.2 9 90 M M 1 M M
21 37 28 33 M 32 0 0.00 0.0 0 6.5 9 140 M M 8 M M
22 37 32 35 M 30 0 0.00 0.0 0 2.4 7 170 M M 10 M M
23 40 36 38 M 27 0 0.00 0.0 0 3.9 7 150 M M 10 M M
24 47 39 43 M 22 0 0.06 0.0 0 8.6 14 140 M M 10 12 20 150
25 49 46 48 M 17 0 0.30 0.0 0 10.2 17 90 M M 10 1 24 90
26 46 30 38 M 27 0 0.21 M 0 7.4 17 80 M M 10 24 80
27 36 25 31 M 34 0 0.00 0.0 0 0.8 6 360 M M 3 M M
28 33 26 30 M 35 0 0.00 0.0 0 5.4 14 360 M M 6 21 360
29 43 24 34 M 31 0 0.00 0.0 0 4.8 12 360 M M 1 M M
30 28 20 24 M 41 0 M M 0 3.4 7 270 M M 8 6 M M
31 28 21 25 M 40 0 0.00 0.0 M 10.2 17 360 M M 10 23 360
================================================================================
SM 1131 770 1056 0 0.58 0.0 173.3 M 206
================================================================================
AV 36.5 24.8 5.6 FASTST M M 7 MAX(MPH)
MISC ----> 20 290 29 290
================================================================================
NOTES:
# LAST OF SEVERAL OCCURRENCES
COLUMN 17 PEAK WIND IN M.P.H.
PRELIMINARY LOCAL CLIMATOLOGICAL DATA (WS FORM: F-6) , PAGE 2
STATION: MEDFORD WI
MONTH: DECEMBER
YEAR: 2023
LATITUDE: 45 5 N
LONGITUDE: 90 18 W
[TEMPERATURE DATA] [PRECIPITATION DATA] SYMBOLS USED IN COLUMN 16
AVERAGE MONTHLY: 30.7 TOTAL FOR MONTH: 0.58 1 = FOG OR MIST
DPTR FM NORMAL: 0.0 DPTR FM NORMAL: M 2 = FOG REDUCING VISIBILITY
HIGHEST: 49 ON 25 GRTST 24HR 0.30 ON 25-25 TO 1/4 MILE OR LESS
LOWEST: 6 ON 19 3 = THUNDER
SNOW, ICE PELLETS, HAIL 4 = ICE PELLETS
TOTAL MONTH: 0.0 INCH 5 = HAIL
GRTST 24HR 0.0 6 = FREEZING RAIN OR DRIZZLE
GRTST DEPTH: 0 7 = DUSTSTORM OR SANDSTORM:
VSBY 1/2 MILE OR LESS
8 = SMOKE OR HAZE
[NO. OF DAYS WITH] [WEATHER - DAYS WITH] 9 = BLOWING SNOW
X = TORNADO
MAX 32 OR BELOW: 10 0.01 INCH OR MORE: 4
MAX 90 OR ABOVE: 0 0.10 INCH OR MORE: 2
MIN 32 OR BELOW: 26 0.50 INCH OR MORE: 0
MIN 0 OR BELOW: 0 1.00 INCH OR MORE: 0
[HDD (BASE 65) ]
TOTAL THIS MO. 1056 CLEAR (SCALE 0-3) 6
DPTR FM NORMAL M PTCLDY (SCALE 4-7) 12
TOTAL FM JUL 1 2909 CLOUDY (SCALE 8-10) 13
DPTR FM NORMAL M
[CDD (BASE 65) ]
TOTAL THIS MO. 0
DPTR FM NORMAL M [PRESSURE DATA]
TOTAL FM JAN 1 310 HIGHEST SLP M ON M
DPTR FM NORMAL M LOWEST SLP M ON M
[REMARKS]
#FINAL-12-23#