000
CXUS54 KMEG 010900
CF6MEG
PRELIMINARY LOCAL CLIMATOLOGICAL DATA (WS FORM: F-6)
STATION: MEMPHIS/GERMANTOWN WFO
MONTH: AUGUST
YEAR: 2023
LATITUDE: 35 7 N
LONGITUDE: 89 48 W
TEMPERATURE IN F: :PCPN: SNOW: WIND :SUNSHINE: SKY :PK WND
================================================================================
1 2 3 4 5 6A 6B 7 8 9 10 11 12 13 14 15 16 17 18
12Z AVG MX 2MIN
DY MAX MIN AVG DEP HDD CDD WTR SNW DPTH SPD SPD DIR MIN PSBL S-S WX SPD DR
================================================================================
1 88 76 82 1 0 17 0.00 0.0 0 M M M M M M M M
2 95 74 85 4 0 20 0.00 0.0 0 M M M M M M M M
3 96 78 87 6 0 22 0.00 0.0 0 M M M M M M M M
4 88 71 80 -1 0 15 1.01 0.0 0 M M M M M M 13 M M
5 98 75 87 6 0 22 0.10 0.0 0 M M M M M M 3 M M
6 93 74 84 3 0 19 0.00 0.0 0 M M M M M M M M
7 85 71 78 -3 0 13 0.05 0.0 0 M M M M M M 3 M M
8 85 70 78 -3 0 13 0.02 0.0 0 M M M M M M M M
9 79 68 74 -7 0 9 1.77 0.0 0 M M M M M M 13 M M
10 79 67 73 -8 0 8 1.20 0.0 0 M M M M M M 13 M M
11 95 72 84 3 0 19 0.00 0.0 0 M M M M M M 1 M M
12 91 78 85 5 0 20 T 0.0 0 M M M M M M M M
13 93 77 85 5 0 20 T 0.0 0 M M M M M M 3 M M
14 94 76 85 5 0 20 0.00 0.0 0 M M M M M M M M
15 82 65 74 -6 0 9 0.00 0.0 0 M M M M M M M M
16 82 65 74 -6 0 9 0.00 0.0 0 M M M M M M M M
17 89 63 76 -4 0 11 0.00 0.0 0 M M M M M M M M
18 90 69 80 0 0 15 0.00 0.0 0 M M M M M M M M
19 92 66 79 -1 0 14 0.00 0.0 0 M M M M M M M M
20 97 70 84 4 0 19 0.00 0.0 0 M M M M M M M M
21 98 73 86 6 0 21 0.00 0.0 0 M M M M M M M M
22 96 75 86 7 0 21 0.00 0.0 0 M M M M M M M M
23 98 76 87 8 0 22 0.00 0.0 0 M M M M M M M M
24 99 77 88 9 0 23 0.00 0.0 0 M M M M M M M M
25 102 77 90 11 0 25 0.00 0.0 0 M M M M M M M M
26 101 77 89 10 0 24 0.00 0.0 0 M M M M M M M M
27 85 72 79 0 0 14 0.30 0.0 0 M M M M M M 3 M M
28 87 73 80 2 0 15 0.00 0.0 0 M M M M M M 1 M M
29 87 68 78 0 0 13 0.00 0.0 0 M M M M M M M M
30 86 62 74 -4 0 9 0.00 0.0 0 M M M M M M M M
31 82 67 75 -3 0 10 0.00 0.0 0 M M M M M M M M
================================================================================
SM 2812 2222 0 511 4.45 0.0 M M M
================================================================================
AV 90.7 71.7 M FASTST M M M MAX(MPH)
MISC ----> M M M M
================================================================================
NOTES:
# LAST OF SEVERAL OCCURRENCES
COLUMN 17 PEAK WIND IN M.P.H.
PRELIMINARY LOCAL CLIMATOLOGICAL DATA (WS FORM: F-6) , PAGE 2
STATION: MEMPHIS/GERMANTOWN WFO
MONTH: AUGUST
YEAR: 2023
LATITUDE: 35 7 N
LONGITUDE: 89 48 W
[TEMPERATURE DATA] [PRECIPITATION DATA] SYMBOLS USED IN COLUMN 16
AVERAGE MONTHLY: 81.2 TOTAL FOR MONTH: 4.45 1 = FOG OR MIST
DPTR FM NORMAL: 1.3 DPTR FM NORMAL: 1.06 2 = FOG REDUCING VISIBILITY
HIGHEST: 102 ON 25 GRTST 24HR 1.77 ON 9- 9 TO 1/4 MILE OR LESS
LOWEST: 62 ON 30 3 = THUNDER
SNOW, ICE PELLETS, HAIL 4 = ICE PELLETS
TOTAL MONTH: 0.0 INCH 5 = HAIL
GRTST 24HR 0.0 6 = FREEZING RAIN OR DRIZZLE
GRTST DEPTH: 0 7 = DUSTSTORM OR SANDSTORM:
VSBY 1/2 MILE OR LESS
8 = SMOKE OR HAZE
[NO. OF DAYS WITH] [WEATHER - DAYS WITH] 9 = BLOWING SNOW
X = TORNADO
MAX 32 OR BELOW: 0 0.01 INCH OR MORE: 7
MAX 90 OR ABOVE: 17 0.10 INCH OR MORE: 5
MIN 32 OR BELOW: 0 0.50 INCH OR MORE: 3
MIN 0 OR BELOW: 0 1.00 INCH OR MORE: 3
[HDD (BASE 65) ]
TOTAL THIS MO. 0 CLEAR (SCALE 0-3) 0
DPTR FM NORMAL 0 PTCLDY (SCALE 4-7) 0
TOTAL FM JUL 1 0 CLOUDY (SCALE 8-10) 31
DPTR FM NORMAL 0
[CDD (BASE 65) ]
TOTAL THIS MO. 511
DPTR FM NORMAL 47 [PRESSURE DATA]
TOTAL FM JAN 1 1737 HIGHEST SLP M ON M
DPTR FM NORMAL 116 LOWEST SLP M ON M
[REMARKS]
#FINAL-08-23#