000
CXUS56 KPDT 020532
CF6MEH
PRELIMINARY LOCAL CLIMATOLOGICAL DATA (WS FORM: F-6)
STATION: MEACHAM OR
MONTH: APRIL
YEAR: 2020
LATITUDE: 45 30 N
LONGITUDE: 118 24 W
TEMPERATURE IN F: :PCPN: SNOW: WIND :SUNSHINE: SKY :PK WND
================================================================================
1 2 3 4 5 6A 6B 7 8 9 10 11 12 13 14 15 16 17 18
12Z AVG MX 2MIN
DY MAX MIN AVG DEP HDD CDD WTR SNW DPTH SPD SPD DIR MIN PSBL S-S WX SPD DR
================================================================================
1 34 23 29 -9 36 0 0.26 M M 0.7 7 270 M M 9 128 12 270
2 37 25 31 -7 34 0 0.10 M M 0.0 5 99 M M 8 1 M M
3 41 27 34 -5 31 0 T M M 1.4 8 270 M M 10 1 14 280
4 47 23 35 -4 30 0 0.04 M M 0.3 9 90 M M 7 1 16 100
5 49 29 39 0 26 0 0.01 M M 0.6 6 90 M M 7 1 9 90
6 52 28 40 1 25 0 0.00 M M 1.3 8 270 M M 5 13 310
7 55 25 40 1 25 0 0.00 M M 0.8 9 270 M M 0 15 280
8 57 24 41 2 24 0 0.00 M M 1.0 8 30 M M 0 13 30
9 61 25 43 3 22 0 0.00 M M 1.2 7 30 M M 0 12 20
10 63 27 45 5 20 0 0.00 M M 2.0 8 310 M M 0 15 290
11 50 26 38 -2 27 0 0.00 M M 3.1 12 20 M M 7 23 10
12 44 22 33 -7 32 0 0.00 M M 2.3 12 40 M M 3 16 30
13 46 16 31 -9 34 0 0.00 M M 2.3 10 30 M M 0 17 270
14 57 23 40 0 25 0 0.01 M M 2.7 9 280 M M 6 20 300
15 51 27 39 -1 26 0 0.07 M M 3.1 12 20 M M 7 22 20
16 52 21 37 -4 28 0 0.00 M M 1.7 12 90 M M 0 17 50
17 65 21 43 2 22 0 0.00 M M 1.1 8 100 M M 0 13 100
18 59 29 44 3 21 0 0.00 M M 1.0 8 300 M M 3 13 360
19 58 28 43 2 22 0 0.00 M M 0.6 7 10 M M 5 11 310
20 65 27 46 5 19 0 0.00 M M 1.9 8 280 M M 0 13 310
21 61 30 46 4 19 0 0.00 M M 2.5 12 290 M M 0 21 270
22 54 29 42 0 23 0 0.63 M M 1.1 7 270 M M 6 1 14 270
23 53 36 45 3 20 0 0.72 M M 3.1 10 270 M M 8 1 20 260
24 57 31 44 2 21 0 0.00 M M 0.3 6 270 M M 6 11 260
25 61 31 46 4 19 0 0.21 M M 0.4 9 280 M M 6 1 17 280
26 63 31 47 4 18 0 0.00 M M 1.1 9 30 M M 2 1 14 30
27 65 38 52 9 13 0 0.07 M M 1.9 10 240 M M 7 1 20 240
28 69 36 53 10 12 0 0.00 M M 1.1 7 40 M M 3 11 30
29 76 43 60 17 5 0 0.02 M M 1.2 7 290 M M 4 13 310
30 54 32 43 -1 22 0 0.13 M M 1.9 9 280 M M 7 1 16 300
================================================================================
SM 1656 833 701 0 2.27 M 43.7 M 126
================================================================================
AV 55.2 27.8 1.5 FASTST M M 4 MAX(MPH)
MISC ----> # 12 20 # 23 10
================================================================================
NOTES:
# LAST OF SEVERAL OCCURRENCES
COLUMN 17 PEAK WIND IN M.P.H.
PRELIMINARY LOCAL CLIMATOLOGICAL DATA (WS FORM: F-6) , PAGE 2
STATION: MEACHAM OR
MONTH: APRIL
YEAR: 2020
LATITUDE: 45 30 N
LONGITUDE: 118 24 W
[TEMPERATURE DATA] [PRECIPITATION DATA] SYMBOLS USED IN COLUMN 16
AVERAGE MONTHLY: 41.5 TOTAL FOR MONTH: 2.27 1 = FOG OR MIST
DPTR FM NORMAL: 0.8 DPTR FM NORMAL: -0.84 2 = FOG REDUCING VISIBILITY
HIGHEST: 76 ON 29 GRTST 24HR 0.72 ON 23-23 TO 1/4 MILE OR LESS
LOWEST: 16 ON 13 3 = THUNDER
SNOW, ICE PELLETS, HAIL 4 = ICE PELLETS
TOTAL MONTH: M 5 = HAIL
GRTST 24HR M ON M 6 = FREEZING RAIN OR DRIZZLE
GRTST DEPTH: M ON M 7 = DUSTSTORM OR SANDSTORM:
VSBY 1/2 MILE OR LESS
8 = SMOKE OR HAZE
[NO. OF DAYS WITH] [WEATHER - DAYS WITH] 9 = BLOWING SNOW
X = TORNADO
MAX 32 OR BELOW: 0 0.01 INCH OR MORE: 12
MAX 90 OR ABOVE: 0 0.10 INCH OR MORE: 6
MIN 32 OR BELOW: 26 0.50 INCH OR MORE: 2
MIN 0 OR BELOW: 0 1.00 INCH OR MORE: 0
[HDD (BASE 65) ]
TOTAL THIS MO. 701 CLEAR (SCALE 0-3) 11
DPTR FM NORMAL -29 PTCLDY (SCALE 4-7) 17
TOTAL FM JUL 1 7068 CLOUDY (SCALE 8-10) 2
DPTR FM NORMAL -334
[CDD (BASE 65) ]
TOTAL THIS MO. 0
DPTR FM NORMAL 0 [PRESSURE DATA]
TOTAL FM JAN 1 0 HIGHEST SLP 30.40 ON 13
DPTR FM NORMAL 0 LOWEST SLP 29.58 ON 5
[REMARKS]
#FINAL-04-20#