000
CXUS53 KGRB 200057
CF6MFI
PRELIMINARY LOCAL CLIMATOLOGICAL DATA (WS FORM: F-6)
STATION: MARSHFIELD WI
MONTH: MARCH
YEAR: 2022
LATITUDE: 44 37 N
LONGITUDE: 90 11 W
TEMPERATURE IN F: :PCPN: SNOW: WIND :SUNSHINE: SKY :PK WND
================================================================================
1 2 3 4 5 6A 6B 7 8 9 10 11 12 13 14 15 16 17 18
12Z AVG MX 2MIN
DY MAX MIN AVG DEP HDD CDD WTR SNW DPTH SPD SPD DIR MIN PSBL S-S WX SPD DR
================================================================================
1 36 21 29 5 36 0 0.00 0.0 7 5.5 13 330 M M 2 16 340
2 33 17 25 1 40 0 0.00 0.0 6 6.9 17 330 M M 6 24 350
3 23 6 15 -10 50 0 0.00 0.0 6 4.3 10 310 M M 0 12 290
4 35 10 23 -2 42 0 0.00 0.0 5 9.2 22 120 M M 4 31 120
5 37 30 34 8 31 0 0.61 0.0 5 9.3 21 130 M M 10 126 30 120
6 36 29 33 7 32 0 0.01 T 3 12.7 26 310 M M 10 12 35 320
7 30 19 25 -1 40 0 0.01 T 3 11.2 21 330 M M 7 25 320
8 39 13 26 -1 39 0 T T 3 10.7 20 220 M M 2 1 27 220
9 29 11 20 -7 45 0 T T 3 13.7 21 290 M M 6 29 280
10 22 4 13 -15 52 0 0.00 0.0 2 8.3 16 280 M M 2 24 280
11 19 3 11 -17 54 0 T T 2 16.8 28 310 M M 4 36 300
12 18 -4 7 -22 58 0 T T 1 11.1 22 310 M M 2 29 310
13 41 17 29 0 36 0 0.01 0.1 1 8.4 23 280 M M 3 8 34 280
14 35 27 31 1 34 0 0.12 0.7 1 6.0 17 70 M M 10 12 22 70
15 50 21 36 6 29 0 0.00 0.0 1 3.5 9 300 M M 4 128 13 280
16 64 30 47 17 18 0 0.00 0.0 T 8.4 20 230 M M 1 18 27 230
17 49 34 42 11 23 0 0.00 0.0 0 8.1 15 320 M M 0 21 40
18 41 33 37 6 28 0 T 0.0 0 9.0 16 70 M M 7 23 70
19 46 32 39 7 26 0 0.01 T T 10.1 17 310 M M 6 1 23 330
20 59 27 43 11 22 0 0.00 0.0 0 2.6 9 310 M M 1 13 260
21 47 37 42 9 23 0 0.01 0.0 0 13.5 25 80 M M 9 36 80
22 39 34 37 4 28 0 0.49 0.0 0 16.0 23 90 M M 9 1 32 70
23 37 33 35 1 30 0 1.40 0.9 1 10.0 21 70 M M 10 18 29 90
24 39 31 35 1 30 0 0.00 0.0 T 7.0 13 340 M M 9 18 17 50
25 37 26 32 -2 33 0 0.02 T 0 14.0 32 310 M M 7 1 43 310
26 30 17 24 -11 41 0 T T 0 20.4 31 330 M M 7 41 330
27 28 12 20 -15 45 0 0.00 0.0 0 12.7 22 330 M M 0 31 340
28 34 13 24 -12 41 0 0.00 0.0 0 5.0 12 50 M M 0 15 60
29 36 25 31 -5 34 0 0.01 0.0 0 15.6 29 120 M M 10 38 110
30 35 32 34 -3 31 0 0.11 T T 11.3 23 350 M M 10 1468 34 350
31 33 23 28 -9 37 0 T T T 15.1 26 340 M M 9 1 36 10
================================================================================
SM 1137 663 1108 0 2.81 1.7 316.4 M 167
================================================================================
AV 36.7 21.4 10.2 FASTST M M 5 MAX(MPH)
MISC ----> 32 310 43 310
================================================================================
NOTES:
# LAST OF SEVERAL OCCURRENCES
COLUMN 17 PEAK WIND IN M.P.H.
PRELIMINARY LOCAL CLIMATOLOGICAL DATA (WS FORM: F-6) , PAGE 2
STATION: MARSHFIELD WI
MONTH: MARCH
YEAR: 2022
LATITUDE: 44 37 N
LONGITUDE: 90 11 W
[TEMPERATURE DATA] [PRECIPITATION DATA] SYMBOLS USED IN COLUMN 16
AVERAGE MONTHLY: 29.0 TOTAL FOR MONTH: 2.81 1 = FOG OR MIST
DPTR FM NORMAL: -1.4 DPTR FM NORMAL: 1.56 2 = FOG REDUCING VISIBILITY
HIGHEST: 64 ON 16 GRTST 24HR 1.40 ON 23-23 TO 1/4 MILE OR LESS
LOWEST: -4 ON 12 3 = THUNDER
SNOW, ICE PELLETS, HAIL 4 = ICE PELLETS
TOTAL MONTH: 1.7 INCHES 5 = HAIL
GRTST 24HR 0.9 ON 23-23 6 = FREEZING RAIN OR DRIZZLE
GRTST DEPTH: 8 ON M 7 = DUSTSTORM OR SANDSTORM:
VSBY 1/2 MILE OR LESS
8 = SMOKE OR HAZE
[NO. OF DAYS WITH] [WEATHER - DAYS WITH] 9 = BLOWING SNOW
X = TORNADO
MAX 32 OR BELOW: 8 0.01 INCH OR MORE: 12
MAX 90 OR ABOVE: 0 0.10 INCH OR MORE: 5
MIN 32 OR BELOW: 26 0.50 INCH OR MORE: 2
MIN 0 OR BELOW: 1 1.00 INCH OR MORE: 1
[HDD (BASE 65) ]
TOTAL THIS MO. 1108 CLEAR (SCALE 0-3) 10
DPTR FM NORMAL 37 PTCLDY (SCALE 4-7) 11
TOTAL FM JUL 1 6970 CLOUDY (SCALE 8-10) 10
DPTR FM NORMAL -136
[CDD (BASE 65) ]
TOTAL THIS MO. 0
DPTR FM NORMAL 0 [PRESSURE DATA]
TOTAL FM JAN 1 0 HIGHEST SLP 30.52 ON 3
DPTR FM NORMAL 0 LOWEST SLP 29.31 ON 31
[REMARKS]
#FINAL-03-22#