000
CXUS53 KGRB 151613
CF6MFI
PRELIMINARY LOCAL CLIMATOLOGICAL DATA (WS FORM: F-6)
STATION: MARSHFIELD WI
MONTH: JANUARY
YEAR: 2022
LATITUDE: 44 37 N
LONGITUDE: 90 11 W
TEMPERATURE IN F: :PCPN: SNOW: WIND :SUNSHINE: SKY :PK WND
================================================================================
1 2 3 4 5 6A 6B 7 8 9 10 11 12 13 14 15 16 17 18
12Z AVG MX 2MIN
DY MAX MIN AVG DEP HDD CDD WTR SNW DPTH SPD SPD DIR MIN PSBL S-S WX SPD DR
================================================================================
1 14 0 7 -9 58 0 0.00 0.0 5 8.8 15 360 M M 2 22 360
2 7 -11 -2 -18 67 0 0.00 0.0 5 6.2 12 310 M M 0 14 30
3 18 -8 5 -11 60 0 0.00 0.0 5 4.6 13 240 M M 0 17 240
4 30 9 20 4 45 0 M M 5 6.9 16 150 M M 2 1 23 150
5 26 8 17 1 48 0 0.22 2.6 8 13.8 25 340 M M 10 18 33 280
6 8 -3 3 -12 62 0 0.17 2.5 10 14.5 21 320 M M 10 8 26 330
7 10 -16 -3 -18 68 0 T T 10 7.5 18 160 M M 3 27 170
8 24 9 17 2 48 0 0.00 0.0 10 13.7 24 170 M M 9 1 30 170
9 24 -4 10 -5 55 0 0.00 0.0 10 15.0 26 310 M M 2 18 36 290
10 0 -14 -7 -22 72 0 0.00 0.0 10 10.1 17 300 M M 0 24 300
11 28 -6 11 -4 54 0 0.00 0.0 10 10.3 20 220 M M 1 8 26 190
12 32 20 26 11 39 0 0.00 0.0 9 4.3 14 40 M M 6 18 18 40
13 34 19 27 13 38 0 0.00 0.0 9 7.8 16 50 M M 9 18 22 30
14 22 9 16 2 49 0 0.00 0.0 8 13.1 21 80 M M 10 26 60
15 14 0 7 -7 58 0 0.00 0.0 8 6.3 16 70 M M 1 22 80
16 19 0 10 -4 55 0 0.04 0.1 9 8.1 14 330 M M 8 1 18 320
17 28 19 24 10 41 0 0.00 0.0 9 9.9 18 340 M M 10 25 340
18 36 25 31 17 34 0 0.00 0.0 9 12.7 26 290 M M 8 41 260
19 25 -2 12 -2 53 0 T T 8 16.5 31 300 M M 7 8 45 300
20 3 -12 -4 -18 69 0 0.00 0.0 8 7.0 13 330 M M 0 18 320
21 14 -14 0 -14 65 0 T T 8 9.7 23 210 M M 2 34 190
22 20 6 13 -1 52 0 0.03 1.0 8 13.5 25 310 M M 8 18 36 280
23 6 -11 -2 -16 67 0 0.06 0.8 8 7.3 14 340 M M 4 8 17 340
24 13 -4 5 -9 60 0 0.03 1.0 9 9.3 22 340 M M 7 18 26 330
25 -2 -17 -9 -23 74 0 0.00 0.0 9 8.1 16 300 M M 0 21 300
26 14 -22 -4 -18 69 0 0.00 0.0 9 11.3 21 210 M M 0 33 220
27 26 -1 13 -1 52 0 0.00 0.0 9 11.8 25 330 M M 6 8 32 320
28 13 -11 1 -13 64 0 0.00 0.0 9 7.1 13 280 M M 5 17 280
29 24 10 17 2 48 0 0.00 0.0 9 7.3 17 190 M M 7 23 180
30 27 9 18 3 47 0 0.00 0.0 9 5.5 13 30 M M 5 18 20
31 29 8 19 4 46 0 0.00 0.0 8 10.4 18 160 M M 2 18 26 160
================================================================================
SM 586 -5 1717 0 0.55 8.0 298.4 M 144
================================================================================
AV 18.9 -0.2 9.6 FASTST M M 5 MAX(MPH)
MISC ----> 31 300 45 300
================================================================================
NOTES:
# LAST OF SEVERAL OCCURRENCES
COLUMN 17 PEAK WIND IN M.P.H.
PRELIMINARY LOCAL CLIMATOLOGICAL DATA (WS FORM: F-6) , PAGE 2
STATION: MARSHFIELD WI
MONTH: JANUARY
YEAR: 2022
LATITUDE: 44 37 N
LONGITUDE: 90 11 W
[TEMPERATURE DATA] [PRECIPITATION DATA] SYMBOLS USED IN COLUMN 16
AVERAGE MONTHLY: 9.4 TOTAL FOR MONTH: 0.55 1 = FOG OR MIST
DPTR FM NORMAL: -5.4 DPTR FM NORMAL: -0.18 2 = FOG REDUCING VISIBILITY
HIGHEST: 36 ON 18 GRTST 24HR 0.22 ON 5- 5 TO 1/4 MILE OR LESS
LOWEST: -22 ON 26 3 = THUNDER
SNOW, ICE PELLETS, HAIL 4 = ICE PELLETS
TOTAL MONTH: 8.0 INCHES 5 = HAIL
GRTST 24HR 2.6 ON 5- 5 6 = FREEZING RAIN OR DRIZZLE
GRTST DEPTH: 10 ON 11, 8 7 = DUSTSTORM OR SANDSTORM:
VSBY 1/2 MILE OR LESS
8 = SMOKE OR HAZE
[NO. OF DAYS WITH] [WEATHER - DAYS WITH] 9 = BLOWING SNOW
X = TORNADO
MAX 32 OR BELOW: 29 0.01 INCH OR MORE: 6
MAX 90 OR ABOVE: 0 0.10 INCH OR MORE: 2
MIN 32 OR BELOW: 31 0.50 INCH OR MORE: 0
MIN 0 OR BELOW: 19 1.00 INCH OR MORE: 0
[HDD (BASE 65) ]
TOTAL THIS MO. 1717 CLEAR (SCALE 0-3) 13
DPTR FM NORMAL 159 PTCLDY (SCALE 4-7) 11
TOTAL FM JUL 1 4436 CLOUDY (SCALE 8-10) 7
DPTR FM NORMAL -298
[CDD (BASE 65) ]
TOTAL THIS MO. 0
DPTR FM NORMAL 0 [PRESSURE DATA]
TOTAL FM JAN 1 0 HIGHEST SLP 30.70 ON 20
DPTR FM NORMAL 0 LOWEST SLP 29.39 ON 5
[REMARKS]
#FINAL-01-22#