000
CXUS53 KFSD 020153
CF6MHE
PRELIMINARY LOCAL CLIMATOLOGICAL DATA (WS FORM: F-6)
STATION: MITCHELL SD
MONTH: JUNE
YEAR: 2023
LATITUDE: 43 46 N
LONGITUDE: 98 2 W
TEMPERATURE IN F: :PCPN: SNOW: WIND :SUNSHINE: SKY :PK WND
================================================================================
1 2 3 4 5 6A 6B 7 8 9 10 11 12 13 14 15 16 17 18
12Z AVG MX 2MIN
DY MAX MIN AVG DEP HDD CDD WTR SNW DPTH SPD SPD DIR MIN PSBL S-S WX SPD DR
================================================================================
1 91 62 77 12 0 12 0.00 0.0 0 10.8 22 170 M M 0 29 150
2 90 67 79 13 0 14 0.00 0.0 0 12.7 23 130 M M 1 30 170
3 92 62 77 11 0 12 0.10 0.0 0 9.4 22 100 M M 1 1 30 110
4 92 62 77 11 0 12 T 0.0 0 5.3 23 60 M M 1 3 29 50
5 92 61 77 10 0 12 0.00 0.0 0 5.1 16 140 M M 0 18 23 150
6 94 64 79 12 0 14 0.00 0.0 0 4.4 13 170 M M 0 22 190
7 97 62 80 13 0 15 T 0.0 0 6.1 22 110 M M 2 27 90
8 93 70 82 14 0 17 0.00 0.0 0 7.6 17 130 M M 2 23 130
9 78 65 72 4 0 7 0.99 0.0 0 9.0 26 30 M M 4 13 34 30
10 76 64 70 2 0 5 0.32 0.0 0 7.2 20 50 M M 6 138 25 20
11 73 55 64 -5 1 0 0.00 0.0 0 8.8 18 40 M M 1 24 40
12 80 49 65 -4 0 0 0.00 0.0 0 4.4 13 20 M M 0 17 290
13 85 56 71 2 0 6 0.00 0.0 0 4.3 12 340 M M 0 17 320
14 87 56 72 2 0 7 0.00 0.0 0 3.9 13 110 M M 0 16 80
15 90 59 75 5 0 10 0.00 0.0 0 9.2 17 140 M M 2 8 27 130
16 82 64 73 3 0 8 T 0.0 0 7.7 17 330 M M 4 38 24 140
17 78 58 68 -2 0 3 T 0.0 0 5.5 13 210 M M 4 13 17 210
18 86 54 70 -1 0 5 0.00 0.0 0 5.4 13 150 M M 0 1 19 150
19 100 66 83 12 0 18 0.00 0.0 0 14.7 23 150 M M 0 32 150
20 94 70 82 11 0 17 0.00 0.0 0 16.7 29 140 M M 0 41 140
21 86 68 77 5 0 12 0.00 0.0 0 6.8 21 140 M M 1 1 27 150
22 91 68 80 8 0 15 T 0.0 0 10.1 29 360 M M 2 13 40 360
23 87 67 77 5 0 12 0.09 0.0 0 8.8 17 150 M M 5 13 25 140
24 80 60 70 -2 0 5 0.43 0.0 0 13.8 29 280 M M 8 13 45 290
25 80 62 71 -2 0 6 0.00 0.0 0 20.0 36 300 M M 6 8 55 290
26 83 56 70 -3 0 5 0.00 0.0 0 6.6 12 10 M M 0 19 20
27 80 62 71 -2 0 6 0.16 0.0 0 10.4 33 110 M M 5 138 42 110
28 87 61 74 1 0 9 0.00 0.0 0 6.8 20 160 M M 0 27 150
29 91 67 79 5 0 14 0.00 0.0 0 4.6 13 270 M M 1 16 270
30 81 66 74 0 0 9 0.03 0.0 0 3.2 16 90 M M 4 13 23 90
================================================================================
SM 2596 1863 1 287 2.12 0.0 249.3 M 60
================================================================================
AV 86.5 62.1 8.3 FASTST M M 2 MAX(MPH)
MISC ----> 36 300 55 290
================================================================================
NOTES:
# LAST OF SEVERAL OCCURRENCES
-COLUMN 17 PEAK WIND IN M.P.H.
-PRECIPITATION AMOUNTS IN COLUMNS 7,8 AND 9 ARE THE OFFICIAL
PRECIPITATION AMOUNTS FOR MITCHELL, SD.
-SNOW DEPTH IN COLUMN 9 IS RECORDED AT 6 AM CST (12Z).
PRELIMINARY LOCAL CLIMATOLOGICAL DATA (WS FORM: F-6) , PAGE 2
STATION: MITCHELL SD
MONTH: JUNE
YEAR: 2023
LATITUDE: 43 46 N
LONGITUDE: 98 2 W
[TEMPERATURE DATA] [PRECIPITATION DATA] SYMBOLS USED IN COLUMN 16
AVERAGE MONTHLY: 74.3 TOTAL FOR MONTH: 2.12 1 = FOG OR MIST
DPTR FM NORMAL: 4.4 DPTR FM NORMAL: -1.39 2 = FOG REDUCING VISIBILITY
HIGHEST: 100 ON 19 GRTST 24HR 0.99 ON 9- 9 TO 1/4 MILE OR LESS
LOWEST: 49 ON 12 3 = THUNDER
SNOW, ICE PELLETS, HAIL 4 = ICE PELLETS
TOTAL MONTH: 0.0 INCH 5 = HAIL
GRTST 24HR 0.0 6 = FREEZING RAIN OR DRIZZLE
GRTST DEPTH: 0 7 = DUSTSTORM OR SANDSTORM:
VSBY 1/2 MILE OR LESS
8 = SMOKE OR HAZE
[NO. OF DAYS WITH] [WEATHER - DAYS WITH] 9 = BLOWING SNOW
X = TORNADO
MAX 32 OR BELOW: 0 0.01 INCH OR MORE: 7
MAX 90 OR ABOVE: 13 0.10 INCH OR MORE: 5
MIN 32 OR BELOW: 0 0.50 INCH OR MORE: 1
MIN 0 OR BELOW: 0 1.00 INCH OR MORE: 0
[HDD (BASE 65) ]
TOTAL THIS MO. 1 CLEAR (SCALE 0-3) 21
DPTR FM NORMAL -32 PTCLDY (SCALE 4-7) 8
TOTAL FM JUL 1 7549 CLOUDY (SCALE 8-10) 1
DPTR FM NORMAL 394
[CDD (BASE 65) ]
TOTAL THIS MO. 287
DPTR FM NORMAL 109 [PRESSURE DATA]
TOTAL FM JAN 1 399 HIGHEST SLP 30.09 ON 11
DPTR FM NORMAL 175 LOWEST SLP 29.58 ON 24
[REMARKS]
RECORD HIGH DAILY MINIMUM TEMPERATURE WAS TIED ON THE 8TH WITH 70 DEGREES.
THE RECORD WAS PREVIOUSLY ESTABLISHED IN 1964 AND 2021.
MONTHLY AVERAGE TEMPERATURE OF 74.3 DEGREES IS THE 8TH HIGHEST ON
RECORD FOR JUNE.
#FINAL-06-23#