000
CXUS53 KTOP 010810
CF6MHK
PRELIMINARY LOCAL CLIMATOLOGICAL DATA (WS FORM: F-6)
STATION: MANHATTAN KS
MONTH: JULY
YEAR: 2023
LATITUDE: 39 9 N
LONGITUDE: 96 40 W
TEMPERATURE IN F: :PCPN: SNOW: WIND :SUNSHINE: SKY :PK WND
================================================================================
1 2 3 4 5 6A 6B 7 8 9 10 11 12 13 14 15 16 17 18
12Z AVG MX 2MIN
DY MAX MIN AVG DEP HDD CDD WTR SNW DPTH SPD SPD DIR MIN PSBL S-S WX SPD DR
================================================================================
1 88 66 77 -1 0 12 0.12 M M 5.2 13 230 M M 4 13 19 300
2 89 63 76 -3 0 11 0.00 M M 2.1 10 260 M M 1 1 16 280
3 94 63 79 0 0 14 0.00 M M 3.6 14 180 M M 0 8 19 190
4 101 65 83 4 0 18 1.68 M M 6.0 24 330 M M 1 138 46 350
5 81 68 75 -4 0 10 0.09 M M 5.2 15 90 M M 3 13 24 100
6 80 64 72 -7 0 7 0.00 M M 5.3 14 50 M M 3 8 16 50
7 84 66 75 -4 0 10 T M M 3.9 10 220 M M 5 8 17 140
8 78 65 72 -7 0 7 0.00 M M 6.9 16 80 M M 5 22 80
9 84 59 72 -8 0 7 0.00 M M 2.0 8 130 M M 2 12 80
10 91 59 75 -5 0 10 0.00 M M 5.7 16 180 M M 0 18 22 210
11 95 67 81 1 0 16 0.00 M M 6.1 15 230 M M 1 8 20 160
12 92 73 83 3 0 18 0.00 M M 8.5 22 80 M M 3 8 30 10
13 92 72 82 2 0 17 0.00 M M 3.7 13 30 M M 1 8 18 30
14 93 66 80 0 0 15 1.24 M M 3.8 28 180 M M 2 138 51 180
15 92 62 77 -3 0 12 0.00 M M 2.5 9 260 M M 2 12 14 280
16 88 70 79 -1 0 14 0.00 M M 5.0 17 60 M M 1 13 24 180
17 90 66 78 -2 0 13 0.00 M M 4.7 15 60 M M 1 18 24 70
18 90 71 81 1 0 16 0.00 M M 11.6 21 60 M M 5 18 31 70
19 82 72 77 -3 0 12 0.01 M M 5.8 14 70 M M 6 18 18 360
20 88 72 80 0 0 15 0.00 M M 6.1 20 40 M M 2 18 24 40
21 84 63 74 -6 0 9 T M M 3.0 13 20 M M 4 8 19 60
22 93 59 76 -4 0 11 0.00 M M 3.5 13 220 M M 1 138 20 260
23 97 61 79 -1 0 14 0.00 M M 2.5 12 220 M M 0 15 220
24 97 72 85 5 0 20 0.00 M M 7.7 21 160 M M 0 8 30 60
25 108 75 92 12 0 27 0.00 M M 8.6 22 220 M M 0 8 32 200
26 108 79 94 14 0 29 0.00 M M 6.9 16 230 M M 0 8 22 210
27 100 73 87 7 0 22 0.00 M M 8.1 21 220 M M 0 8 27 220
28 109 70 90 10 0 25 0.25 M M 8.9 20 350 M M 1 38 44 310
29 94 68 81 1 0 16 0.00 M M 6.9 20 350 M M 0 8 34 330
30 99 71 85 5 0 20 0.04 M M 8.2 21 80 M M 2 3 34 60
31 97 71 84 4 0 19 T M M 10.0 17 90 M M 0 8 25 80
================================================================================
SM 2858 2091 0 466 3.43 M 178.0 M 56
================================================================================
AV 92.2 67.5 5.7 FASTST M M 2 MAX(MPH)
MISC ----> 28 180 51 180
================================================================================
NOTES:
# LAST OF SEVERAL OCCURRENCES
COLUMN 17 PEAK WIND IN M.P.H.
PRELIMINARY LOCAL CLIMATOLOGICAL DATA (WS FORM: F-6) , PAGE 2
STATION: MANHATTAN KS
MONTH: JULY
YEAR: 2023
LATITUDE: 39 9 N
LONGITUDE: 96 40 W
[TEMPERATURE DATA] [PRECIPITATION DATA] SYMBOLS USED IN COLUMN 16
AVERAGE MONTHLY: 79.8 TOTAL FOR MONTH: 3.43 1 = FOG OR MIST
DPTR FM NORMAL: 0.0 DPTR FM NORMAL: -0.58 2 = FOG REDUCING VISIBILITY
HIGHEST: 109 ON 28 GRTST 24HR 1.77 ON 4- 5 TO 1/4 MILE OR LESS
LOWEST: 59 ON 22,10 3 = THUNDER
SNOW, ICE PELLETS, HAIL 4 = ICE PELLETS
TOTAL MONTH: M 5 = HAIL
GRTST 24HR M ON M 6 = FREEZING RAIN OR DRIZZLE
GRTST DEPTH: M ON M 7 = DUSTSTORM OR SANDSTORM:
VSBY 1/2 MILE OR LESS
8 = SMOKE OR HAZE
[NO. OF DAYS WITH] [WEATHER - DAYS WITH] 9 = BLOWING SNOW
X = TORNADO
MAX 32 OR BELOW: 0 0.01 INCH OR MORE: 7
MAX 90 OR ABOVE: 20 0.10 INCH OR MORE: 4
MIN 32 OR BELOW: 0 0.50 INCH OR MORE: 2
MIN 0 OR BELOW: 0 1.00 INCH OR MORE: 2
[HDD (BASE 65) ]
TOTAL THIS MO. 0 CLEAR (SCALE 0-3) 24
DPTR FM NORMAL 0 PTCLDY (SCALE 4-7) 7
TOTAL FM JUL 1 0 CLOUDY (SCALE 8-10) 0
DPTR FM NORMAL 0
[CDD (BASE 65) ]
TOTAL THIS MO. 466
DPTR FM NORMAL 8 [PRESSURE DATA]
TOTAL FM JAN 1 992 HIGHEST SLP M ON M
DPTR FM NORMAL 96 LOWEST SLP 29.72 ON 11
[REMARKS]
#FINAL-07-23#