000
CXUS56 KMFR 011000
CF6MHS
PRELIMINARY LOCAL CLIMATOLOGICAL DATA (WS FORM: F-6)
STATION: MT SHASTA CITY CA
MONTH: OCTOBER
YEAR: 2020
LATITUDE: 41 19 N
LONGITUDE: 122 19 W
TEMPERATURE IN F: :PCPN: SNOW: WIND :SUNSHINE: SKY :PK WND
================================================================================
1 2 3 4 5 6A 6B 7 8 9 10 11 12 13 14 15 16 17 18
12Z AVG MX 2MIN
DY MAX MIN AVG DEP HDD CDD WTR SNW DPTH SPD SPD DIR MIN PSBL S-S WX SPD DR
================================================================================
1 87 50 69 12 0 4 0.00 M M 2.5 8 300 M M 0 8 15 280
2 84 55 70 14 0 5 0.00 M M 2.9 10 320 M M 0 8 18 310
3 84 49 67 11 0 2 0.00 M M 2.2 7 300 M M 0 14 300
4 78 44 61 5 4 0 0.00 M M 1.2 6 290 M M 6 8 11 280
5 83 39 61 6 4 0 0.00 M M 0.1 5 300 M M 0 8 7 230
6 85 39 62 7 3 0 0.00 M M 0.4 6 120 M M 0 8 11 130
7 82 39 61 6 4 0 0.00 M M 0.8 6 140 M M 2 8 11 120
8 76 39 58 4 7 0 0.00 M M 0.9 7 130 M M 0 14 60
9 75 35 55 1 10 0 0.00 M M 0.8 6 90 M M 0 8 14 140
10 57 45 51 -3 14 0 0.01 M M 1.7 7 290 M M 7 1 14 80
11 67 38 53 0 12 0 0.00 M M 2.4 9 290 M M 0 16 300
12 76 47 62 9 3 0 0.00 M M 2.5 9 300 M M 0 17 280
13 78 43 61 9 4 0 0.00 M M 2.8 10 300 M M 0 16 340
14 69 50 60 8 5 0 0.00 M M 4.3 10 310 M M 0 23 310
15 70 44 57 5 8 0 0.00 M M 3.9 9 320 M M 0 17 350
16 77 39 58 7 7 0 0.00 M M 2.8 10 350 M M 0 19 350
17 76 50 63 12 2 0 0.00 M M 4.3 12 290 M M 0 23 310
18 76 48 62 11 3 0 0.00 M M 3.7 10 300 M M 0 19 300
19 74 43 59 9 6 0 0.00 M M 2.7 10 350 M M 0 18 330
20 73 48 61 11 4 0 0.00 M M 4.4 13 340 M M 0 23 350
21 65 43 54 5 11 0 0.00 M M 7.4 13 350 M M 0 27 350
22 54 34 44 -5 21 0 0.00 M M 5.2 15 350 M M 0 31 340
23 63 32 48 -1 17 0 0.00 M M 3.1 10 300 M M 0 20 300
24 68 40 54 6 11 0 0.00 M M 2.6 9 330 M M 0 16 350
25 50 24 37 -11 28 0 0.00 M M 3.1 10 310 M M 1 20 300
26 58 21 40 -8 25 0 0.00 M M 1.6 9 350 M M 0 15 320
27 69 32 51 4 14 0 0.00 M M 2.1 8 290 M M 0 15 300
28 71 32 52 5 13 0 0.00 M M 2.2 8 290 M M 0 15 300
29 73 34 54 8 11 0 0.00 M M 1.6 9 290 M M 0 8 15 310
30 74 32 53 7 12 0 0.00 M M 0.6 6 50 M M 0 10 300
31 71 34 53 7 12 0 0.00 M M 1.7 7 290 M M 0 8 12 300
================================================================================
SM 2243 1242 275 11 0.01 M 78.5 M 16
================================================================================
AV 72.4 40.1 2.5 FASTST M M 1 MAX(MPH)
MISC ----> # 15 350 # 31 340
================================================================================
NOTES:
# LAST OF SEVERAL OCCURRENCES
COLUMN 17 PEAK WIND IN M.P.H.
PRELIMINARY LOCAL CLIMATOLOGICAL DATA (WS FORM: F-6) , PAGE 2
STATION: MT SHASTA CITY CA
MONTH: OCTOBER
YEAR: 2020
LATITUDE: 41 19 N
LONGITUDE: 122 19 W
[TEMPERATURE DATA] [PRECIPITATION DATA] SYMBOLS USED IN COLUMN 16
AVERAGE MONTHLY: 56.2 TOTAL FOR MONTH: 0.01 1 = FOG OR MIST
DPTR FM NORMAL: 5.0 DPTR FM NORMAL: -2.27 2 = FOG REDUCING VISIBILITY
HIGHEST: 87 ON 1 GRTST 24HR 0.01 ON 10-10 TO 1/4 MILE OR LESS
LOWEST: 21 ON 26 3 = THUNDER
SNOW, ICE PELLETS, HAIL 4 = ICE PELLETS
TOTAL MONTH: M 5 = HAIL
GRTST 24HR M ON M 6 = FREEZING RAIN OR DRIZZLE
GRTST DEPTH: M ON M 7 = DUSTSTORM OR SANDSTORM:
VSBY 1/2 MILE OR LESS
8 = SMOKE OR HAZE
[NO. OF DAYS WITH] [WEATHER - DAYS WITH] 9 = BLOWING SNOW
X = TORNADO
MAX 32 OR BELOW: 0 0.01 INCH OR MORE: 1
MAX 90 OR ABOVE: 0 0.10 INCH OR MORE: 0
MIN 32 OR BELOW: 6 0.50 INCH OR MORE: 0
MIN 0 OR BELOW: 0 1.00 INCH OR MORE: 0
[HDD (BASE 65) ]
TOTAL THIS MO. 275 CLEAR (SCALE 0-3) 29
DPTR FM NORMAL -152 PTCLDY (SCALE 4-7) 2
TOTAL FM JUL 1 327 CLOUDY (SCALE 8-10) 0
DPTR FM NORMAL -337
[CDD (BASE 65) ]
TOTAL THIS MO. 11
DPTR FM NORMAL 10 [PRESSURE DATA]
TOTAL FM JAN 1 561 HIGHEST SLP 30.50 ON 15
DPTR FM NORMAL 273 LOWEST SLP 29.74 ON 10
[REMARKS]
#FINAL-10-20#