000
CXUS51 KGYX 030157
CF6MHT
PRELIMINARY LOCAL CLIMATOLOGICAL DATA (WS FORM: F-6)
STATION: MANCHESTER
MONTH: OCTOBER
YEAR: 2020
LATITUDE: 42 55 N
LONGITUDE: 71 26 W
TEMPERATURE IN F: :PCPN: SNOW: WIND :SUNSHINE: SKY :PK WND
================================================================================
1 2 3 4 5 6A 6B 7 8 9 10 11 12 13 14 15 16 17 18
12Z AVG MX 2MIN
DY MAX MIN AVG DEP HDD CDD WTR SNW DPTH SPD SPD DIR MIN PSBL S-S WX SPD DR
================================================================================
1 75 53 64 8 1 0 0.00 0.0 0 4.6 12 240 M M 3 18 250
2 60 46 53 -3 12 0 0.08 0.0 0 3.5 10 280 M M 6 1 14 280
3 67 41 54 -1 11 0 0.00 0.0 0 1.7 10 320 M M 7 128 16 300
4 65 40 53 -2 12 0 0.00 0.0 0 1.9 9 80 M M 4 11 80
5 67 46 57 3 8 0 0.00 0.0 0 5.2 12 350 M M 7 14 350
6 68 49 59 5 6 0 T 0.0 0 6.9 16 180 M M 6 1 21 180
7 72 56 64 10 1 0 0.02 0.0 0 9.6 31 260 M M 6 46 260
8 61 40 51 -2 14 0 0.00 0.0 0 12.2 24 300 M M 4 32 300
9 62 35 49 -4 16 0 T 0.0 0 5.2 15 240 M M 2 20 250
10 79 50 65 12 0 0 0.00 0.0 0 10.8 18 210 M M 6 28 210
11 68 44 56 4 9 0 0.00 0.0 0 7.7 21 340 M M 5 31 340
12 55 42 49 -3 16 0 0.00 0.0 0 7.6 15 100 M M 9 20 100
13 53 48 51 -1 14 0 1.10 0.0 0 8.6 17 350 M M 10 1 21 330
14 71 46 59 8 6 0 0.00 0.0 0 6.2 18 290 M M 2 25 300
15 76 42 59 8 6 0 0.00 0.0 0 8.1 22 180 M M 4 30 170
16 66 49 58 7 7 0 0.43 0.0 0 7.3 16 340 M M 8 18 21 330
17 58 37 48 -2 17 0 0.97 0.0 0 9.2 23 290 M M 5 1 33 320
18 61 32 47 -3 18 0 0.00 0.0 0 4.1 18 120 M M 5 12 22 140
19 63 37 50 0 15 0 T 0.0 0 2.6 13 130 M M 8 1 14 190
20 69 52 61 12 4 0 T 0.0 0 4.4 13 190 M M 8 17 190
21 67 57 62 13 3 0 T 0.0 0 5.7 12 150 M M 9 18 14 140
22 74 54 64 15 1 0 0.00 0.0 0 3.2 13 110 M M 6 1 15 90
23 68 56 62 14 3 0 0.00 0.0 0 4.5 13 100 M M 10 1 16 120
24 68 45 57 9 8 0 T 0.0 0 8.3 25 350 M M 7 18 34 340
25 52 38 45 -3 20 0 0.00 0.0 0 4.8 14 330 M M 4 17 330
26 47 39 43 -5 22 0 0.10 0.0 0 3.7 8 40 M M 10 1 11 30
27 53 43 48 1 17 0 0.01 0.0 0 6.9 16 340 M M 9 1 21 330
28 46 41 44 -3 21 0 0.35 0.0 0 1.7 8 20 M M 9 12 9 10
29 47 39 43 -4 22 0 0.74 0.0 0 4.9 22 30 M M 10 12 28 20
30 39 25 32 -15 33 0 0.21 2.5 3 7.1 18 10 M M 8 12 25 30
31 43 21 32 -14 33 0 0.00 0.0 0 1.9 8 200 M M 0 10 190
================================================================================
SM 1920 1343 376 0 4.01 2.5 180.1 M 197
================================================================================
AV 61.9 43.3 5.8 FASTST M M 6 MAX(MPH)
MISC ----> # 31 260 # 46 260
================================================================================
NOTES:
# LAST OF SEVERAL OCCURRENCES
COLUMN 17 PEAK WIND IN M.P.H.
PRELIMINARY LOCAL CLIMATOLOGICAL DATA (WS FORM: F-6) , PAGE 2
STATION: MANCHESTER
MONTH: OCTOBER
YEAR: 2020
LATITUDE: 42 55 N
LONGITUDE: 71 26 W
[TEMPERATURE DATA] [PRECIPITATION DATA] SYMBOLS USED IN COLUMN 16
AVERAGE MONTHLY: 52.6 TOTAL FOR MONTH: 4.01 1 = FOG OR MIST
DPTR FM NORMAL: 1.8 DPTR FM NORMAL: -0.15 2 = FOG REDUCING VISIBILITY
HIGHEST: 79 ON 10 GRTST 24HR 1.10 ON 13-13 TO 1/4 MILE OR LESS
LOWEST: 21 ON 31 3 = THUNDER
SNOW, ICE PELLETS, HAIL 4 = ICE PELLETS
TOTAL MONTH: 2.5 INCHES 5 = HAIL
GRTST 24HR 2.5 ON 30-30 6 = FREEZING RAIN OR DRIZZLE
GRTST DEPTH: 3 ON 30 7 = DUSTSTORM OR SANDSTORM:
VSBY 1/2 MILE OR LESS
8 = SMOKE OR HAZE
[NO. OF DAYS WITH] [WEATHER - DAYS WITH] 9 = BLOWING SNOW
X = TORNADO
MAX 32 OR BELOW: 0 0.01 INCH OR MORE: 10
MAX 90 OR ABOVE: 0 0.10 INCH OR MORE: 7
MIN 32 OR BELOW: 3 0.50 INCH OR MORE: 3
MIN 0 OR BELOW: 0 1.00 INCH OR MORE: 1
[HDD (BASE 65) ]
TOTAL THIS MO. 376 CLEAR (SCALE 0-3) 4
DPTR FM NORMAL -68 PTCLDY (SCALE 4-7) 18
TOTAL FM JUL 1 455 CLOUDY (SCALE 8-10) 9
DPTR FM NORMAL -132
[CDD (BASE 65) ]
TOTAL THIS MO. 0
DPTR FM NORMAL -4 [PRESSURE DATA]
TOTAL FM JAN 1 1084 HIGHEST SLP M ON M
DPTR FM NORMAL 442 LOWEST SLP 29.32 ON 7
[REMARKS]
#FINAL-10-20#