000
CXUS52 KMFL 011000
CF6MIA
PRELIMINARY LOCAL CLIMATOLOGICAL DATA (WS FORM: F-6)
STATION: MIAMI
MONTH: MARCH
YEAR: 2020
LATITUDE: 25 49 N
LONGITUDE: 80 17 W
TEMPERATURE IN F: :PCPN: SNOW: WIND :SUNSHINE: SKY :PK WND
================================================================================
1 2 3 4 5 6A 6B 7 8 9 10 11 12 13 14 15 16 17 18
12Z AVG MX 2MIN
DY MAX MIN AVG DEP HDD CDD WTR SNW DPTH SPD SPD DIR MIN PSBL S-S WX SPD DR
================================================================================
1 76 55 66 -5 0 1 0.00 0.0 0 9.5 22 80 M M 4 27 90
2 79 67 73 1 0 8 0.00 0.0 0 11.4 22 100 M M 5 28 110
3 82 70 76 4 0 11 0.00 0.0 0 9.9 21 140 M M 6 28 150
4 85 71 78 6 0 13 0.00 0.0 0 8.6 17 130 M M 3 24 140
5 91 75 83 11 0 18 0.00 0.0 0 8.3 16 220 M M 5 25 250
6 85 68 77 5 0 12 0.09 0.0 0 8.1 15 270 M M 6 13 23 270
7 76 60 68 -4 0 3 0.00 0.0 0 12.2 21 30 M M 4 28 50
8 74 68 71 -1 0 6 0.00 0.0 0 16.1 25 80 M M 9 33 90
9 79 70 75 3 0 10 T 0.0 0 18.8 30 90 M M 8 36 80
10 81 71 76 4 0 11 T 0.0 0 14.0 25 100 M M 6 30 90
11 81 69 75 3 0 10 T 0.0 0 8.2 18 100 M M 7 23 100
12 83 68 76 4 0 11 0.00 0.0 0 7.9 18 90 M M 5 25 90
13 84 67 76 4 0 11 0.00 0.0 0 7.6 17 100 M M 4 21 90
14 84 73 79 7 0 14 0.00 0.0 0 10.9 17 110 M M 5 22 100
15 84 73 79 7 0 14 0.00 0.0 0 9.0 16 80 M M 3 22 100
16 84 69 77 4 0 12 0.00 0.0 0 8.5 18 100 M M 4 26 100
17 84 72 78 5 0 13 0.00 0.0 0 10.5 16 100 M M 5 21 100
18 83 72 78 5 0 13 0.00 0.0 0 10.5 17 110 M M 4 22 90
19 85 75 80 7 0 15 T 0.0 0 14.4 23 90 M M 6 28 90
20 84 75 80 7 0 15 T 0.0 0 13.1 22 100 M M 5 26 100
21 85 74 80 7 0 15 T 0.0 0 10.7 16 100 M M 4 22 120
22 84 69 77 4 0 12 0.00 0.0 0 9.2 16 130 M M 5 22 130
23 85 71 78 5 0 13 0.01 0.0 0 8.1 20 100 M M 4 24 140
24 86 73 80 7 0 15 T 0.0 0 6.9 16 130 M M 5 22 130
25 90 71 81 8 0 16 0.00 0.0 0 6.7 14 250 M M 3 21 200
26 89 72 81 8 0 16 0.00 0.0 0 5.8 15 90 M M 3 18 90
27 88 72 80 6 0 15 0.00 0.0 0 6.2 15 100 M M 4 20 120
28 84 71 78 4 0 13 0.00 0.0 0 8.9 20 120 M M 3 25 120
29 86 74 80 6 0 15 0.00 0.0 0 10.2 16 140 M M 4 21 110
30 88 75 82 8 0 17 0.00 0.0 0 7.1 16 120 M M 3 23 160
31 92 74 83 9 0 18 0.00 0.0 0 8.0 21 260 M M 7 26 250
================================================================================
SM 2601 2184 0 386 0.10 0.0 305.3 M 149
================================================================================
AV 83.9 70.5 9.8 FASTST M M 5 MAX(MPH)
MISC ----> # 30 90 # 36 80
================================================================================
NOTES:
# LAST OF SEVERAL OCCURRENCES
COLUMN 17 PEAK WIND IN M.P.H.
PRELIMINARY LOCAL CLIMATOLOGICAL DATA (WS FORM: F-6) , PAGE 2
STATION: MIAMI
MONTH: MARCH
YEAR: 2020
LATITUDE: 25 49 N
LONGITUDE: 80 17 W
[TEMPERATURE DATA] [PRECIPITATION DATA] SYMBOLS USED IN COLUMN 16
AVERAGE MONTHLY: 77.2 TOTAL FOR MONTH: 0.10 1 = FOG OR MIST
DPTR FM NORMAL: 4.6 DPTR FM NORMAL: -2.90 2 = FOG REDUCING VISIBILITY
HIGHEST: 92 ON 31 GRTST 24HR 0.09 ON 6- 6 TO 1/4 MILE OR LESS
LOWEST: 55 ON 1 3 = THUNDER
SNOW, ICE PELLETS, HAIL 4 = ICE PELLETS
TOTAL MONTH: 0.0 INCH 5 = HAIL
GRTST 24HR 0.0 6 = FREEZING RAIN OR DRIZZLE
GRTST DEPTH: 0 7 = DUSTSTORM OR SANDSTORM:
VSBY 1/2 MILE OR LESS
8 = SMOKE OR HAZE
[NO. OF DAYS WITH] [WEATHER - DAYS WITH] 9 = BLOWING SNOW
X = TORNADO
MAX 32 OR BELOW: 0 0.01 INCH OR MORE: 2
MAX 90 OR ABOVE: 3 0.10 INCH OR MORE: 0
MIN 32 OR BELOW: 0 0.50 INCH OR MORE: 0
MIN 0 OR BELOW: 0 1.00 INCH OR MORE: 0
[HDD (BASE 65) ]
TOTAL THIS MO. 0 CLEAR (SCALE 0-3) 4
DPTR FM NORMAL -11 PTCLDY (SCALE 4-7) 26
TOTAL FM JUL 1 42 CLOUDY (SCALE 8-10) 1
DPTR FM NORMAL -85
[CDD (BASE 65) ]
TOTAL THIS MO. 386
DPTR FM NORMAL 139 [PRESSURE DATA]
TOTAL FM JAN 1 868 HIGHEST SLP 30.43 ON 9
DPTR FM NORMAL 299 LOWEST SLP 29.81 ON 31
[REMARKS]
#FINAL-03-20#