000
CXHW52 PHFO 011250
CF6MKK
PRELIMINARY LOCAL CLIMATOLOGICAL DATA (WS FORM: F-6)
STATION: MOLOKAI HI
MONTH: MARCH
YEAR: 2023
LATITUDE: 21 8 N
LONGITUDE: 157 6 W
TEMPERATURE IN F: :PCPN: SNOW: WIND :SUNSHINE: SKY :PK WND
================================================================================
1 2 3 4 5 6A 6B 7 8 9 10 11 12 13 14 15 16 17 18
12Z AVG MX 2MIN
DY MAX MIN AVG DEP HDD CDD WTR SNW DPTH SPD SPD DIR MIN PSBL S-S WX SPD DR
================================================================================
1 75 65 70 -2 0 5 0.24 M M 18.2 31 60 M M 8 18 40 60
2 75 67 71 -1 0 6 0.04 M M 16.6 30 60 M M 8 1 40 50
3 77 67 72 0 0 7 0.14 M M 11.8 23 50 M M 5 18 32 30
4 78 65 72 0 0 7 T M M 10.1 18 60 M M 4 26 40
5 78 60 69 -3 0 4 0.05 M M 4.5 14 180 M M 5 1 19 200
6 77 67 72 0 0 7 0.34 M M 8.4 22 160 M M 8 1 28 180
7 77 61 69 -3 0 4 0.55 M M 12.5 24 200 M M 6 1 33 180
8 78 67 73 1 0 8 0.42 M M 14.5 30 200 M M 7 1 40 200
9 77 60 69 -3 0 4 0.02 M M 7.6 17 250 M M 5 24 240
10 76 58 67 -5 0 2 0.00 M M 3.4 13 170 M M 1 17 160
11 80 58 69 -3 0 4 0.00 M M 3.5 14 190 M M 1 19 230
12 80 64 72 0 0 7 T M M 9.9 18 180 M M 4 26 160
13 82 70 76 4 0 11 0.02 M M 6.9 13 150 M M 5 1 18 170
14 80 73 77 5 0 12 0.02 M M 12.3 20 170 M M 8 25 150
15 81 73 77 5 0 12 0.00 M M 12.1 21 140 M M 6 25 170
16 82 68 75 3 0 10 0.00 M M 10.0 18 170 M M 3 23 170
17 83 66 75 3 0 10 0.00 M M 4.3 13 340 M M 5 18 180
18 85 66 76 4 0 11 0.00 M M 5.5 14 140 M M 5 18 150
19 81 67 74 1 0 9 T M M 6.4 14 170 M M 4 18 170
20 85 66 76 3 0 11 0.00 M M 6.0 16 60 M M 2 21 50
21 85 68 77 4 0 12 0.00 M M 6.1 15 30 M M 5 23 40
22 82 67 75 2 0 10 T M M 2.6 8 360 M M 5 11 330
23 76 69 73 0 0 8 0.03 M M 4.5 16 100 M M 5 21 140
24 84 63 74 1 0 9 0.00 M M 5.0 12 150 M M 2 15 150
25 85 67 76 3 0 11 0.00 M M 7.9 17 50 M M 1 24 50
26 85 60 73 0 0 8 0.00 M M 4.3 15 130 M M 1 22 160
27 83 61 72 -1 0 7 0.00 M M 3.1 12 350 M M 1 14 170
28 82 62 72 -1 0 7 0.00 M M 5.4 16 110 M M 5 20 130
29 84 69 77 4 0 12 T M M 7.1 16 180 M M 4 21 160
30 83 65 74 1 0 9 0.00 M M 5.4 15 180 M M 6 19 150
31 83 66 75 2 0 10 0.00 M M 5.0 16 160 M M 4 22 160
================================================================================
SM 2499 2025 0 254 1.87 M 240.9 M 139
================================================================================
AV 80.6 65.3 7.8 FASTST M M 4 MAX(MPH)
MISC ----> 31 60 # 40 60
================================================================================
NOTES:
# LAST OF SEVERAL OCCURRENCES
COLUMN 17 PEAK WIND IN M.P.H.
PRELIMINARY LOCAL CLIMATOLOGICAL DATA (WS FORM: F-6) , PAGE 2
STATION: MOLOKAI HI
MONTH: MARCH
YEAR: 2023
LATITUDE: 21 8 N
LONGITUDE: 157 6 W
[TEMPERATURE DATA] [PRECIPITATION DATA] SYMBOLS USED IN COLUMN 16
AVERAGE MONTHLY: 73.0 TOTAL FOR MONTH: 1.87 1 = FOG OR MIST
DPTR FM NORMAL: 0.5 DPTR FM NORMAL: -1.15 2 = FOG REDUCING VISIBILITY
HIGHEST: 85 ON 26,25 GRTST 24HR 0.97 ON 7- 8 TO 1/4 MILE OR LESS
LOWEST: 58 ON 11,10 3 = THUNDER
SNOW, ICE PELLETS, HAIL 4 = ICE PELLETS
TOTAL MONTH: M 5 = HAIL
GRTST 24HR M ON M 6 = FREEZING RAIN OR DRIZZLE
GRTST DEPTH: M ON M 7 = DUSTSTORM OR SANDSTORM:
VSBY 1/2 MILE OR LESS
8 = SMOKE OR HAZE
[NO. OF DAYS WITH] [WEATHER - DAYS WITH] 9 = BLOWING SNOW
X = TORNADO
MAX 32 OR BELOW: 0 0.01 INCH OR MORE: 11
MAX 90 OR ABOVE: 0 0.10 INCH OR MORE: 5
MIN 32 OR BELOW: 0 0.50 INCH OR MORE: 1
MIN 0 OR BELOW: 0 1.00 INCH OR MORE: 0
[HDD (BASE 65) ]
TOTAL THIS MO. 0 CLEAR (SCALE 0-3) 8
DPTR FM NORMAL 0 PTCLDY (SCALE 4-7) 22
TOTAL FM JUL 1 0 CLOUDY (SCALE 8-10) 1
DPTR FM NORMAL 0
[CDD (BASE 65) ]
TOTAL THIS MO. 254
DPTR FM NORMAL 21 [PRESSURE DATA]
TOTAL FM JAN 1 689 HIGHEST SLP 30.23 ON 1
DPTR FM NORMAL 65 LOWEST SLP 29.75 ON 8
[REMARKS]
#FINAL-03-23#