000
CXHW52 PHFO 011250
CF6MKK
PRELIMINARY LOCAL CLIMATOLOGICAL DATA (WS FORM: F-6)
STATION: MOLOKAI HI
MONTH: JANUARY
YEAR: 2024
LATITUDE: 21 8 N
LONGITUDE: 157 6 W
TEMPERATURE IN F: :PCPN: SNOW: WIND :SUNSHINE: SKY :PK WND
================================================================================
1 2 3 4 5 6A 6B 7 8 9 10 11 12 13 14 15 16 17 18
12Z AVG MX 2MIN
DY MAX MIN AVG DEP HDD CDD WTR SNW DPTH SPD SPD DIR MIN PSBL S-S WX SPD DR
================================================================================
1 79 63 71 -1 0 6 0.01 M M 9.7 21 30 M M 2 31 40
2 82 65 74 2 0 9 0.00 M M 6.8 17 150 M M 1 20 60
3 83 62 73 1 0 8 0.00 M M 6.2 21 110 M M 2 33 150
4 81 62 72 0 0 7 0.00 M M 4.6 16 180 M M 3 20 180
5 82 59 71 -1 0 6 0.00 M M 4.8 15 180 M M 1 19 180
6 82 60 71 -1 0 6 0.00 M M 4.6 16 150 M M 1 23 130
7 82 61 72 0 0 7 0.00 M M 9.5 21 170 M M 2 26 170
8 80 70 75 3 0 10 1.71 M M 18.3 30 170 M M 8 1 36 160
9 79 70 75 3 0 10 0.69 M M 12.1 29 170 M M 8 37 160
10 79 64 72 0 0 7 T M M 6.4 17 190 M M 4 23 200
11 78 61 70 -2 0 5 0.35 M M 10.4 22 220 M M 5 1 31 210
12 75 60 68 -4 0 3 0.07 M M 14.5 24 310 M M 6 32 330
13 75 64 70 -2 0 5 0.01 M M 11.3 20 330 M M 6 24 310
14 79 55 67 -5 0 2 0.00 M M 3.4 13 330 M M 1 17 340
15 77 55 66 -5 0 1 0.00 M M 9.3 22 170 M M 2 28 170
16 76 70 73 2 0 8 0.14 M M 15.8 28 170 M M 8 35 170
17 81 66 74 3 0 9 0.02 M M 6.9 20 180 M M 4 24 170
18 80 60 70 -1 0 5 0.00 M M 4.2 13 150 M M 2 18 140
19 80 58 69 -2 0 4 0.00 M M 7.0 17 150 M M 0 20 160
20 81 66 74 3 0 9 0.00 M M 6.5 15 160 M M 5 19 170
21 78 68 73 2 0 8 0.01 M M 5.2 15 170 M M 9 19 170
22 82 68 75 4 0 10 T M M 11.1 22 160 M M 4 28 140
23 81 70 76 5 0 11 0.00 M M 12.4 21 150 M M 5 27 140
24 76 68 72 1 0 7 T M M 17.5 25 160 M M 7 32 150
25 79 70 75 4 0 10 0.14 M M 7.4 16 160 M M 7 1 23 170
26 79 66 73 2 0 8 0.25 M M 6.0 20 180 M M 8 23 180
27 78 70 74 3 0 9 0.04 M M 12.5 23 180 M M 10 30 160
28 80 74 77 6 0 12 0.00 M M 15.8 26 170 M M 9 32 190
29 80 71 76 5 0 11 0.41 M M 15.1 28 170 M M 9 1 33 180
30 77 66 72 0 0 7 0.18 M M 7.0 14 310 M M 8 1 18 320
31 84 61 73 1 0 8 0.00 M M 5.0 15 320 M M 2 19 320
================================================================================
SM 2465 2003 0 228 4.03 M 287.3 M 149
================================================================================
AV 79.5 64.6 9.3 FASTST M M 5 MAX(MPH)
MISC ----> 30 170 37 160
================================================================================
NOTES:
# LAST OF SEVERAL OCCURRENCES
COLUMN 17 PEAK WIND IN M.P.H.
PRELIMINARY LOCAL CLIMATOLOGICAL DATA (WS FORM: F-6) , PAGE 2
STATION: MOLOKAI HI
MONTH: JANUARY
YEAR: 2024
LATITUDE: 21 8 N
LONGITUDE: 157 6 W
[TEMPERATURE DATA] [PRECIPITATION DATA] SYMBOLS USED IN COLUMN 16
AVERAGE MONTHLY: 72.1 TOTAL FOR MONTH: 4.03 1 = FOG OR MIST
DPTR FM NORMAL: 0.5 DPTR FM NORMAL: 0.47 2 = FOG REDUCING VISIBILITY
HIGHEST: 84 ON 31 GRTST 24HR 1.71 ON 8- 8 TO 1/4 MILE OR LESS
LOWEST: 55 ON 15,14 3 = THUNDER
SNOW, ICE PELLETS, HAIL 4 = ICE PELLETS
TOTAL MONTH: M 5 = HAIL
GRTST 24HR M ON M 6 = FREEZING RAIN OR DRIZZLE
GRTST DEPTH: M ON M 7 = DUSTSTORM OR SANDSTORM:
VSBY 1/2 MILE OR LESS
8 = SMOKE OR HAZE
[NO. OF DAYS WITH] [WEATHER - DAYS WITH] 9 = BLOWING SNOW
X = TORNADO
MAX 32 OR BELOW: 0 0.01 INCH OR MORE: 14
MAX 90 OR ABOVE: 0 0.10 INCH OR MORE: 8
MIN 32 OR BELOW: 0 0.50 INCH OR MORE: 2
MIN 0 OR BELOW: 0 1.00 INCH OR MORE: 1
[HDD (BASE 65) ]
TOTAL THIS MO. 0 CLEAR (SCALE 0-3) 11
DPTR FM NORMAL 0 PTCLDY (SCALE 4-7) 14
TOTAL FM JUL 1 0 CLOUDY (SCALE 8-10) 6
DPTR FM NORMAL 0
[CDD (BASE 65) ]
TOTAL THIS MO. 228
DPTR FM NORMAL 25 [PRESSURE DATA]
TOTAL FM JAN 1 228 HIGHEST SLP 30.22 ON 2
DPTR FM NORMAL 25 LOWEST SLP 29.70 ON 16
[REMARKS]
#FINAL-01-24#