000
CXUS54 KTSA 010850
CF6MKO
PRELIMINARY LOCAL CLIMATOLOGICAL DATA (WS FORM: F-6)
STATION: MUSKOGEE OKLAHOMA
MONTH: MARCH
YEAR: 2023
LATITUDE: 35 40 N
LONGITUDE: 95 22 W
TEMPERATURE IN F: :PCPN: SNOW: WIND :SUNSHINE: SKY :PK WND
================================================================================
1 2 3 4 5 6A 6B 7 8 9 10 11 12 13 14 15 16 17 18
12Z AVG MX 2MIN
DY MAX MIN AVG DEP HDD CDD WTR SNW DPTH SPD SPD DIR MIN PSBL S-S WX SPD DR
================================================================================
1 65 48 57 10 8 0 0.00 0.0 M 9.8 21 360 M M 0 27 360
2 69 43 56 8 9 0 0.84 0.0 M 10.1 22 350 M M 7 13 29 40
3 54 39 47 -1 18 0 0.32 0.0 M 10.7 23 360 M M 7 1 31 320
4 65 38 52 4 13 0 0.00 0.0 M 7.4 13 160 M M 0 1 18 140
5 76 49 63 14 2 0 0.00 0.0 M 11.5 23 180 M M 0 38 180
6 74 56 65 16 0 0 0.00 0.0 M 8.8 18 190 M M 0 26 200
7 72 50 61 12 4 0 0.60 0.0 M 10.4 20 310 M M 4 13 26 120
8 56 51 54 4 11 0 0.61 0.0 M 5.5 15 130 M M 10 1 22 120
9 54 46 50 0 15 0 0.33 0.0 M 8.4 20 360 M M 9 13 25 360
10 57 38 48 -2 17 0 0.00 0.0 M 7.3 15 360 M M 0 20 360
11 59 45 52 1 13 0 T 0.0 M 13.5 26 350 M M 10 33 340
12 51 40 46 -5 19 0 0.00 0.0 M 13.0 24 10 M M 6 8 33 10
13 47 32 40 -11 25 0 0.00 0.0 M 9.7 17 10 M M 4 25 10
14 54 32 43 -9 22 0 0.00 0.0 M 6.6 13 110 M M 3 17 130
15 65 37 51 -1 14 0 0.00 0.0 M 12.7 23 140 M M 2 8 34 170
16 63 39 51 -1 14 0 0.61 0.0 M 16.0 29 340 M M 10 13 40 320
17 50 32 41 -12 24 0 0.00 0.0 M 12.1 28 340 M M 1 38 340
18 45 29 37 -16 28 0 0.00 0.0 M 12.9 24 350 M M 0 35 340
19 46 24 35 -18 30 0 0.00 0.0 M 5.3 12 360 M M 0 15 350
20 59 28 44 -10 21 0 T 0.0 M 11.3 25 200 M M 4 39 200
21 52 43 48 -6 17 0 0.29 0.0 M 11.3 17 170 M M 10 18 26 170
22 81 52 67 13 0 2 0.00 0.0 M 13.6 26 200 M M 7 1 41 200
23 74 49 62 8 3 0 0.37 0.0 M 11.7 28 360 M M 8 13 37 10
24 53 45 49 -6 16 0 0.91 0.0 M 8.6 20 280 M M 9 13 25 270
25 64 37 51 -4 14 0 0.00 0.0 M 3.1 15 300 M M 3 128 20 290
26 65 42 54 -1 11 0 0.00 0.0 M 13.1 24 350 M M 1 33 350
27 65 36 51 -5 14 0 0.00 0.0 M 9.1 20 350 M M 0 24 20
28 56 39 48 -8 17 0 0.00 0.0 M 11.4 23 360 M M 1 31 350
29 69 33 51 -5 14 0 0.00 0.0 M 6.9 15 200 M M 2 1 23 180
30 70 54 62 6 3 0 0.23 0.0 M 12.3 22 140 M M 10 13 32 150
31 81 60 71 14 0 6 T 0.0 M 14.5 41 250 M M 4 58 260
================================================================================
SM 1911 1286 416 8 5.11 0.0 318.6 M 132
================================================================================
AV 61.6 41.5 10.3 FASTST M M 4 MAX(MPH)
MISC ----> 41 250 58 260
================================================================================
NOTES:
# LAST OF SEVERAL OCCURRENCES
COLUMN 17 PEAK WIND IN M.P.H.
PRELIMINARY LOCAL CLIMATOLOGICAL DATA (WS FORM: F-6) , PAGE 2
STATION: MUSKOGEE OKLAHOMA
MONTH: MARCH
YEAR: 2023
LATITUDE: 35 40 N
LONGITUDE: 95 22 W
[TEMPERATURE DATA] [PRECIPITATION DATA] SYMBOLS USED IN COLUMN 16
AVERAGE MONTHLY: 51.6 TOTAL FOR MONTH: 5.11 1 = FOG OR MIST
DPTR FM NORMAL: -0.5 DPTR FM NORMAL: 1.75 2 = FOG REDUCING VISIBILITY
HIGHEST: 81 ON 31,22 GRTST 24HR 1.28 ON 23-24 TO 1/4 MILE OR LESS
LOWEST: 24 ON 19 3 = THUNDER
SNOW, ICE PELLETS, HAIL 4 = ICE PELLETS
TOTAL MONTH: 0.0 INCH 5 = HAIL
GRTST 24HR 0.0 6 = FREEZING RAIN OR DRIZZLE
GRTST DEPTH: M ON M 7 = DUSTSTORM OR SANDSTORM:
VSBY 1/2 MILE OR LESS
8 = SMOKE OR HAZE
[NO. OF DAYS WITH] [WEATHER - DAYS WITH] 9 = BLOWING SNOW
X = TORNADO
MAX 32 OR BELOW: 0 0.01 INCH OR MORE: 10
MAX 90 OR ABOVE: 0 0.10 INCH OR MORE: 10
MIN 32 OR BELOW: 6 0.50 INCH OR MORE: 5
MIN 0 OR BELOW: 0 1.00 INCH OR MORE: 0
[HDD (BASE 65) ]
TOTAL THIS MO. 416 CLEAR (SCALE 0-3) 15
DPTR FM NORMAL 6 PTCLDY (SCALE 4-7) 9
TOTAL FM JUL 1 2912 CLOUDY (SCALE 8-10) 7
DPTR FM NORMAL -276
[CDD (BASE 65) ]
TOTAL THIS MO. 8
DPTR FM NORMAL -4 [PRESSURE DATA]
TOTAL FM JAN 1 8 HIGHEST SLP 30.62 ON 19
DPTR FM NORMAL -6 LOWEST SLP 29.38 ON 3
[REMARKS]
#FINAL-03-23#