000
CXUS54 KTSA 011318
CF6MKO
PRELIMINARY LOCAL CLIMATOLOGICAL DATA (WS FORM: F-6)
STATION: MUSKOGEE OKLAHOMA
MONTH: JANUARY
YEAR: 2023
LATITUDE: 35 40 N
LONGITUDE: 95 22 W
TEMPERATURE IN F: :PCPN: SNOW: WIND :SUNSHINE: SKY :PK WND
================================================================================
1 2 3 4 5 6A 6B 7 8 9 10 11 12 13 14 15 16 17 18
12Z AVG MX 2MIN
DY MAX MIN AVG DEP HDD CDD WTR SNW DPTH SPD SPD DIR MIN PSBL S-S WX SPD DR
================================================================================
1 74 44 59 20 6 0 0.00 0.0 M 7.6 16 180 M M 0 1 24 210
2 74 56 65 26 0 0 0.92 0.0 M 9.2 21 270 M M 7 138 30 110
3 63 37 50 11 15 0 0.00 0.0 M 7.7 17 250 M M 1 1 22 290
4 51 32 42 3 23 0 0.00 0.0 M 6.9 15 270 M M 0 19 270
5 55 31 43 4 22 0 0.00 0.0 M 7.1 18 290 M M 0 24 290
6 62 30 46 8 19 0 0.00 0.0 M 9.4 18 140 M M 1 26 140
7 58 34 46 8 19 0 0.00 0.0 M 8.4 16 350 M M 2 1 21 340
8 54 28 41 3 24 0 0.00 0.0 M 4.6 9 330 M M 0 18 13 280
9 65 31 48 10 17 0 0.00 0.0 M 9.1 21 170 M M 0 30 160
10 70 32 51 13 14 0 0.00 0.0 M 6.9 17 210 M M 0 24 210
11 70 39 55 17 10 0 T 0.0 M 6.6 16 200 M M 1 123 22 200
12 59 28 44 6 21 0 T 0.0 M 14.8 33 340 M M 6 47 340
13 38 24 31 -7 34 0 0.00 0.0 M 7.0 15 350 M M 1 18 23 350
14 51 22 37 -1 28 0 0.00 0.0 M 9.4 16 130 M M 0 1 22 130
15 62 39 51 13 14 0 0.00 0.0 M 15.0 25 150 M M 2 38 170
16 72 43 58 19 7 0 T 0.0 M 12.9 28 230 M M 1 38 220
17 67 35 51 12 14 0 0.00 0.0 M 4.0 13 140 M M 0 17 140
18 63 45 54 15 11 0 1.01 0.0 M 9.3 28 280 M M 5 13 38 280
19 49 31 40 1 25 0 0.00 0.0 M 10.0 24 290 M M 0 35 310
20 56 28 42 3 23 0 0.00 0.0 M 3.2 8 20 M M 0 11 360
21 47 34 41 2 24 0 0.01 0.0 M 6.7 17 130 M M 10 24 130
22 43 31 37 -2 28 0 T M M 8.8 16 310 M M 9 21 310
23 49 24 37 -2 28 0 0.00 0.0 M 2.1 9 330 M M 1 12 14 290
24 40 29 35 -4 30 0 0.74 M M 7.1 17 30 M M 8 1 22 30
25 40 31 36 -3 29 0 T M M 9.7 20 330 M M 8 1 27 340
26 47 23 35 -4 30 0 0.00 0.0 M 6.0 14 320 M M 1 18 19 190
27 58 36 47 8 18 0 T M M 12.3 26 240 M M 0 36 230
28 59 40 50 10 15 0 T M M 10.8 25 200 M M 5 37 200
29 52 24 38 -2 27 0 T 0.0 M 15.0 24 360 M M 10 16 31 360
30 24 20 22 -18 43 0 0.06 M M 14.6 21 360 M M 10 1 29 10
31 24 21 23 -17 42 0 0.07 M M 11.0 20 10 M M 9 18 23 360
================================================================================
SM 1696 1002 660 0 2.81 0.0 273.2 M 98
================================================================================
AV 54.7 32.3 8.8 FASTST M M 3 MAX(MPH)
MISC ----> 33 340 47 340
================================================================================
NOTES:
# LAST OF SEVERAL OCCURRENCES
COLUMN 17 PEAK WIND IN M.P.H.
PRELIMINARY LOCAL CLIMATOLOGICAL DATA (WS FORM: F-6) , PAGE 2
STATION: MUSKOGEE OKLAHOMA
MONTH: JANUARY
YEAR: 2023
LATITUDE: 35 40 N
LONGITUDE: 95 22 W
[TEMPERATURE DATA] [PRECIPITATION DATA] SYMBOLS USED IN COLUMN 16
AVERAGE MONTHLY: 43.5 TOTAL FOR MONTH: 2.81 1 = FOG OR MIST
DPTR FM NORMAL: 4.7 DPTR FM NORMAL: 0.48 2 = FOG REDUCING VISIBILITY
HIGHEST: 74 ON 2, 1 GRTST 24HR 1.01 ON 18-18 TO 1/4 MILE OR LESS
LOWEST: 20 ON 30 3 = THUNDER
SNOW, ICE PELLETS, HAIL 4 = ICE PELLETS
TOTAL MONTH: 0.0 INCH 5 = HAIL
GRTST 24HR 0.0 6 = FREEZING RAIN OR DRIZZLE
GRTST DEPTH: M ON M 7 = DUSTSTORM OR SANDSTORM:
VSBY 1/2 MILE OR LESS
8 = SMOKE OR HAZE
[NO. OF DAYS WITH] [WEATHER - DAYS WITH] 9 = BLOWING SNOW
X = TORNADO
MAX 32 OR BELOW: 2 0.01 INCH OR MORE: 6
MAX 90 OR ABOVE: 0 0.10 INCH OR MORE: 3
MIN 32 OR BELOW: 19 0.50 INCH OR MORE: 3
MIN 0 OR BELOW: 0 1.00 INCH OR MORE: 1
[HDD (BASE 65) ]
TOTAL THIS MO. 660 CLEAR (SCALE 0-3) 20
DPTR FM NORMAL -151 PTCLDY (SCALE 4-7) 6
TOTAL FM JUL 1 1985 CLOUDY (SCALE 8-10) 5
DPTR FM NORMAL -177
[CDD (BASE 65) ]
TOTAL THIS MO. 0
DPTR FM NORMAL 0 [PRESSURE DATA]
TOTAL FM JAN 1 0 HIGHEST SLP 30.51 ON 13
DPTR FM NORMAL 0 LOWEST SLP 29.57 ON 2
[REMARKS]
#FINAL-01-23#